{"id":914,"date":"2015-01-05T17:43:49","date_gmt":"2015-01-05T17:43:49","guid":{"rendered":"http:\/\/magdaumer.pl\/home\/?page_id=914"},"modified":"2016-02-27T00:37:49","modified_gmt":"2016-02-27T00:37:49","slug":"jezeli-milosc-jest","status":"publish","type":"page","link":"https:\/\/magdaumer.pl\/home\/spiewnik\/jezeli-milosc-jest\/","title":{"rendered":"Je\u017celi mi\u0142o\u015b\u0107 jest"},"content":{"rendered":"<p><span style=\"font-family: verdana, geneva, sans-serif;\"><b><span style=\"color: #000080; font-size: 14pt;\">Je\u017celi mi\u0142o\u015b\u0107 jest<\/span><br \/> <span style=\"color: #6699ff; font-size: small;\">(s\u0142. A. Osiecka muz. J. Bogacki)<\/span><span style=\"color: #3399ff; font-size: small;\"><br \/> <\/span><br \/> <span style=\"color: #666666;\"><br \/> <\/span><\/b><span style=\"color: #333333;\">Na nasz\u0105 s\u0142abo\u015b\u0107 i bied\u0119<br \/> niemot\u0119 serc i dusz<br \/> Na to, \u017ce nas nie zabior\u0105<br \/> do lepszych g\u00f3r i m\u00f3rz<br \/> Na czarnych my\u015bli t\u0142ok<br \/> na oczy pe\u0142ne \u0142ez<br \/> lekarstwem mi\u0142o\u015b\u0107 bywa<br \/> Je\u017celi mi\u0142o\u015b\u0107 jest\u2026<br \/> je\u017celi jest mo\u017cliwa<\/span><\/span><\/p>\n<p><span style=\"color: #333333; font-family: verdana, geneva, sans-serif;\">Na ludzk\u0105 pod\u0142o\u015b\u0107 i ma\u0142o\u015b\u0107<\/span><br \/><span style=\"color: #333333; font-family: verdana, geneva, sans-serif;\"> na osch\u0142y bo\u017cy ch\u0142\u00f3d<\/span><br \/><span style=\"color: #333333; font-family: verdana, geneva, sans-serif;\"> Na to, \u017ce nic si\u0119 nie sta\u0142o<\/span><br \/><span style=\"color: #333333; font-family: verdana, geneva, sans-serif;\"> a zdarzy\u0107 mia\u0142 si\u0119 cud<\/span><br \/><span style=\"color: #333333; font-family: verdana, geneva, sans-serif;\"> Na szary mysi strach<\/span><br \/><span style=\"color: #333333; font-family: verdana, geneva, sans-serif;\"> bli\u017aniego wrogi gest<\/span><br \/><span style=\"color: #333333; font-family: verdana, geneva, sans-serif;\"> lekarstwem mi\u0142o\u015b\u0107 bywa<\/span><br \/><span style=\"color: #333333; font-family: verdana, geneva, sans-serif;\"> Je\u017celi mi\u0142o\u015b\u0107 jest\u2026<\/span><br \/><span style=\"color: #333333; font-family: verdana, geneva, sans-serif;\"> je\u017celi jest mo\u017cliwa<\/span><\/p>\n<p><span style=\"color: #333333; font-family: verdana, geneva, sans-serif;\">Tu kuk\u0142y lud\u017ami si\u0119 bawi\u0105<\/span><br \/><span style=\"color: #333333; font-family: verdana, geneva, sans-serif;\"> tu igra z nami czas<\/span><br \/><span style=\"color: #333333; font-family: verdana, geneva, sans-serif;\"> Tu wielkie m\u0142yny nas trawi\u0105<\/span><br \/><span style=\"color: #333333; font-family: verdana, geneva, sans-serif;\"> i py\u0142 zostaje z nas<\/span><br \/><span style=\"color: #333333; font-family: verdana, geneva, sans-serif;\"> Na to, \u017ce z py\u0142u py\u0142<\/span><br \/><span style=\"color: #333333; font-family: verdana, geneva, sans-serif;\"> i za pocz\u0105tkiem kres<\/span><br \/><span style=\"color: #333333; font-family: verdana, geneva, sans-serif;\"> ratunkiem mi\u0142o\u015b\u0107 bywa<\/span><br \/><span style=\"color: #333333; font-family: verdana, geneva, sans-serif;\"> Je\u017celi mi\u0142o\u015b\u0107 jest\u2026<\/span><br \/><span style=\"color: #333333; font-family: verdana, geneva, sans-serif;\"> Je\u017celi jest mo\u017cliwa\u2026<\/span><\/p>\n<p><span style=\"color: #333333; font-family: verdana, geneva, sans-serif;\">Na kraj\u00f3w n\u0119dz\u0119 i smutek<\/span><br \/><span style=\"color: #333333; font-family: verdana, geneva, sans-serif;\"> na okaza\u0142o\u015b\u0107 pa\u0144stw<\/span><br \/><span style=\"color: #333333; font-family: verdana, geneva, sans-serif;\"> policj\u0119, k\u0142amstwo i nud\u0119<\/span><br \/><span style=\"color: #333333; font-family: verdana, geneva, sans-serif;\"> pot\u0119g\u0119 ma\u0142ych dra\u0144stw<\/span><br \/><span style=\"color: #333333; font-family: verdana, geneva, sans-serif;\"> Na nocny serca b\u00f3l<\/span><br \/><span style=\"color: #333333; font-family: verdana, geneva, sans-serif;\"> \u017ce cz\u0142owiek \u017cy\u0142 jak pies<\/span><br \/><span style=\"color: #333333; font-family: verdana, geneva, sans-serif;\"> ratunkiem mi\u0142o\u015b\u0107 bywa<\/span><br \/><span style=\"color: #333333; font-family: verdana, geneva, sans-serif;\"> Je\u017celi mi\u0142o\u015b\u0107 jest\u2026<\/span><br \/><span style=\"color: #333333; font-family: verdana, geneva, sans-serif;\"> je\u017celi mi\u0142o\u015b\u0107 jest&#8230;<\/span><\/p>\n<p>&nbsp;<\/p>\n<audio class=\"wp-audio-shortcode\" id=\"audio-914-1\" preload=\"none\" style=\"width: 100%;\" controls=\"controls\"><source type=\"audio\/mpeg\" src=\"http:\/\/magdaumer.pl\/home\/wp-content\/uploads\/2014\/12\/jezelimiloscjest.mp3?_=1\" \/><a href=\"http:\/\/magdaumer.pl\/home\/wp-content\/uploads\/2014\/12\/jezelimiloscjest.mp3\">http:\/\/magdaumer.pl\/home\/wp-content\/uploads\/2014\/12\/jezelimiloscjest.mp3<\/a><\/audio>\n","protected":false},"excerpt":{"rendered":"<p>Je\u017celi mi\u0142o\u015b\u0107 jest (s\u0142. A. Osiecka muz. J. Bogacki) Na nasz\u0105 s\u0142abo\u015b\u0107 i bied\u0119 niemot\u0119 serc i dusz Na to, \u017ce nas nie zabior\u0105 do lepszych g\u00f3r i m\u00f3rz Na czarnych my\u015bli t\u0142ok na oczy pe\u0142ne \u0142ez lekarstwem mi\u0142o\u015b\u0107 bywa Je\u017celi mi\u0142o\u015b\u0107 jest\u2026 je\u017celi jest mo\u017cliwa Na ludzk\u0105 pod\u0142o\u015b\u0107 i ma\u0142o\u015b\u0107 na osch\u0142y bo\u017cy ch\u0142\u00f3d &hellip; <a href=\"https:\/\/magdaumer.pl\/home\/spiewnik\/jezeli-milosc-jest\/\" class=\"more-link\">Czytaj dalej <span class=\"screen-reader-text\">Je\u017celi mi\u0142o\u015b\u0107 jest<\/span> <span class=\"meta-nav\">&rarr;<\/span><\/a><\/p>\n","protected":false},"author":1,"featured_media":0,"parent":29,"menu_order":41,"comment_status":"closed","ping_status":"closed","template":"","meta":{"footnotes":""},"class_list":["post-914","page","type-page","status-publish","hentry"],"_links":{"self":[{"href":"https:\/\/magdaumer.pl\/home\/wp-json\/wp\/v2\/pages\/914","targetHints":{"allow":["GET"]}}],"collection":[{"href":"https:\/\/magdaumer.pl\/home\/wp-json\/wp\/v2\/pages"}],"about":[{"href":"https:\/\/magdaumer.pl\/home\/wp-json\/wp\/v2\/types\/page"}],"author":[{"embeddable":true,"href":"https:\/\/magdaumer.pl\/home\/wp-json\/wp\/v2\/users\/1"}],"replies":[{"embeddable":true,"href":"https:\/\/magdaumer.pl\/home\/wp-json\/wp\/v2\/comments?post=914"}],"version-history":[{"count":3,"href":"https:\/\/magdaumer.pl\/home\/wp-json\/wp\/v2\/pages\/914\/revisions"}],"predecessor-version":[{"id":1907,"href":"https:\/\/magdaumer.pl\/home\/wp-json\/wp\/v2\/pages\/914\/revisions\/1907"}],"up":[{"embeddable":true,"href":"https:\/\/magdaumer.pl\/home\/wp-json\/wp\/v2\/pages\/29"}],"wp:attachment":[{"href":"https:\/\/magdaumer.pl\/home\/wp-json\/wp\/v2\/media?parent=914"}],"curies":[{"name":"wp","href":"https:\/\/api.w.org\/{rel}","templated":true}]}}