{"id":904,"date":"2015-01-05T17:41:17","date_gmt":"2015-01-05T17:41:17","guid":{"rendered":"http:\/\/magdaumer.pl\/home\/?page_id=904"},"modified":"2019-02-10T16:48:50","modified_gmt":"2019-02-10T16:48:50","slug":"jesienne-liscie","status":"publish","type":"page","link":"https:\/\/magdaumer.pl\/home\/spiewnik\/jesienne-liscie\/","title":{"rendered":"Martwe li\u015bcie"},"content":{"rendered":"<p><span style=\"font-family: verdana, geneva, sans-serif;\"><b><span style=\"font-size: 14pt;\"><span style=\"color: #000080;\">Martwe<\/span><span style=\"color: #000080;\">\u00a0li\u015bcie<\/span><\/span><br \/>\n<span style=\"color: #6699ff; font-size: small;\">(s\u0142. J. Przybora, muz. J. Kosma i J. Prevet)<\/span><span style=\"color: #3399ff; font-size: small;\"><br \/>\n<\/span><br \/>\n<span style=\"color: #666666;\"><br \/>\n<\/span><\/b><span style=\"color: #333333;\">Wiesz, by\u0142am tam i widzia\u0142am ten dom<br \/>\nNasz\u0105 uliczk\u0119 i drzewa we mgle<br \/>\nKszta\u0142ty wydarte marzeniom i snom<br \/>\nZ marze\u0144 odarte, zastyg\u0142e w z\u0142ym \u015bnie<br \/>\nLi\u015bcie jesienne jesienny gna\u0142 wiatr<br \/>\nLi\u015bciem mi przylgn\u0105\u0142 do ust<br \/>\nTym poca\u0142unkiem jesieni z mych warg<br \/>\nWzi\u0105\u0142 moj\u0105 gorycz i ni\u00f3s\u0142<br \/>\nWspominania jak li\u015bcie unosi\u0142<br \/>\nW mrok, zapomnienie i ch\u0142\u00f3d<br \/>\nM\u00f3j Bo\u017ce\u2026 Zn\u00f3w s\u0142ysze\u0107 jak prosisz<br \/>\n\u201eZa\u015bpiewaj, za\u015bpiewaj mi zn\u00f3w\u2026\u201d<\/span><\/span><\/p>\n<p><span style=\"color: #333333; font-family: verdana, geneva, sans-serif;\">To tak, jak my<\/span><br \/>\n<span style=\"color: #333333; font-family: verdana, geneva, sans-serif;\"> To tak, jak oni<\/span><br \/>\n<span style=\"color: #333333; font-family: verdana, geneva, sans-serif;\"> Z tych samych s\u0142\u00f3w<\/span><br \/>\n<span style=\"color: #333333; font-family: verdana, geneva, sans-serif;\"> Z tych samych \u0142ez<\/span><br \/>\n<span style=\"color: #333333; font-family: verdana, geneva, sans-serif;\"> Kto\u015b \u015bmia\u0142 si\u0119 z kim\u015b<\/span><br \/>\n<span style=\"color: #333333; font-family: verdana, geneva, sans-serif;\"> I p\u0142aka\u0142 po nim<\/span><br \/>\n<span style=\"color: #333333; font-family: verdana, geneva, sans-serif;\"> I o tym ta piosenka jest<\/span><\/p>\n<p><span style=\"color: #333333; font-family: verdana, geneva, sans-serif;\">Bezszelestny los, gdy znu\u017cony<\/span><br \/>\n<span style=\"color: #333333; font-family: verdana, geneva, sans-serif;\"> Znienacka tnie, jak zimna stal<\/span><br \/>\n<span style=\"color: #333333; font-family: verdana, geneva, sans-serif;\"> \u015alady st\u00f3p kochank\u00f3w roz\u0142\u0105czonych<\/span><br \/>\n<span style=\"color: #333333; font-family: verdana, geneva, sans-serif;\"> Co dzie\u0144 \u015bciera z pla\u017c praca fal<\/span><\/p>\n<audio class=\"wp-audio-shortcode\" id=\"audio-904-1\" preload=\"none\" style=\"width: 100%;\" controls=\"controls\"><source type=\"audio\/mpeg\" src=\"http:\/\/magdaumer.pl\/home\/wp-content\/uploads\/2014\/12\/jesienneliscie.mp3?_=1\" \/><a href=\"http:\/\/magdaumer.pl\/home\/wp-content\/uploads\/2014\/12\/jesienneliscie.mp3\">http:\/\/magdaumer.pl\/home\/wp-content\/uploads\/2014\/12\/jesienneliscie.mp3<\/a><\/audio>\n","protected":false},"excerpt":{"rendered":"<p>Martwe\u00a0li\u015bcie (s\u0142. J. Przybora, muz. J. Kosma i J. Prevet) Wiesz, by\u0142am tam i widzia\u0142am ten dom Nasz\u0105 uliczk\u0119 i drzewa we mgle Kszta\u0142ty wydarte marzeniom i snom Z marze\u0144 odarte, zastyg\u0142e w z\u0142ym \u015bnie Li\u015bcie jesienne jesienny gna\u0142 wiatr Li\u015bciem mi przylgn\u0105\u0142 do ust Tym poca\u0142unkiem jesieni z mych warg Wzi\u0105\u0142 moj\u0105 gorycz i &hellip; <a href=\"https:\/\/magdaumer.pl\/home\/spiewnik\/jesienne-liscie\/\" class=\"more-link\">Czytaj dalej <span class=\"screen-reader-text\">Martwe li\u015bcie<\/span> <span class=\"meta-nav\">&rarr;<\/span><\/a><\/p>\n","protected":false},"author":1,"featured_media":0,"parent":29,"menu_order":36,"comment_status":"closed","ping_status":"closed","template":"","meta":{"footnotes":""},"class_list":["post-904","page","type-page","status-publish","hentry"],"_links":{"self":[{"href":"https:\/\/magdaumer.pl\/home\/wp-json\/wp\/v2\/pages\/904","targetHints":{"allow":["GET"]}}],"collection":[{"href":"https:\/\/magdaumer.pl\/home\/wp-json\/wp\/v2\/pages"}],"about":[{"href":"https:\/\/magdaumer.pl\/home\/wp-json\/wp\/v2\/types\/page"}],"author":[{"embeddable":true,"href":"https:\/\/magdaumer.pl\/home\/wp-json\/wp\/v2\/users\/1"}],"replies":[{"embeddable":true,"href":"https:\/\/magdaumer.pl\/home\/wp-json\/wp\/v2\/comments?post=904"}],"version-history":[{"count":4,"href":"https:\/\/magdaumer.pl\/home\/wp-json\/wp\/v2\/pages\/904\/revisions"}],"predecessor-version":[{"id":2672,"href":"https:\/\/magdaumer.pl\/home\/wp-json\/wp\/v2\/pages\/904\/revisions\/2672"}],"up":[{"embeddable":true,"href":"https:\/\/magdaumer.pl\/home\/wp-json\/wp\/v2\/pages\/29"}],"wp:attachment":[{"href":"https:\/\/magdaumer.pl\/home\/wp-json\/wp\/v2\/media?parent=904"}],"curies":[{"name":"wp","href":"https:\/\/api.w.org\/{rel}","templated":true}]}}