{"id":758,"date":"2014-12-18T10:44:12","date_gmt":"2014-12-18T10:44:12","guid":{"rendered":"http:\/\/magdaumer.pl\/home\/?page_id=758"},"modified":"2016-02-27T00:00:36","modified_gmt":"2016-02-27T00:00:36","slug":"dab","status":"publish","type":"page","link":"https:\/\/magdaumer.pl\/home\/spiewnik\/dab\/","title":{"rendered":"D\u0105b"},"content":{"rendered":"<p><b><span style=\"font-family: Arial;\"><span style=\"color: #000080; font-family: verdana, geneva, sans-serif; font-size: 14pt;\">D\u0105b<\/span><br \/><span style=\"font-family: verdana, geneva, sans-serif;\"> <span style=\"color: #6699ff; font-size: small;\">(s\u0142. B. Le\u015bmian, muz. W. Trzci\u0144ski)<\/span><span style=\"color: #3399ff; font-size: small;\"><br \/> <\/span><\/span><br \/><span style=\"color: #666666; font-family: verdana, geneva, sans-serif;\"> <br \/> <\/span><\/span><\/b><span style=\"color: #333333; font-family: verdana, geneva, sans-serif;\">Zaszumia\u0142o, zawrza\u0142o, a to w\u0142a\u015bnie z d\u0105browy<br \/> Wbieg\u0142 na ch\u00f3ry ko\u015bcielne krzepki upi\u00f3r d\u0119bowy<br \/> I poburzy\u0142 organy r\u0105k swych zmor\u0105 nie zmor\u0105<br \/> Jakby naraz go by\u0142o wesp\u00f3\u0142 z g\u0119d\u017ab\u0105 kilkoro<br \/> Rozwiewa\u0142a si\u0119, trzeszcz\u0105c ga\u0142\u0119zista czupryna<br \/> I szerzy\u0142a si\u0119 w oczach niewiadoma kraina<br \/> A on piersi wszem dudom nastawi\u0142 po rycersku<br \/> I w organy od \u015bciany uderza\u0142 po siekiersku!<\/span><\/p>\n<p><span style=\"color: #333333; font-family: verdana, geneva, sans-serif;\">Graj\u017ce, graju, graj<\/span><br \/><span style=\"color: #333333; font-family: verdana, geneva, sans-serif;\"> Dopom\u00f3\u017c ci maj<\/span><br \/><span style=\"color: #333333; font-family: verdana, geneva, sans-serif;\"> Dopom\u00f3\u017c ci miech, duda<\/span><br \/><span style=\"color: #333333; font-family: verdana, geneva, sans-serif;\"> Wszelaka u\u0142uda!<\/span><\/p>\n<p><span style=\"color: #333333; font-family: verdana, geneva, sans-serif;\">Bi\u0142 prawic\u0105 na lewo, a lewic\u0105 za prawo<\/span><br \/><span style=\"color: #333333; font-family: verdana, geneva, sans-serif;\"> Pokrzy\u017cowa\u0142 ryk z j\u0119kiem, a lamenty ze wrzaw\u0105<\/span><br \/><span style=\"color: #333333; font-family: verdana, geneva, sans-serif;\"> A\u017c z tej dudy &#8211; marudy doby\u0142 d\u0142oni\u0105 s\u0119kat\u0105<\/span><br \/><span style=\"color: #333333; font-family: verdana, geneva, sans-serif;\"> Pie\u015b\u0144 od wn\u0119trza zielon\u0105, a po brzegach kwiaciat\u0105<\/span><br \/><span style=\"color: #333333; font-family: verdana, geneva, sans-serif;\"> Wyszli \u015bwi\u0119ci z obraz\u00f3w, bo ju\u017c maj\u0105 we zwyku<\/span><br \/><span style=\"color: #333333; font-family: verdana, geneva, sans-serif;\"> \u017be si\u0119 garn\u0105 \u015bmierciami do \u015bpiewnego okrzyku<\/span><br \/><span style=\"color: #333333; font-family: verdana, geneva, sans-serif;\"> I B\u00f3g przyby\u0142 sk\u0105din\u0105d, niebywa\u0142y w tej porze<\/span><br \/><span style=\"color: #333333; font-family: verdana, geneva, sans-serif;\"> Niebywa\u0142y, lecz ca\u0142y zas\u0142uchany! O, Bo\u017ce!<\/span><\/p>\n<p><span style=\"color: #333333; font-family: verdana, geneva, sans-serif;\">A gdy \u015bpiew mu uderzy\u0142 durem le\u015bnym do g\u0142owy<\/span><br \/><span style=\"color: #333333; font-family: verdana, geneva, sans-serif;\"> Gra\u0142 wszystkimi jarami wszystkie naraz parowy!<\/span><br \/><span style=\"color: #333333; font-family: verdana, geneva, sans-serif;\"> A\u017c ten o\u0142tarz zl\u0119kniony, gdzie wyz\u0142ota si\u0119 \u015bwi\u0119ci<\/span><br \/><span style=\"color: #333333; font-family: verdana, geneva, sans-serif;\"> Chcia\u0142 ju\u017c run\u0105\u0107 na ziemi\u0119, lecz pot\u0142umi\u0142 swe ch\u0119ci<\/span><br \/><span style=\"color: #333333; font-family: verdana, geneva, sans-serif;\"> A on wpod\u0142u\u017c organ\u00f3w, stare mia\u017cd\u017c\u0105c im ko\u015bcie<\/span><br \/><span style=\"color: #333333; font-family: verdana, geneva, sans-serif;\"> Porozp\u0119dza\u0142 swe d\u0142onie, jak te nogi po mo\u015bcie<\/span><br \/><span style=\"color: #333333; font-family: verdana, geneva, sans-serif;\"> I rozwiawszy t\u0142um d\u017awi\u0119k\u00f3w po pie\u015bniowym roz\u0142ogu<\/span><br \/><span style=\"color: #333333; font-family: verdana, geneva, sans-serif;\"> Wygrzmia\u0142 z miech\u00f3w to wszystko, co las my\u015bli o Bogu!<\/span><\/p>\n<p><span style=\"color: #333333; font-family: verdana, geneva, sans-serif;\">Graj\u017ce, graju, graj<\/span><br \/><span style=\"color: #333333; font-family: verdana, geneva, sans-serif;\"> Dopom\u00f3\u017c ci maj<\/span><br \/><span style=\"color: #333333; font-family: verdana, geneva, sans-serif;\"> Dopom\u00f3\u017c ci miech, duda<\/span><br \/><span style=\"color: #333333; font-family: verdana, geneva, sans-serif;\"> Wszelaka u\u0142uda!<\/span><\/p>\n<p><span style=\"color: #333333; font-family: verdana, geneva, sans-serif;\">Mi\u0119dzy Bogiem a grajem znik\u0142a inszo\u015b\u0107 i przedzia\u0142<\/span><br \/><span style=\"color: #333333; font-family: verdana, geneva, sans-serif;\"> Skoro B\u00f3g si\u0119 o sobie sn\u00f3w d\u0119bowych dowiedzia\u0142<\/span><br \/><span style=\"color: #333333; font-family: verdana, geneva, sans-serif;\"> &#8222;Odk\u0105d \u017cyje na \u015bwiecie, a wszak jestem wieczysty<\/span><br \/><span style=\"color: #333333; font-family: verdana, geneva, sans-serif;\"> Nigdym dot\u0105d nie s\u0142ysza\u0142 takiego organisty!&#8221;<\/span><br \/><span style=\"color: #333333; font-family: verdana, geneva, sans-serif;\"> Grajek znawstwu bo\u017cemu na pami\u0105tk\u0119 i chwa\u0142\u0119<\/span><br \/><span style=\"color: #333333; font-family: verdana, geneva, sans-serif;\"> Porozbuja\u0142 pie\u015b\u0144 g\u00f3r\u0105 w dwa ruczaje niesta\u0142e<\/span><br \/><span style=\"color: #333333; font-family: verdana, geneva, sans-serif;\"> Rozmurawi\u0142 j\u0105 do\u0142em, a\u017c si\u0119 ko\u015bci\u00f3\u0142 zieleni\u0142<\/span><br \/><span style=\"color: #333333; font-family: verdana, geneva, sans-serif;\"> A cienistym przy\u015bpiewem twarz s\u0142uchacza ocieni\u0142!<\/span><\/p>\n<p><span style=\"color: #333333; font-family: verdana, geneva, sans-serif;\">I B\u00f3g s\u0142ucha\u0142 wzruszony, s\u0142ucha\u0142 dusz\u0105 bezkre\u015bn\u0105<\/span><br \/><span style=\"color: #333333; font-family: verdana, geneva, sans-serif;\"> A w tej duszy mu by\u0142o i ruczajno, i le\u015bno<\/span><br \/><span style=\"color: #333333; font-family: verdana, geneva, sans-serif;\"> I co\u015b jeszcze miarkowa\u0142 i co\u015b duma\u0142 na stronie<\/span><br \/><span style=\"color: #333333; font-family: verdana, geneva, sans-serif;\"> I bieg\u0142 \u017cywcem do grajka i wyci\u0105ga\u0142 swe d\u0142onie!<\/span><br \/><span style=\"color: #333333; font-family: verdana, geneva, sans-serif;\"> \u015awi\u0119ci, wiedz\u0105c, co czyni\u0105, w nag\u0142ej cudom podzi\u0119ce<\/span><br \/><span style=\"color: #333333; font-family: verdana, geneva, sans-serif;\"> Pokl\u0119kali rado\u015bnie wzi\u0105wszy siebie za r\u0119ce<\/span><br \/><span style=\"color: #333333; font-family: verdana, geneva, sans-serif;\"> Bo od kiedy \u015bwiat \u015bwiatem, a \u015bmier\u0107 jego obr\u0119bem<\/span><br \/><span style=\"color: #333333; font-family: verdana, geneva, sans-serif;\"> Po raz pierwszy B\u00f3g p\u0142acz\u0105c obejmowa\u0142 si\u0119 z d\u0119bem!<\/span><\/p>\n<p>&nbsp;<\/p>\n<audio class=\"wp-audio-shortcode\" id=\"audio-758-1\" preload=\"none\" style=\"width: 100%;\" controls=\"controls\"><source type=\"audio\/mpeg\" src=\"http:\/\/magdaumer.pl\/home\/wp-content\/uploads\/2014\/12\/dab.mp3?_=1\" \/><a href=\"http:\/\/magdaumer.pl\/home\/wp-content\/uploads\/2014\/12\/dab.mp3\">http:\/\/magdaumer.pl\/home\/wp-content\/uploads\/2014\/12\/dab.mp3<\/a><\/audio>\n","protected":false},"excerpt":{"rendered":"<p>D\u0105b (s\u0142. B. Le\u015bmian, muz. W. Trzci\u0144ski) Zaszumia\u0142o, zawrza\u0142o, a to w\u0142a\u015bnie z d\u0105browy Wbieg\u0142 na ch\u00f3ry ko\u015bcielne krzepki upi\u00f3r d\u0119bowy I poburzy\u0142 organy r\u0105k swych zmor\u0105 nie zmor\u0105 Jakby naraz go by\u0142o wesp\u00f3\u0142 z g\u0119d\u017ab\u0105 kilkoro Rozwiewa\u0142a si\u0119, trzeszcz\u0105c ga\u0142\u0119zista czupryna I szerzy\u0142a si\u0119 w oczach niewiadoma kraina A on piersi wszem dudom nastawi\u0142 &hellip; <a href=\"https:\/\/magdaumer.pl\/home\/spiewnik\/dab\/\" class=\"more-link\">Czytaj dalej <span class=\"screen-reader-text\">D\u0105b<\/span> <span class=\"meta-nav\">&rarr;<\/span><\/a><\/p>\n","protected":false},"author":1,"featured_media":0,"parent":29,"menu_order":17,"comment_status":"closed","ping_status":"closed","template":"","meta":{"footnotes":""},"class_list":["post-758","page","type-page","status-publish","hentry"],"_links":{"self":[{"href":"https:\/\/magdaumer.pl\/home\/wp-json\/wp\/v2\/pages\/758","targetHints":{"allow":["GET"]}}],"collection":[{"href":"https:\/\/magdaumer.pl\/home\/wp-json\/wp\/v2\/pages"}],"about":[{"href":"https:\/\/magdaumer.pl\/home\/wp-json\/wp\/v2\/types\/page"}],"author":[{"embeddable":true,"href":"https:\/\/magdaumer.pl\/home\/wp-json\/wp\/v2\/users\/1"}],"replies":[{"embeddable":true,"href":"https:\/\/magdaumer.pl\/home\/wp-json\/wp\/v2\/comments?post=758"}],"version-history":[{"count":3,"href":"https:\/\/magdaumer.pl\/home\/wp-json\/wp\/v2\/pages\/758\/revisions"}],"predecessor-version":[{"id":1874,"href":"https:\/\/magdaumer.pl\/home\/wp-json\/wp\/v2\/pages\/758\/revisions\/1874"}],"up":[{"embeddable":true,"href":"https:\/\/magdaumer.pl\/home\/wp-json\/wp\/v2\/pages\/29"}],"wp:attachment":[{"href":"https:\/\/magdaumer.pl\/home\/wp-json\/wp\/v2\/media?parent=758"}],"curies":[{"name":"wp","href":"https:\/\/api.w.org\/{rel}","templated":true}]}}