{"id":753,"date":"2014-12-18T10:33:50","date_gmt":"2014-12-18T10:33:50","guid":{"rendered":"http:\/\/magdaumer.pl\/home\/?page_id=753"},"modified":"2016-02-26T23:59:36","modified_gmt":"2016-02-26T23:59:36","slug":"dawno-chyba","status":"publish","type":"page","link":"https:\/\/magdaumer.pl\/home\/spiewnik\/dawno-chyba\/","title":{"rendered":"Dawno chyba"},"content":{"rendered":"<p><span style=\"font-family: verdana, geneva, sans-serif;\"><b><span style=\"color: #000080; font-size: 14pt;\">Dawno chyba<\/span><br \/> <span style=\"color: #6699ff; font-size: small;\">(s\u0142. M. Szwed, muz. K. Knittel)<\/span><span style=\"color: #3399ff; font-size: small;\"><br \/> <\/span><br \/> <span style=\"color: #666666;\"><br \/> <\/span><\/b><span style=\"color: #333333;\">Ju\u017c akacje zakwitaj\u0105, wabi\u0105c pszczo\u0142y kwiatem miodnym<br \/> Lato\u2026 idzie lato\u2026<br \/> Ju\u017c jask\u00f3\u0142ki m\u0142ode maj\u0105, \u017c\u00f3\u0142todzioby wiecznie g\u0142odne<br \/> Lato\u2026 idzie lato\u2026<br \/> Ju\u017c si\u0119 k\u0142osy rozhu\u015bta\u0142y fal\u0105 nad polami<br \/> Ju\u017c si\u0119 trawy roz\u015bpiewa\u0142y \u015bwierszczy gromadami<br \/> W jasnym niebie \u015bpiewa ptak, w czystej wodzie pluszcze ryba<br \/> Kiedy\u015b latem by\u0142o tak, kiedy\u015b latem by\u0142o tak, kiedy\u015b latem by\u0142o tak\u2026<br \/> Dawno chyba\u2026<\/span><\/span><\/p>\n<p><span style=\"color: #333333; font-family: verdana, geneva, sans-serif;\">Ju\u017c dziewczyny zakwitaj\u0105 przyci\u0105gaj\u0105c ch\u0142opc\u00f3w t\u0142umy<\/span><br \/><span style=\"color: #333333; font-family: verdana, geneva, sans-serif;\"> Mi\u0142o\u015b\u0107\u2026 idzie mi\u0142o\u015b\u0107\u2026<\/span><br \/><span style=\"color: #333333; font-family: verdana, geneva, sans-serif;\"> Wnet ich w sobie rozkochaj\u0105 bez pami\u0119ci, bez rozumu<\/span><br \/><span style=\"color: #333333; font-family: verdana, geneva, sans-serif;\"> Mi\u0142o\u015b\u0107\u2026 idzie mi\u0142o\u015b\u0107\u2026<\/span><br \/><span style=\"color: #333333; font-family: verdana, geneva, sans-serif;\"> Wok\u00f3\u0142 palca wnet owin\u0105, ciasno zamkn\u0105 w d\u0142oniach<\/span><br \/><span style=\"color: #333333; font-family: verdana, geneva, sans-serif;\"> \u017beby g\u00f3r\u0105 i dolin\u0105 ona\u2026 tylko ona\u2026<\/span><br \/><span style=\"color: #333333; font-family: verdana, geneva, sans-serif;\"> Zakochana w d\u0142oni d\u0142o\u0144, niby nic, a tak szcz\u0119\u015bliwa<\/span><br \/><span style=\"color: #333333; font-family: verdana, geneva, sans-serif;\"> Kiedy\u015b przecie\u017c by\u0142o tak, kiedy\u015b przecie\u017c by\u0142o tak, kiedy\u015b przecie\u017c by\u0142o tak\u2026<\/span><br \/><span style=\"color: #333333; font-family: verdana, geneva, sans-serif;\"> Dawno chyba\u2026<\/span><\/p>\n<p><span style=\"color: #333333; font-family: verdana, geneva, sans-serif;\">Ju\u017c opada ch\u0142odna rosa w uchylone kwiat\u00f3w usta<\/span><br \/><span style=\"color: #333333; font-family: verdana, geneva, sans-serif;\"> Cisza\u2026 idzie cisza\u2026<\/span><br \/><span style=\"color: #333333; font-family: verdana, geneva, sans-serif;\"> Noc nadci\u0105ga czarnow\u0142osa, \u015bwiat okrywa mi\u0119kk\u0105 chust\u0105<\/span><br \/><span style=\"color: #333333; font-family: verdana, geneva, sans-serif;\"> Cisza\u2026 idzie cisza\u2026<\/span><br \/><span style=\"color: #333333; font-family: verdana, geneva, sans-serif;\"> Ju\u017c si\u0119 gwiazdy zapalaj\u0105 miliardami iskier<\/span><br \/><span style=\"color: #333333; font-family: verdana, geneva, sans-serif;\"> W sen beztroski zapadaj\u0105 ludzie, ptaki, li\u015bcie<\/span><br \/><span style=\"color: #333333; font-family: verdana, geneva, sans-serif;\"> Niezmierzonej ciszy snu nic do \u015bwitu nie przerywa<\/span><br \/><span style=\"color: #333333; font-family: verdana, geneva, sans-serif;\"> Tak podobno by\u0142o tu, tak podobno by\u0142o tu, tak podobno by\u0142o tu\u2026<\/span><br \/><span style=\"color: #333333; font-family: verdana, geneva, sans-serif;\"> Dawno chyba\u2026<\/span><\/p>\n<p>&nbsp;<\/p>\n<audio class=\"wp-audio-shortcode\" id=\"audio-753-1\" preload=\"none\" style=\"width: 100%;\" controls=\"controls\"><source type=\"audio\/mpeg\" src=\"http:\/\/magdaumer.pl\/home\/wp-content\/uploads\/2014\/12\/dawnochyba.mp3?_=1\" \/><a href=\"http:\/\/magdaumer.pl\/home\/wp-content\/uploads\/2014\/12\/dawnochyba.mp3\">http:\/\/magdaumer.pl\/home\/wp-content\/uploads\/2014\/12\/dawnochyba.mp3<\/a><\/audio>\n","protected":false},"excerpt":{"rendered":"<p>Dawno chyba (s\u0142. M. Szwed, muz. K. Knittel) Ju\u017c akacje zakwitaj\u0105, wabi\u0105c pszczo\u0142y kwiatem miodnym Lato\u2026 idzie lato\u2026 Ju\u017c jask\u00f3\u0142ki m\u0142ode maj\u0105, \u017c\u00f3\u0142todzioby wiecznie g\u0142odne Lato\u2026 idzie lato\u2026 Ju\u017c si\u0119 k\u0142osy rozhu\u015bta\u0142y fal\u0105 nad polami Ju\u017c si\u0119 trawy roz\u015bpiewa\u0142y \u015bwierszczy gromadami W jasnym niebie \u015bpiewa ptak, w czystej wodzie pluszcze ryba Kiedy\u015b latem by\u0142o tak, &hellip; <a href=\"https:\/\/magdaumer.pl\/home\/spiewnik\/dawno-chyba\/\" class=\"more-link\">Czytaj dalej <span class=\"screen-reader-text\">Dawno chyba<\/span> <span class=\"meta-nav\">&rarr;<\/span><\/a><\/p>\n","protected":false},"author":1,"featured_media":0,"parent":29,"menu_order":16,"comment_status":"closed","ping_status":"closed","template":"","meta":{"footnotes":""},"class_list":["post-753","page","type-page","status-publish","hentry"],"_links":{"self":[{"href":"https:\/\/magdaumer.pl\/home\/wp-json\/wp\/v2\/pages\/753","targetHints":{"allow":["GET"]}}],"collection":[{"href":"https:\/\/magdaumer.pl\/home\/wp-json\/wp\/v2\/pages"}],"about":[{"href":"https:\/\/magdaumer.pl\/home\/wp-json\/wp\/v2\/types\/page"}],"author":[{"embeddable":true,"href":"https:\/\/magdaumer.pl\/home\/wp-json\/wp\/v2\/users\/1"}],"replies":[{"embeddable":true,"href":"https:\/\/magdaumer.pl\/home\/wp-json\/wp\/v2\/comments?post=753"}],"version-history":[{"count":5,"href":"https:\/\/magdaumer.pl\/home\/wp-json\/wp\/v2\/pages\/753\/revisions"}],"predecessor-version":[{"id":1873,"href":"https:\/\/magdaumer.pl\/home\/wp-json\/wp\/v2\/pages\/753\/revisions\/1873"}],"up":[{"embeddable":true,"href":"https:\/\/magdaumer.pl\/home\/wp-json\/wp\/v2\/pages\/29"}],"wp:attachment":[{"href":"https:\/\/magdaumer.pl\/home\/wp-json\/wp\/v2\/media?parent=753"}],"curies":[{"name":"wp","href":"https:\/\/api.w.org\/{rel}","templated":true}]}}