{"id":429,"date":"2014-12-17T15:58:22","date_gmt":"2014-12-17T15:58:22","guid":{"rendered":"http:\/\/magdaumer.pl\/home\/?page_id=429"},"modified":"2016-04-07T23:05:14","modified_gmt":"2016-04-07T23:05:14","slug":"dvd","status":"publish","type":"page","link":"https:\/\/magdaumer.pl\/home\/plyty-ksiazki\/dvd\/","title":{"rendered":"DVD"},"content":{"rendered":"<div class='content-column one_half'><p><a href=\"http:\/\/magdaumer.pl\/home\/wp-content\/uploads\/2014\/12\/Zrzut-ekranu-2016-04-08-o-00.57.41.png\" data-rel=\"lightbox-image-0\" data-rl_title=\"\" data-rl_caption=\"\" title=\"\"><img loading=\"lazy\" decoding=\"async\" class=\"alignleft size-medium wp-image-2541\" src=\"http:\/\/magdaumer.pl\/home\/wp-content\/uploads\/2014\/12\/Zrzut-ekranu-2016-04-08-o-00.57.41-230x300.png\" alt=\"Wci\u0105\u017c si\u0119 na co\u015b czeka\" width=\"230\" height=\"300\" srcset=\"https:\/\/magdaumer.pl\/home\/wp-content\/uploads\/2014\/12\/Zrzut-ekranu-2016-04-08-o-00.57.41-230x300.png 230w, https:\/\/magdaumer.pl\/home\/wp-content\/uploads\/2014\/12\/Zrzut-ekranu-2016-04-08-o-00.57.41-785x1024.png 785w, https:\/\/magdaumer.pl\/home\/wp-content\/uploads\/2014\/12\/Zrzut-ekranu-2016-04-08-o-00.57.41.png 992w\" sizes=\"auto, (max-width: 230px) 100vw, 230px\" \/><\/a><\/p>\n<p align=\"left\">\u00a0<\/p>\n<p align=\"left\">\u00a0<\/p>\n<p align=\"left\">\u00a0<\/p>\n<p align=\"left\">\u00a0<\/p>\n<p align=\"left\">\u00a0<\/p>\n<p align=\"left\">\u00a0<\/p>\n<p align=\"left\">Zapis koncertu Magdy Umer &#8222;Wci\u0105\u017c si\u0119 na co\u015b czeka&#8221;, kt\u00f3ry mia\u0142a miejsce w Teatrze Polonia w Warszawie 22.01.2013. W sprzeda\u017cy pojawi\u0142y si\u0119 dwa wydawnictwa &#8211; DVD oraz dwup\u0142ytowe CD wraz z DVD.<\/p><\/div>\n<div class='content-column one_half last_column'><p><a name=\"magda\"><\/a><\/p>\n<p align=\"left\"><span style=\"color: #008000;\"><b>WCI\u0104\u017b SI\u0118 NA CO\u015a CZEKA.<br \/><\/b><\/span><span style=\"color: #008000;\"><strong>KONCERT W TEATRZE POLONIA.<\/strong><\/span><br \/><span style=\"color: #000000;\"><i>MTJ\u00a0, 2013\u00a0<\/i><\/span><\/p>\n<p style=\"text-align: justify;\"><a name=\"magda\"><\/a><\/p>\n<p style=\"text-align: justify;\" align=\"justify\"><a name=\"magda\"><\/a><\/p>\n<div><strong>1. I\u00a0wci\u0105\u017c si\u0119 na\u00a0co\u015b czeka<\/strong><\/div>\n<div><strong>2. Szkoda r\u00f3\u017c<\/strong><\/div>\n<div><strong>3. Luna srebrnooka<\/strong><\/div>\n<div><strong>4. Noce i\u00a0dnie<\/strong><\/div>\n<div><strong>5. Portofino<\/strong><\/div>\n<div><strong>6. Ach Panie, Panowie<\/strong><\/div>\n<div><strong>7. Deszcz<\/strong><\/div>\n<div><strong>8. Pogoda na\u00a0szcz\u0119\u015bcie<\/strong><\/div>\n<div><strong>9. Zmierzch<\/strong><\/div>\n<div><strong>10. Nie oczekuj\u0119 dzi\u015b nikogo<\/strong><\/div>\n<div><strong>11. Jasniej<\/strong><\/div>\n<div><strong>12. I\u00a0ci\u0105gle dal<\/strong><\/div>\n<div><strong>13. Atramentowa rumba<\/strong><\/div>\n<div><strong>14. Czasami tak si\u0119 zdarza<\/strong><\/div>\n<div><strong>15. Osobno<\/strong><\/div>\n<div><strong>16. Tylko mi\u0142o\u015b\u0107<\/strong><\/div>\n<div><strong>17. S\u0142ynny niebieski prochowiec<\/strong><\/div>\n<div><strong>18. Ptaki smutku<\/strong><\/div>\n<div><strong>19. O\u00a0niebieskim pachn\u0105cym groszku<\/strong><\/div>\n<div><strong>20. Oczy tej\u00a0ma\u0142ej<\/strong><\/div>\n<div><strong>21. Ju\u017c szumi\u0105 kasztany<\/strong><\/div>\n<div><strong>22. Zimny \u017cal<\/strong><\/div>\n<div><strong>23. Na\u00a0ca\u0142ej po\u0142aci \u015bnieg<\/strong><\/div>\n<div><strong>24. P\u0142achta nieba<\/strong><\/div>\n<div><strong>25. Jeszcze w\u00a0zielone gramy<\/strong><\/div>\n<p style=\"text-align: justify;\"><span style=\"color: #000000;\">\u00a0<\/span><\/p><\/div><div class='clear_column'><\/div>\n<div class='content-column one_half'><p><a href=\"http:\/\/magdaumer.pl\/home\/wp-content\/uploads\/2014\/12\/wydawnictwo.jpg\" data-rel=\"lightbox-image-1\" data-rl_title=\"\" data-rl_caption=\"\" title=\"\"><img loading=\"lazy\" decoding=\"async\" class=\"alignleft size-medium wp-image-493\" src=\"http:\/\/magdaumer.pl\/home\/wp-content\/uploads\/2014\/12\/wydawnictwo-173x300.jpg\" alt=\"wydawnictwo\" width=\"173\" height=\"300\" srcset=\"https:\/\/magdaumer.pl\/home\/wp-content\/uploads\/2014\/12\/wydawnictwo-173x300.jpg 173w, https:\/\/magdaumer.pl\/home\/wp-content\/uploads\/2014\/12\/wydawnictwo.jpg 404w\" sizes=\"auto, (max-width: 173px) 100vw, 173px\" \/><\/a><\/p>\n<p>&nbsp;<\/p>\n<p>&nbsp;<\/p>\n<p>&nbsp;<\/p>\n<p>&nbsp;<\/p>\n<p>&nbsp;<\/p>\n<p>&nbsp;<\/p>\n<p align=\"left\"><span style=\"font-size: small;\">Ksi\u0105\u017cka z 1 p\u0142yt\u0105 CD i 3 DVD<\/span><\/p>\n<p align=\"left\"><span style=\"font-size: small;\">Format: 14,5 x 26 cm<\/span><\/p>\n<p align=\"left\"><span style=\"font-size: small;\">Stron: 44<\/span><\/p>\n<p align=\"left\"><span style=\"font-size: small;\">Ca\u0142kowity czas materia\u0142\u00f3w video:<br \/> 252 min. 58 sek.<\/span><\/p>\n<p align=\"left\"><span style=\"font-size: small;\">Ca\u0142kowity czas materia\u0142\u00f3w audio:<br \/> 73 min. 29 sek.<\/span><\/p><\/div>\n<div class='content-column one_half last_column'><p><a name=\"magda\"><\/a><\/p>\n<p align=\"left\"><span style=\"color: #008000;\"><b> MAGDA UMER<\/b><\/span><br \/> <span style=\"color: #000000;\"><i> AGORA SA , 2009 (ksi\u0105\u017cka z 1 p\u0142yt\u0105 CD i 3 DVD) <\/i><\/span><\/p>\n<p style=\"text-align: justify;\"><a name=\"magda\"><\/a><\/p>\n<p style=\"text-align: justify;\" align=\"justify\"><a name=\"magda\"><\/a><span style=\"color: #000000;\"> <span style=\"color: #000000;\">Album jubileuszowy Magdy Umer wydany z okazji 40-lecia jej dzia\u0142alno\u015bci artystycznej oraz 60-lecia urodzin.<\/span><\/span><\/p>\n<p style=\"text-align: justify;\">W albumie znajduj\u0105 si\u0119:<br \/> 1. Koncert \u201e<b>Magda Umer w Warszawskiej Polonii<\/b>&#8221; z 2009 r. na CD<br \/> <span style=\"color: #000000;\"><a name=\"magda0\"><\/a> <span style=\"color: #000000;\">\u00a0\u00a0\u00a0 (73 min. 29 sek.)<\/span><span style=\"color: #000000;\"><br \/> 2. Koncert \u201e<b>Magda Umer w Warszawskiej Polonii<\/b>&#8221; z 2009 r. na DVD<br \/> (73 min. 29 sek.) &#8211; zapis recitalu w warszawskim Teatrze Polonia<br \/> z 24 kwietnia 2009 roku.<br \/> 3. Koncert \u201e<b>Magda Umer i M\u0119\u017cczy\u017ani Jej \u017bycia<\/b>&#8221; z 1995 r. na DVD<br \/> (119 min. 19 sek.) &#8211; Magda Umer do udzia\u0142u w koncercie zaprosi\u0142a<br \/> m.in. Marka Grechut\u0119, Wies\u0142awa Michnikowskiego, Wojciecha<br \/> M\u0142ynarskiego, Maciej Zembatego, Adama Hanuszkiewicza, Zbigniewa<br \/> Zamachowskiego, Piotra Machalic\u0119 i innych. Ten niezwyk\u0142y koncert<br \/> odby\u0142 si\u0119 w radiowej \u201eTr\u00f3jce&#8221; 22 kwietnia 1995 roku. Magda Umer<br \/> pe\u0142ni\u0142a rol\u0119 gospodarza-konferansjera.<br \/> 4. Film dokumentalny <b>\u201eMagda&#8221;<\/b> z 1993 r. na DVD (60 min. 10 sek.)<br \/> film dokumentalny pt. Magda w re\u017c. Gra\u017cyny Pieczuro, w kt\u00f3rym na<br \/> Artystk\u0119 patrzymy oczyma jej przyjaci\u00f3\u0142: Agnieszki Osieckiej,<br \/> Jeremiego Przybory, Krystyny Jandy, Magdy Czapi\u0144skiej,<br \/> Wojciecha Borkowskiego i innych.<\/span><br \/> <\/span><\/p><\/div><div class='clear_column'><\/div>\n<p>&nbsp;<\/p>\n<div class='content-column one_half'><p><a href=\"http:\/\/magdaumer.pl\/home\/wp-content\/uploads\/2014\/12\/chliphopdvd.jpg\" data-rel=\"lightbox-image-2\" data-rl_title=\"\" data-rl_caption=\"\" title=\"\"><img loading=\"lazy\" decoding=\"async\" class=\"alignleft size-medium wp-image-503\" src=\"http:\/\/magdaumer.pl\/home\/wp-content\/uploads\/2014\/12\/chliphopdvd-300x300.jpg\" alt=\"chliphopdvd\" width=\"300\" height=\"300\" srcset=\"https:\/\/magdaumer.pl\/home\/wp-content\/uploads\/2014\/12\/chliphopdvd-300x300.jpg 300w, https:\/\/magdaumer.pl\/home\/wp-content\/uploads\/2014\/12\/chliphopdvd-150x150.jpg 150w, https:\/\/magdaumer.pl\/home\/wp-content\/uploads\/2014\/12\/chliphopdvd.jpg 411w\" sizes=\"auto, (max-width: 300px) 100vw, 300px\" \/><\/a><\/p>\n<p>&nbsp;<\/p>\n<p>&nbsp;<\/p>\n<p>&nbsp;<\/p>\n<p>&nbsp;<\/p>\n<p>&nbsp;<\/p>\n<p>&nbsp;<\/p>\n<p align=\"left\"><span style=\"font-size: small;\">Ksi\u0105\u017cka z p\u0142yt\u0105 DVD<\/span><\/p>\n<p align=\"left\"><span style=\"font-size: small;\">Format: 14 x 18,5 cm<\/span><\/p>\n<p align=\"left\"><span style=\"font-size: small;\">Stron: 36<\/span><\/p>\n<p align=\"left\"><span style=\"font-size: small;\">Ca\u0142kowity czas:<br \/> 113 min. 20 sek.<\/span><\/p>\n<p align=\"left\"><a name=\"sprzedlat0\"><\/a> <span style=\"color: #555555; font-size: small;\">Wykonawcy:<br \/> Magda Umer \u2013 Imagine<br \/> Andrzej Poniedzielski \u2013 Andryou<br \/> Wojciech Borkowski &#8211; Alle-gro!<\/span><\/p>\n<p>Scenariusz i re\u017cyseria:<br \/> Magda Umer i Andrzej Poniedzielski<\/p>\n<p>Opracowanie muzyczne<br \/> i aran\u017cacje utwor\u00f3w:<br \/> Wojciech Borkowski<br \/> <span style=\"font-size: small;\"><br \/> Aran\u017cacja utworu nr 4<br \/> Andrzej Pawlukiewicz<\/span><\/p><\/div>\n<div class='content-column one_half last_column'><p><a name=\"chlip\"><\/a><\/p>\n<p align=\"left\"><span style=\"color: #008000;\"><b> CHLIP-HOP<br \/> SPEKTAKL TEATRALNY <\/b> <\/span><br \/> <span style=\"color: #000000;\"><i> Agora SA, 2008 (DVD)<br \/> <\/i><\/span><\/p>\n<p>P\u0142yta zawiera nagranie d\u017awi\u0119kowe spektaklu \u201cChlip-hop\u201c.<br \/> Materia\u0142 zosta\u0142 zarejestrowany w Teatrze Ateneum im. S. Jaracza w Warszawie 4 czerwca 2008r.<\/p>\n<p><a name=\"chlip\"><\/a><\/p>\n<p align=\"left\"><a name=\"chlip\"><\/a><\/p>\n<p align=\"justify\"><span style=\"color: #000000;\">W &#8222;Chlip-Hopie&#8221; na scenie stoj\u0105 trzy osoby, kt\u00f3re ufaj\u0105 sobie, nie chc\u0105 ze sob\u0105 rywalizowa\u0107, nie chc\u0105 tworzy\u0107 tandetnego przedstawienia. Chc\u0105 ze sob\u0105 porozmawia\u0107. Najpierw ustalaj\u0105 has\u0142a, potem improwizuj\u0105. Maj\u0105 w ko\u0144cu pot\u0119\u017cny dorobek artystyczny i niema\u0142e do\u015bwiadczenie \u017cyciowe. Czasem zaskakuj\u0105 samych siebie, bo nast\u0119pnego dnia brzmi\u0105 zupe\u0142nie inaczej i pewne tematy wol\u0105 przemilcze\u0107.<br \/> Nie zmieniaj\u0105 si\u0119 tylko piosenki Jeremiego Przybory, Wojtka M\u0142ynarskiego, Jonasza Kofty, po kt\u00f3re si\u0119gaj\u0105 w czasie tej d\u0142ugiej, filozoficznej dyskusji o \u017cyciu. Tutaj smutek znowu przeplata si\u0119 z poczuciem humoru, a widz ma wra\u017cenie, \u017ce w\u0142a\u015bnie odgad\u0142 g\u0142\u00f3wne za\u0142o\u017cenie aktor\u00f3w \u2013 oni ponarzekaj\u0105 sobie na ten wsp\u00f3\u0142czesny \u015bwiat, a my nape\u0142nieni tymi \u015bwiadectwami depresji, l\u0119k\u00f3w i fobii stwierdzimy, \u017ce nie jest ju\u017c z nami tak \u017ale. Zadziwiaj\u0105ce, spektakl dzia\u0142a jak udana terapia. <\/span> <a name=\"sprzedlat\"><\/a> <span style=\"color: #000000;\"><span style=\"color: #000000;\"><br \/> <\/span><\/span><\/p><\/div><div class='clear_column'><\/div>\n<p>&nbsp;<\/p>\n<div class='content-column one_half'><p><a href=\"http:\/\/magdaumer.pl\/home\/wp-content\/uploads\/2014\/12\/zielonomi.jpg\" data-rel=\"lightbox-image-3\" data-rl_title=\"\" data-rl_caption=\"\" title=\"\"><img loading=\"lazy\" decoding=\"async\" class=\"alignleft size-medium wp-image-494\" src=\"http:\/\/magdaumer.pl\/home\/wp-content\/uploads\/2014\/12\/zielonomi-208x300.jpg\" alt=\"zielonomi\" width=\"208\" height=\"300\" srcset=\"https:\/\/magdaumer.pl\/home\/wp-content\/uploads\/2014\/12\/zielonomi-208x300.jpg 208w, https:\/\/magdaumer.pl\/home\/wp-content\/uploads\/2014\/12\/zielonomi.jpg 278w\" sizes=\"auto, (max-width: 208px) 100vw, 208px\" \/><\/a><\/p>\n<p>&nbsp;<\/p>\n<p>&nbsp;<\/p>\n<p>&nbsp;<\/p>\n<p>&nbsp;<\/p>\n<p>&nbsp;<\/p>\n<p>&nbsp;<\/p>\n<p><span style=\"font-size: small;\">Ca\u0142kowity czas materia\u0142\u00f3w video:<br \/> 431 min<\/span><\/p>\n<p><a name=\"rozmowy\"><\/a> <span style=\"color: #555555; font-size: small;\">Scenariusz i re\u017cyseria<br \/> Magda Umer<\/span><\/p><\/div>\n<div class='content-column one_half last_column'><p><a name=\"oniebieskim\"><\/a><span style=\"color: #008000;\"><b>KONCERT ZIELONO MI \/ ROZMOWY O ZMIERZCHU I \u015aWICIE<\/b><\/span><br \/> <span style=\"color: #000000;\"><i>TVP SA<\/i><\/span><span style=\"color: #000000;\"><i>, 2002 (2 DVD)<br \/> <\/i><\/span><\/p>\n<p style=\"text-align: justify;\"><span style=\"color: #000000;\"><b>Zielono mi<br \/> <\/b>Widowisko artystyczne po\u015bwi\u0119cone tw\u00f3rczo\u015bci Agnieszki Osieckiej zarejestrowane 28 czerwca 1997 roku podczas Festiwalu Piosenki Polskiej w<span lang=\"en\">\u00a0<\/span>Opolu.<br \/> Na koncert sk\u0142adaj\u0105 si\u0119 piosenki, do kt\u00f3rych teksty napisa\u0142a poetka, a<span lang=\"en\">\u00a0<\/span>wykonuj\u0105 je znani piosenkarze i wybitni arty\u015bci scen polskich.<\/span><\/p>\n<p style=\"text-align: justify;\"><b>Rozmowy o zmierzchu i \u015bwicie<\/b><br \/> Cykl program\u00f3w w formie wywiadu biograficznego, kt\u00f3ry z Agnieszk\u0105 Osieck\u0105 przeprowadzi\u0142a Magda Umer.<br \/> Bohaterka opowiada o \u017cyciu &#8211; wspomina dzieci\u0144stwo, czasy szko\u0142y i studi\u00f3w, pierwsze do\u015bwiadczenia dziennikarskie, wsp\u00f3\u0142prac\u0119 z STS-em i ukochane Mazury, przyja\u017a\u0144 z wybitnymi artystami, kt\u00f3rzy komponowali muzyk\u0119 i \u015bpiewali jej piosenki.<\/p><\/div><div class='clear_column'><\/div>\n","protected":false},"excerpt":{"rendered":"<p>&nbsp; &nbsp;<\/p>\n","protected":false},"author":1,"featured_media":0,"parent":25,"menu_order":3,"comment_status":"closed","ping_status":"closed","template":"","meta":{"footnotes":""},"class_list":["post-429","page","type-page","status-publish","hentry"],"_links":{"self":[{"href":"https:\/\/magdaumer.pl\/home\/wp-json\/wp\/v2\/pages\/429","targetHints":{"allow":["GET"]}}],"collection":[{"href":"https:\/\/magdaumer.pl\/home\/wp-json\/wp\/v2\/pages"}],"about":[{"href":"https:\/\/magdaumer.pl\/home\/wp-json\/wp\/v2\/types\/page"}],"author":[{"embeddable":true,"href":"https:\/\/magdaumer.pl\/home\/wp-json\/wp\/v2\/users\/1"}],"replies":[{"embeddable":true,"href":"https:\/\/magdaumer.pl\/home\/wp-json\/wp\/v2\/comments?post=429"}],"version-history":[{"count":7,"href":"https:\/\/magdaumer.pl\/home\/wp-json\/wp\/v2\/pages\/429\/revisions"}],"predecessor-version":[{"id":2544,"href":"https:\/\/magdaumer.pl\/home\/wp-json\/wp\/v2\/pages\/429\/revisions\/2544"}],"up":[{"embeddable":true,"href":"https:\/\/magdaumer.pl\/home\/wp-json\/wp\/v2\/pages\/25"}],"wp:attachment":[{"href":"https:\/\/magdaumer.pl\/home\/wp-json\/wp\/v2\/media?parent=429"}],"curies":[{"name":"wp","href":"https:\/\/api.w.org\/{rel}","templated":true}]}}