{"id":2801,"date":"2019-03-19T20:46:12","date_gmt":"2019-03-19T20:46:12","guid":{"rendered":"http:\/\/magdaumer.pl\/home\/?page_id=2801"},"modified":"2019-03-19T20:46:45","modified_gmt":"2019-03-19T20:46:45","slug":"samokolysanka-bacza","status":"publish","type":"page","link":"https:\/\/magdaumer.pl\/home\/spiewnik\/samokolysanka-bacza\/","title":{"rendered":"Samoko\u0142ysanka B\u0105cza"},"content":{"rendered":"<p style=\"line-height: 150%;\"><b><span style=\"font-size: 14.0pt; line-height: 150%; font-family: 'Verdana','sans-serif'; color: navy;\">Samoko\u0142ysanka B\u0105cza<\/span><\/b><b><span style=\"font-family: 'Verdana','sans-serif';\"><br \/>\n<span style=\"color: #6699ff; font-size: 10pt;\">(s\u0142. J. Przybora, muz. J. Wasowski)<\/span><span style=\"color: #3399ff;\"><br \/>\n<\/span><br \/>\n<span style=\"color: #666666;\"><br \/>\n<\/span><\/span><\/b><span style=\"font-family: 'Verdana','sans-serif'; color: #333333;\">Niech ja zasn\u0119 &#8211;<br \/>\nNiech mam sny jak me ocz\u0119ta jasne &#8211;<br \/>\nZa firank\u0105 moich rz\u0119s<br \/>\nniech mi szcz\u0119\u015bcie \u015bni jak k\u0119s,<br \/>\ngdy ju\u017c zasn\u0119.<\/span><\/p>\n<p style=\"line-height: 150%;\"><span style=\"font-family: 'Verdana','sans-serif'; color: #333333;\">(W sen spowity niby w pn\u0105cz,<br \/>\n\u015bpij pan, \u015bpij pan panie B\u0105cz).<\/span><\/p>\n<p style=\"line-height: 150%;\"><span style=\"font-family: 'Verdana','sans-serif'; color: #333333;\">Niech ja luln\u0119 \u2013<br \/>\nniech ma dla mnie mroki noc przytulne<br \/>\nNiech z\u0142a mucha, ani nic,<br \/>\nnie tknie jag\u00f3d moich lic,<br \/>\ngdy ju\u017c luln\u0119.<\/span><\/p>\n<p style=\"line-height: 150%;\"><span style=\"font-family: 'Verdana','sans-serif'; color: #333333;\">(D\u0142onie ju\u017c na ko\u0142drze z\u0142\u0105cz &#8211;<br \/>\nLulaj mi pan, panie B\u0105cz).<\/span><\/p>\n<p style=\"line-height: 150%;\"><span style=\"font-family: 'Verdana','sans-serif'; color: #333333;\">Niech ja kimn\u0119 &#8211;<br \/>\nNiech rozgrzej\u0105 mi si\u0119 stopy zimne &#8211;<br \/>\nNiech nie wci\u015bnie mi si\u0119 zi\u0105b<br \/>\nPod okrycie ciep\u0142e w g\u0142\u0105b,<br \/>\nGdy ju\u017c kimn\u0119.<\/span><\/p>\n<p style=\"line-height: 150%;\"><span style=\"font-family: 'Verdana','sans-serif'; color: #333333;\">(Sen jak poncz z ust nocy s\u0105cz,<br \/>\nKimaj mi pan panie B\u0105cz).<\/span><\/p>\n<p style=\"line-height: 150%;\"><span style=\"font-family: 'Verdana','sans-serif'; color: #333333;\">Niech ja chrapn\u0119 &#8211;<br \/>\nW kolorowe sny niech dusz\u0105 drapn\u0119 &#8211;<br \/>\nCia\u0142u za\u015b w piernatach snu,<br \/>\nNiechaj b\u0119dzie jak we mchu,<br \/>\nGdy ju\u017c chrapn\u0119.<\/span><\/p>\n<p style=\"line-height: 150%;\"><span style=\"font-family: 'Verdana','sans-serif'; color: #333333;\">(Samoko\u0142ysank\u0119 ko\u0144cz &#8211;<br \/>\n\u015apij pan, \u015bpij pan panie B\u0105cz)\u2026<\/span><\/p>\n","protected":false},"excerpt":{"rendered":"<p>Samoko\u0142ysanka B\u0105cza (s\u0142. J. Przybora, muz. J. Wasowski) Niech ja zasn\u0119 &#8211; Niech mam sny jak me ocz\u0119ta jasne &#8211; Za firank\u0105 moich rz\u0119s niech mi szcz\u0119\u015bcie \u015bni jak k\u0119s, gdy ju\u017c zasn\u0119. (W sen spowity niby w pn\u0105cz, \u015bpij pan, \u015bpij pan panie B\u0105cz). Niech ja luln\u0119 \u2013 niech ma dla mnie mroki noc &hellip; <a href=\"https:\/\/magdaumer.pl\/home\/spiewnik\/samokolysanka-bacza\/\" class=\"more-link\">Czytaj dalej <span class=\"screen-reader-text\">Samoko\u0142ysanka B\u0105cza<\/span> <span class=\"meta-nav\">&rarr;<\/span><\/a><\/p>\n","protected":false},"author":1,"featured_media":0,"parent":29,"menu_order":0,"comment_status":"closed","ping_status":"closed","template":"","meta":{"footnotes":""},"class_list":["post-2801","page","type-page","status-publish","hentry"],"_links":{"self":[{"href":"https:\/\/magdaumer.pl\/home\/wp-json\/wp\/v2\/pages\/2801","targetHints":{"allow":["GET"]}}],"collection":[{"href":"https:\/\/magdaumer.pl\/home\/wp-json\/wp\/v2\/pages"}],"about":[{"href":"https:\/\/magdaumer.pl\/home\/wp-json\/wp\/v2\/types\/page"}],"author":[{"embeddable":true,"href":"https:\/\/magdaumer.pl\/home\/wp-json\/wp\/v2\/users\/1"}],"replies":[{"embeddable":true,"href":"https:\/\/magdaumer.pl\/home\/wp-json\/wp\/v2\/comments?post=2801"}],"version-history":[{"count":1,"href":"https:\/\/magdaumer.pl\/home\/wp-json\/wp\/v2\/pages\/2801\/revisions"}],"predecessor-version":[{"id":2802,"href":"https:\/\/magdaumer.pl\/home\/wp-json\/wp\/v2\/pages\/2801\/revisions\/2802"}],"up":[{"embeddable":true,"href":"https:\/\/magdaumer.pl\/home\/wp-json\/wp\/v2\/pages\/29"}],"wp:attachment":[{"href":"https:\/\/magdaumer.pl\/home\/wp-json\/wp\/v2\/media?parent=2801"}],"curies":[{"name":"wp","href":"https:\/\/api.w.org\/{rel}","templated":true}]}}