{"id":2790,"date":"2019-03-19T20:33:09","date_gmt":"2019-03-19T20:33:09","guid":{"rendered":"http:\/\/magdaumer.pl\/home\/?page_id=2790"},"modified":"2019-03-19T20:33:51","modified_gmt":"2019-03-19T20:33:51","slug":"rzuc-chuc","status":"publish","type":"page","link":"https:\/\/magdaumer.pl\/home\/spiewnik\/rzuc-chuc\/","title":{"rendered":"Rzu\u0107 chu\u0107"},"content":{"rendered":"<p><span style=\"font-family: verdana, geneva, sans-serif;\"><span style=\"font-size: 14pt; color: #000080;\"><strong>Rzu\u0107 chu\u0107<\/strong><\/span><strong><br \/>\n<span style=\"font-size: 10pt; color: #6699ff;\">(s\u0142. J. Przybora, muz. J. Wasowski)<\/span><\/p>\n<p><\/strong><span style=\"color: #333333;\">Sp\u00f3jrz jak ludzie z uczucia wyzuci<\/span><\/span><br \/>\n<span style=\"font-family: verdana, geneva, sans-serif; color: #333333;\">niskiej chuci oddaj\u0105 si\u0119 w ucisk.<\/span><br \/>\n<span style=\"font-family: verdana, geneva, sans-serif; color: #333333;\">Jak \u0142\u00f3d\u017a chuci ich nieraz wyrzuci<\/span><br \/>\n<span style=\"font-family: verdana, geneva, sans-serif; color: #333333;\">na \u017cycia dno \u2013 gdzie gin\u0105, bo zepsuci.<\/span><\/p>\n<p><span style=\"font-family: verdana, geneva, sans-serif; color: #333333;\">Z drogi tej czym pr\u0119dzej wr\u00f3\u0107<\/span><br \/>\n<span style=\"font-family: verdana, geneva, sans-serif; color: #333333;\">i w uczucia wsiadaj \u0142\u00f3d\u017a!<\/span><br \/>\n<span style=\"font-family: verdana, geneva, sans-serif; color: #333333;\">Uczucie \u2013 nie wiesz, jak ono zdobi.<\/span><br \/>\n<span style=\"font-family: verdana, geneva, sans-serif; color: #333333;\">Uczucie z ciebie Petrark\u0119 zrobi.<\/span><\/p>\n<p><span style=\"font-family: verdana, geneva, sans-serif; color: #333333;\">Daj\u017ce dziewczynie z mi\u0142o\u015bci co\u015b wynie\u015b\u0107 &#8211; <\/span><br \/>\n<span style=\"font-family: verdana, geneva, sans-serif; color: #333333;\">uczucia ty nie oszcz\u0119dzaj jej.<\/span><br \/>\n<span style=\"font-family: verdana, geneva, sans-serif; color: #333333;\">Uczucie sprawi, \u017ce zachwyt d\u0142awi\u0107<\/span><br \/>\n<span style=\"font-family: verdana, geneva, sans-serif; color: #333333;\">ci\u0119 b\u0119dzie na widok wielu zjawisk.<\/span><\/p>\n<p><span style=\"font-family: verdana, geneva, sans-serif; color: #333333;\">Panowie, panie! Uczucie \u2013 tanie<\/span><br \/>\n<span style=\"font-family: verdana, geneva, sans-serif; color: #333333;\">i ka\u017cdy w stanie jest \u017cywi\u0107 je.<\/span><br \/>\n<span style=\"font-family: verdana, geneva, sans-serif; color: #333333;\">Wi\u0119c rzu\u0107, rzu\u0107 chu\u0107!<\/span><br \/>\n<span style=\"font-family: verdana, geneva, sans-serif; color: #333333;\">I miast \u017cy\u0107 chuci\u0105, ku uczuciom ty si\u0119 zwr\u00f3\u0107!<\/span><br \/>\n<span style=\"font-family: verdana, geneva, sans-serif; color: #333333;\">Wi\u0119c rzu\u0107, rzu\u0107 chu\u0107!<\/span><br \/>\n<span style=\"font-family: verdana, geneva, sans-serif; color: #333333;\">I miast \u017cy\u0107 chuci\u0105, ku uczuciom ty si\u0119 zwr\u00f3\u0107!<\/span><\/p>\n<p><span style=\"font-family: verdana, geneva, sans-serif; color: #333333;\">Gdy dziewczyna nie bardzo ci\u0119 n\u0119ci,<\/span><br \/>\n<span style=\"font-family: verdana, geneva, sans-serif; color: #333333;\">co to chcia\u0142by\u015b, a nie masz tej ch\u0119ci\u2026<\/span><br \/>\n<span style=\"font-family: verdana, geneva, sans-serif; color: #333333;\">Co to jesie\u0144 ju\u017c przesz\u0142a i zima,<\/span><br \/>\n<span style=\"font-family: verdana, geneva, sans-serif; color: #333333;\">a ty co si\u0119 zapalisz, to si\u0119 z\u017cymasz.<\/span><\/p>\n<p><span style=\"font-family: verdana, geneva, sans-serif; color: #333333;\">Zamiast t\u0119 niepewno\u015b\u0107 snu\u0107,<\/span><br \/>\n<span style=\"font-family: verdana, geneva, sans-serif; color: #333333;\">Ty uczucie w sobie wzbud\u017a.<\/span><br \/>\n<span style=\"font-family: verdana, geneva, sans-serif; color: #333333;\">Uczucie wytrze, co w nim najbrzydsze,<\/span><br \/>\n<span style=\"font-family: verdana, geneva, sans-serif; color: #333333;\">Uczucie zatrze, co nie najg\u0142adsze.<\/span><\/p>\n<p><span style=\"font-family: verdana, geneva, sans-serif; color: #333333;\">To oko zmru\u017cy na feler zbyt du\u017cy,<\/span><br \/>\n<span style=\"font-family: verdana, geneva, sans-serif; color: #333333;\">Tu co\u015b wyd\u0142u\u017cy, tam skr\u00f3ci za\u015b.<\/span><br \/>\n<span style=\"font-family: verdana, geneva, sans-serif; color: #333333;\">Uczucie w Parm\u0119 przemieni Gr\u00f3jec<\/span><br \/>\n<span style=\"font-family: verdana, geneva, sans-serif; color: #333333;\">I to co marne doinwestuje,<\/span><\/p>\n<p><span style=\"font-family: verdana, geneva, sans-serif; color: #333333;\">A zanim kraniec nastanie na nie,<\/span><br \/>\n<span style=\"font-family: verdana, geneva, sans-serif; color: #333333;\">To nies\u0142ychanie wzbogaci ja\u017a\u0144.<\/span><br \/>\n<span style=\"font-family: verdana, geneva, sans-serif; color: #333333;\">Wi\u0119c rzu\u0107, rzu\u0107 chu\u0107!<\/span><br \/>\n<span style=\"font-family: verdana, geneva, sans-serif; color: #333333;\">I miast \u017cy\u0107 chuci\u0105, ku uczuciom ty si\u0119 zwr\u00f3\u0107!<\/span><br \/>\n<span style=\"font-family: verdana, geneva, sans-serif; color: #333333;\">Wi\u0119c rzu\u0107, rzu\u0107 chu\u0107!<\/span><br \/>\n<span style=\"font-family: verdana, geneva, sans-serif; color: #333333;\">I miast \u017cy\u0107 chuci\u0105, ku uczuciom ty si\u0119 zwr\u00f3\u0107!<\/span><\/p>\n","protected":false},"excerpt":{"rendered":"<p>Rzu\u0107 chu\u0107 (s\u0142. J. Przybora, muz. J. Wasowski) Sp\u00f3jrz jak ludzie z uczucia wyzuci niskiej chuci oddaj\u0105 si\u0119 w ucisk. Jak \u0142\u00f3d\u017a chuci ich nieraz wyrzuci na \u017cycia dno \u2013 gdzie gin\u0105, bo zepsuci. Z drogi tej czym pr\u0119dzej wr\u00f3\u0107 i w uczucia wsiadaj \u0142\u00f3d\u017a! Uczucie \u2013 nie wiesz, jak ono zdobi. Uczucie z ciebie &hellip; <a href=\"https:\/\/magdaumer.pl\/home\/spiewnik\/rzuc-chuc\/\" class=\"more-link\">Czytaj dalej <span class=\"screen-reader-text\">Rzu\u0107 chu\u0107<\/span> <span class=\"meta-nav\">&rarr;<\/span><\/a><\/p>\n","protected":false},"author":1,"featured_media":0,"parent":29,"menu_order":0,"comment_status":"closed","ping_status":"closed","template":"","meta":{"footnotes":""},"class_list":["post-2790","page","type-page","status-publish","hentry"],"_links":{"self":[{"href":"https:\/\/magdaumer.pl\/home\/wp-json\/wp\/v2\/pages\/2790","targetHints":{"allow":["GET"]}}],"collection":[{"href":"https:\/\/magdaumer.pl\/home\/wp-json\/wp\/v2\/pages"}],"about":[{"href":"https:\/\/magdaumer.pl\/home\/wp-json\/wp\/v2\/types\/page"}],"author":[{"embeddable":true,"href":"https:\/\/magdaumer.pl\/home\/wp-json\/wp\/v2\/users\/1"}],"replies":[{"embeddable":true,"href":"https:\/\/magdaumer.pl\/home\/wp-json\/wp\/v2\/comments?post=2790"}],"version-history":[{"count":1,"href":"https:\/\/magdaumer.pl\/home\/wp-json\/wp\/v2\/pages\/2790\/revisions"}],"predecessor-version":[{"id":2791,"href":"https:\/\/magdaumer.pl\/home\/wp-json\/wp\/v2\/pages\/2790\/revisions\/2791"}],"up":[{"embeddable":true,"href":"https:\/\/magdaumer.pl\/home\/wp-json\/wp\/v2\/pages\/29"}],"wp:attachment":[{"href":"https:\/\/magdaumer.pl\/home\/wp-json\/wp\/v2\/media?parent=2790"}],"curies":[{"name":"wp","href":"https:\/\/api.w.org\/{rel}","templated":true}]}}

Rzuć chuć

<p><span style="font-family: verdana, geneva, sans-serif;"><span style="font-size: 14pt; color: #000080;"><strong>Rzuć chuć</strong></span><strong><br />
<span style="font-size: 10pt; color: #6699ff;">(sł. J. Przybora, muz. J. Wasowski)</span></p>
<p></strong><span style="color: #333333;">Spójrz jak ludzie z uczucia wyzuci</span></span><br />
<span style="font-family: verdana, geneva, sans-serif; color: #333333;">niskiej chuci oddają się w ucisk.</span><br />
<span style="font-family: verdana, geneva, sans-serif; color: #333333;">Jak łódź chuci ich nieraz wyrzuci</span><br />
<span style="font-family: verdana, geneva, sans-serif; color: #333333;">na życia dno – gdzie giną, bo zepsuci.</span></p>
<p><span style="font-family: verdana, geneva, sans-serif; color: #333333;">Z drogi tej czym prędzej wróć</span><br />
<span style="font-family: verdana, geneva, sans-serif; color: #333333;">i w uczucia wsiadaj łódź!</span><br />
<span style="font-family: verdana, geneva, sans-serif; color: #333333;">Uczucie – nie wiesz, jak ono zdobi.</span><br />
<span style="font-family: verdana, geneva, sans-serif; color: #333333;">Uczucie z ciebie Petrarkę zrobi.</span></p>
<p><span style="font-family: verdana, geneva, sans-serif; color: #333333;">Dajże dziewczynie z miłości coś wynieść &#8211; </span><br />
<span style="font-family: verdana, geneva, sans-serif; color: #333333;">uczucia ty nie oszczędzaj jej.</span><br />
<span style="font-family: verdana, geneva, sans-serif; color: #333333;">Uczucie sprawi, że zachwyt dławić</span><br />
<span style="font-family: verdana, geneva, sans-serif; color: #333333;">cię będzie na widok wielu zjawisk.</span></p>
<p><span style="font-family: verdana, geneva, sans-serif; color: #333333;">Panowie, panie! Uczucie – tanie</span><br />
<span style="font-family: verdana, geneva, sans-serif; color: #333333;">i każdy w stanie jest żywić je.</span><br />
<span style="font-family: verdana, geneva, sans-serif; color: #333333;">Więc rzuć, rzuć chuć!</span><br />
<span style="font-family: verdana, geneva, sans-serif; color: #333333;">I miast żyć chucią, ku uczuciom ty się zwróć!</span><br />
<span style="font-family: verdana, geneva, sans-serif; color: #333333;">Więc rzuć, rzuć chuć!</span><br />
<span style="font-family: verdana, geneva, sans-serif; color: #333333;">I miast żyć chucią, ku uczuciom ty się zwróć!</span></p>
<p><span style="font-family: verdana, geneva, sans-serif; color: #333333;">Gdy dziewczyna nie bardzo cię nęci,</span><br />
<span style="font-family: verdana, geneva, sans-serif; color: #333333;">co to chciałbyś, a nie masz tej chęci…</span><br />
<span style="font-family: verdana, geneva, sans-serif; color: #333333;">Co to jesień już przeszła i zima,</span><br />
<span style="font-family: verdana, geneva, sans-serif; color: #333333;">a ty co się zapalisz, to się zżymasz.</span></p>
<p><span style="font-family: verdana, geneva, sans-serif; color: #333333;">Zamiast tę niepewność snuć,</span><br />
<span style="font-family: verdana, geneva, sans-serif; color: #333333;">Ty uczucie w sobie wzbudź.</span><br />
<span style="font-family: verdana, geneva, sans-serif; color: #333333;">Uczucie wytrze, co w nim najbrzydsze,</span><br />
<span style="font-family: verdana, geneva, sans-serif; color: #333333;">Uczucie zatrze, co nie najgładsze.</span></p>
<p><span style="font-family: verdana, geneva, sans-serif; color: #333333;">To oko zmruży na feler zbyt duży,</span><br />
<span style="font-family: verdana, geneva, sans-serif; color: #333333;">Tu coś wydłuży, tam skróci zaś.</span><br />
<span style="font-family: verdana, geneva, sans-serif; color: #333333;">Uczucie w Parmę przemieni Grójec</span><br />
<span style="font-family: verdana, geneva, sans-serif; color: #333333;">I to co marne doinwestuje,</span></p>
<p><span style="font-family: verdana, geneva, sans-serif; color: #333333;">A zanim kraniec nastanie na nie,</span><br />
<span style="font-family: verdana, geneva, sans-serif; color: #333333;">To niesłychanie wzbogaci jaźń.</span><br />
<span style="font-family: verdana, geneva, sans-serif; color: #333333;">Więc rzuć, rzuć chuć!</span><br />
<span style="font-family: verdana, geneva, sans-serif; color: #333333;">I miast żyć chucią, ku uczuciom ty się zwróć!</span><br />
<span style="font-family: verdana, geneva, sans-serif; color: #333333;">Więc rzuć, rzuć chuć!</span><br />
<span style="font-family: verdana, geneva, sans-serif; color: #333333;">I miast żyć chucią, ku uczuciom ty się zwróć!</span></p>

<p>Rzuć chuć (sł. J. Przybora, muz. J. Wasowski) Spójrz jak ludzie z uczucia wyzuci niskiej chuci oddają się w ucisk. Jak łódź chuci ich nieraz wyrzuci na życia dno – gdzie giną, bo zepsuci. Z drogi tej czym prędzej wróć i w uczucia wsiadaj łódź! Uczucie – nie wiesz, jak ono zdobi. Uczucie z ciebie &hellip; <a href="https://magdaumer.pl/home/spiewnik/rzuc-chuc/" class="more-link">Czytaj dalej <span class="screen-reader-text">Rzuć chuć</span> <span class="meta-nav">&rarr;</span></a></p>
