{"id":1762,"date":"2016-02-25T21:35:07","date_gmt":"2016-02-25T21:35:07","guid":{"rendered":"http:\/\/magdaumer.pl\/home\/?page_id=1762"},"modified":"2016-03-01T22:52:02","modified_gmt":"2016-03-01T22:52:02","slug":"wszystko-dla-twej-milosci","status":"publish","type":"page","link":"https:\/\/magdaumer.pl\/home\/spiewnik\/wszystko-dla-twej-milosci\/","title":{"rendered":"Wszystko dla Twej mi\u0142o\u015bci"},"content":{"rendered":"<p><span style=\"font-family: verdana, geneva, sans-serif;\"><b><span style=\"color: #000080; font-size: 14pt;\">Wszystko dla Twej mi\u0142o\u015bci<\/span><br \/><span style=\"color: #6699ff; font-size: small;\">(s\u0142. i muz. M. Grechuta)<\/span><span style=\"color: #3399ff; font-size: small;\"><br \/><\/span><\/b><\/span><\/p>\n<p><span style=\"color: #333333; font-family: verdana, geneva, sans-serif;\"><br \/>Ju\u017c tyle dni Ciebie u mnie nie by\u0142o<br \/>I przez ten czas nic si\u0119 nie wydarzy\u0142o<br \/>Bo m\u00f3j ca\u0142y \u015bwiat jest dla Ciebie &#8211; a Ty<br \/>Jeste\u015b mi \u015bwiat\u0142em, dolin\u0105 w\u015br\u00f3d mg\u0142y<br \/>Powietrzem, ziemi\u0105 i wod\u0105<\/span><\/p>\n<p><span style=\"font-family: verdana, geneva, sans-serif;\">S\u0142oneczny blask i ksi\u0119\u017cyca latarnia<\/span><br \/><span style=\"font-family: verdana, geneva, sans-serif;\">Wiosenny wiatr, kt\u00f3ry w\u0142osy rozgarnia<\/span><br \/><span style=\"font-family: verdana, geneva, sans-serif;\">Brylanty gwiazd rozrzucone jak mak<\/span><br \/><span style=\"font-family: verdana, geneva, sans-serif;\">Upojno\u015b\u0107 \u0142\u0105k i dzikiego bzu krzak<\/span><br \/><span style=\"font-family: verdana, geneva, sans-serif;\">I cisza drzew nieruchomych<\/span><\/p>\n<p><span style=\"font-family: verdana, geneva, sans-serif;\">Wszystko dla Twej mi\u0142o\u015bci<\/span><br \/><span style=\"font-family: verdana, geneva, sans-serif;\">Wszystko do jej st\u00f3p<\/span><br \/><span style=\"font-family: verdana, geneva, sans-serif;\">Wszystkie \u015bwiata m\u0105dro\u015bci<\/span><br \/><span style=\"font-family: verdana, geneva, sans-serif;\">Najwspanialszy cud<\/span><br \/><span style=\"font-family: verdana, geneva, sans-serif;\">Wszystko by jej nie straci\u0107<\/span><br \/><span style=\"font-family: verdana, geneva, sans-serif;\">Aby mog\u0142a \u017cy\u0107<\/span><br \/><span style=\"font-family: verdana, geneva, sans-serif;\">Wszystko za te s\u0142owa dwa<\/span><br \/><span style=\"font-family: verdana, geneva, sans-serif;\">Te s\u0142owa: kocham Ci\u0119&#8230;<\/span><\/p>\n<p><span style=\"font-family: verdana, geneva, sans-serif;\">Zegarek ten, co ustala\u0142 spotkania<\/span><br \/><span style=\"font-family: verdana, geneva, sans-serif;\">Tych kilka p\u0142yt, do wsp\u00f3lnego s\u0142uchania<\/span><br \/><span style=\"font-family: verdana, geneva, sans-serif;\">Krzes\u0142a i stolik, dwa okna i drzwi<\/span><br \/><span style=\"font-family: verdana, geneva, sans-serif;\">Ten nasz prywatny \u015bwiat nocy i dni<\/span><br \/><span style=\"font-family: verdana, geneva, sans-serif;\">\u015awiat przez nas zaczarowany<\/span><\/p>\n<p><span style=\"font-family: verdana, geneva, sans-serif;\">Sahary \u017car gasi\u0142 ch\u0142odne spojrzenie<\/span><br \/><span style=\"font-family: verdana, geneva, sans-serif;\">Niagary szum t\u0142umi\u0142 smutne westchnienie<\/span><br \/><span style=\"font-family: verdana, geneva, sans-serif;\">Milczenie g\u00f3r by\u0142o echem z\u0142ych s\u0142\u00f3w<\/span><br \/><span style=\"font-family: verdana, geneva, sans-serif;\">S\u0142oneczny brzask zmywa\u0142 pami\u0119\u0107 z\u0142ych sn\u00f3w<\/span><br \/><span style=\"font-family: verdana, geneva, sans-serif;\">A wicher rozwiewa\u0142 chmury<\/span><\/p>\n<p><span style=\"font-family: verdana, geneva, sans-serif;\">Wszystko dla Twej mi\u0142o\u015bci<\/span><br \/><span style=\"font-family: verdana, geneva, sans-serif;\">Wszystko do jej st\u00f3p<\/span><br \/><span style=\"font-family: verdana, geneva, sans-serif;\">Wszystkie \u015bwiata rado\u015bci<\/span><br \/><span style=\"font-family: verdana, geneva, sans-serif;\">Najcenniejszy \u0142up<\/span><br \/><span style=\"font-family: verdana, geneva, sans-serif;\">Wszystko by jej nie straci\u0107<\/span><br \/><span style=\"font-family: verdana, geneva, sans-serif;\">Aby mog\u0142a \u017cy\u0107<\/span><br \/><span style=\"font-family: verdana, geneva, sans-serif;\">Wszystko za te s\u0142owa dwa<\/span><br \/><span style=\"font-family: verdana, geneva, sans-serif;\">Te s\u0142owa: kocham Ci\u0119&#8230;<\/span><\/p>\n<p><span style=\"font-family: verdana, geneva, sans-serif;\">Ostatni grosz by j\u0105 nakarmi\u0107<\/span><br \/><span style=\"font-family: verdana, geneva, sans-serif;\">Ostatek si\u0142 by j\u0105 ocali\u0107<\/span><br \/><span style=\"font-family: verdana, geneva, sans-serif;\">Najlepszy \u017cart by j\u0105 rozbawi\u0107<\/span><br \/><span style=\"font-family: verdana, geneva, sans-serif;\">Najlepszy wiersz by j\u0105 zachwyci\u0107<\/span><br \/><span style=\"font-family: verdana, geneva, sans-serif;\">By by\u0142a, by by\u0142a szcz\u0119\u015bliwa&#8230;<\/span><\/p>\n<p>&nbsp;<\/p>\n<audio class=\"wp-audio-shortcode\" id=\"audio-1762-1\" preload=\"none\" style=\"width: 100%;\" controls=\"controls\"><source type=\"audio\/mpeg\" src=\"http:\/\/magdaumer.pl\/home\/wp-content\/uploads\/2014\/12\/wszystkodlatwejmilosci.mp3?_=1\" \/><a href=\"http:\/\/magdaumer.pl\/home\/wp-content\/uploads\/2014\/12\/wszystkodlatwejmilosci.mp3\">http:\/\/magdaumer.pl\/home\/wp-content\/uploads\/2014\/12\/wszystkodlatwejmilosci.mp3<\/a><\/audio>\n","protected":false},"excerpt":{"rendered":"<p>Wszystko dla Twej mi\u0142o\u015bci(s\u0142. i muz. M. Grechuta) Ju\u017c tyle dni Ciebie u mnie nie by\u0142oI przez ten czas nic si\u0119 nie wydarzy\u0142oBo m\u00f3j ca\u0142y \u015bwiat jest dla Ciebie &#8211; a TyJeste\u015b mi \u015bwiat\u0142em, dolin\u0105 w\u015br\u00f3d mg\u0142yPowietrzem, ziemi\u0105 i wod\u0105 S\u0142oneczny blask i ksi\u0119\u017cyca latarniaWiosenny wiatr, kt\u00f3ry w\u0142osy rozgarniaBrylanty gwiazd rozrzucone jak makUpojno\u015b\u0107 \u0142\u0105k i &hellip; <a href=\"https:\/\/magdaumer.pl\/home\/spiewnik\/wszystko-dla-twej-milosci\/\" class=\"more-link\">Czytaj dalej <span class=\"screen-reader-text\">Wszystko dla Twej mi\u0142o\u015bci<\/span> <span class=\"meta-nav\">&rarr;<\/span><\/a><\/p>\n","protected":false},"author":1,"featured_media":0,"parent":29,"menu_order":152,"comment_status":"closed","ping_status":"closed","template":"","meta":{"footnotes":""},"class_list":["post-1762","page","type-page","status-publish","hentry"],"_links":{"self":[{"href":"https:\/\/magdaumer.pl\/home\/wp-json\/wp\/v2\/pages\/1762","targetHints":{"allow":["GET"]}}],"collection":[{"href":"https:\/\/magdaumer.pl\/home\/wp-json\/wp\/v2\/pages"}],"about":[{"href":"https:\/\/magdaumer.pl\/home\/wp-json\/wp\/v2\/types\/page"}],"author":[{"embeddable":true,"href":"https:\/\/magdaumer.pl\/home\/wp-json\/wp\/v2\/users\/1"}],"replies":[{"embeddable":true,"href":"https:\/\/magdaumer.pl\/home\/wp-json\/wp\/v2\/comments?post=1762"}],"version-history":[{"count":3,"href":"https:\/\/magdaumer.pl\/home\/wp-json\/wp\/v2\/pages\/1762\/revisions"}],"predecessor-version":[{"id":2370,"href":"https:\/\/magdaumer.pl\/home\/wp-json\/wp\/v2\/pages\/1762\/revisions\/2370"}],"up":[{"embeddable":true,"href":"https:\/\/magdaumer.pl\/home\/wp-json\/wp\/v2\/pages\/29"}],"wp:attachment":[{"href":"https:\/\/magdaumer.pl\/home\/wp-json\/wp\/v2\/media?parent=1762"}],"curies":[{"name":"wp","href":"https:\/\/api.w.org\/{rel}","templated":true}]}}