{"id":1653,"date":"2016-01-18T00:00:46","date_gmt":"2016-01-18T00:00:46","guid":{"rendered":"http:\/\/magdaumer.pl\/home\/?page_id=1653"},"modified":"2016-01-18T00:02:23","modified_gmt":"2016-01-18T00:02:23","slug":"trzymaj-sie","status":"publish","type":"page","link":"https:\/\/magdaumer.pl\/home\/spiewnik\/trzymaj-sie\/","title":{"rendered":"Trzymaj si\u0119"},"content":{"rendered":"<p><span style=\"font-family: verdana, geneva, sans-serif;\"><b><span style=\"color: #000080; font-size: 14pt;\">Trzymaj si\u0119<\/span><br \/>\n<span style=\"color: #6699ff; font-size: small;\">(s\u0142. A. Poniedzielski, muz. S. Krajewski)<\/span><span style=\"color: #3399ff; font-size: small;\"><br \/>\n<\/span><br \/>\n<\/b><span style=\"color: #666666;\"><br \/>\n<\/span><span style=\"color: #666666;\"><span style=\"color: #333333;\">W samotno\u015bci twojej cichy k\u0105t<\/span><\/span><span style=\"color: #666666;\"><br \/>\n<span style=\"color: #333333;\">Gdzie dochodzi woda, radio, pr\u0105d<\/span><br \/>\n<span style=\"color: #333333;\">Kiedy ca\u0142y \u015bwiat u st\u00f3p si\u0119 ma<\/span><br \/>\n<span style=\"color: #333333;\">Na Grenlandi\u0119 czasem spadnie \u0142za<\/span><br \/>\n<span style=\"color: #333333;\">By\u0142o wino i radosny \u015bpiew<\/span><br \/>\n<span style=\"color: #333333;\">Nie omin\u0105\u0142 nas m\u0142odzie\u0144czy gniew<\/span><br \/>\n<span style=\"color: #333333;\">Dzisiaj wiatr Histerii w \u017cagle dmie<\/span><br \/>\n<span style=\"color: #333333;\">A na murach has\u0142o: \u201eTrzymaj si\u0119\u201d<\/span><\/span><\/span><\/p>\n<p><span style=\"color: #333333; font-family: verdana, geneva, sans-serif;\">Trzymaj si\u0119 swoich chmur<\/span><br \/>\n<span style=\"color: #333333; font-family: verdana, geneva, sans-serif;\"> Mieszkaj tam, a bywaj tu<\/span><br \/>\n<span style=\"color: #333333; font-family: verdana, geneva, sans-serif;\"> Ka\u017cdy t\u0119 nadzieje ma<\/span><br \/>\n<span style=\"color: #333333; font-family: verdana, geneva, sans-serif;\"> Zagra\u0107 w filmie \u201e\u017bycie dwa\u201d<\/span><br \/>\n<span style=\"color: #333333; font-family: verdana, geneva, sans-serif;\"> Trzymaj si\u0119 swoich chmur<\/span><br \/>\n<span style=\"color: #333333; font-family: verdana, geneva, sans-serif;\"> Mieszkaj tam, a bywaj tu<\/span><br \/>\n<span style=\"color: #333333; font-family: verdana, geneva, sans-serif;\"> Spos\u00f3b na liczenie lat<\/span><br \/>\n<span style=\"color: #333333; font-family: verdana, geneva, sans-serif;\"> Durnie\u0107 wolniej ni\u017c ten \u015bwiat<\/span><\/p>\n<p><span style=\"color: #333333; font-family: verdana, geneva, sans-serif;\">Mimo wszystko mo\u017cna nie mie\u0107 nic<\/span><br \/>\n<span style=\"color: #333333; font-family: verdana, geneva, sans-serif;\"> Szar\u0105 nitk\u0105 \u0142\u0105czy\u0107 szare dni<\/span><br \/>\n<span style=\"color: #333333; font-family: verdana, geneva, sans-serif;\"> Wielki \u015bwiat po ciebie listy \u015ble<\/span><br \/>\n<span style=\"color: #333333; font-family: verdana, geneva, sans-serif;\"> Szalik we\u017a, po za tym\u2026 Trzymaj si\u0119\u2026<\/span><\/p>\n<p><span style=\"color: #333333; font-family: verdana, geneva, sans-serif;\">Trzymaj si\u0119\u2026<\/span><\/p>\n<p>&nbsp;<\/p>\n<audio class=\"wp-audio-shortcode\" id=\"audio-1653-1\" preload=\"none\" style=\"width: 100%;\" controls=\"controls\"><source type=\"audio\/mpeg\" src=\"http:\/\/magdaumer.pl\/home\/wp-content\/uploads\/2014\/12\/trzymajsie.mp3?_=1\" \/><a href=\"http:\/\/magdaumer.pl\/home\/wp-content\/uploads\/2014\/12\/trzymajsie.mp3\">http:\/\/magdaumer.pl\/home\/wp-content\/uploads\/2014\/12\/trzymajsie.mp3<\/a><\/audio>\n","protected":false},"excerpt":{"rendered":"<p>Trzymaj si\u0119 (s\u0142. A. Poniedzielski, muz. S. Krajewski) W samotno\u015bci twojej cichy k\u0105t Gdzie dochodzi woda, radio, pr\u0105d Kiedy ca\u0142y \u015bwiat u st\u00f3p si\u0119 ma Na Grenlandi\u0119 czasem spadnie \u0142za By\u0142o wino i radosny \u015bpiew Nie omin\u0105\u0142 nas m\u0142odzie\u0144czy gniew Dzisiaj wiatr Histerii w \u017cagle dmie A na murach has\u0142o: \u201eTrzymaj si\u0119\u201d Trzymaj si\u0119 swoich &hellip; <a href=\"https:\/\/magdaumer.pl\/home\/spiewnik\/trzymaj-sie\/\" class=\"more-link\">Czytaj dalej <span class=\"screen-reader-text\">Trzymaj si\u0119<\/span> <span class=\"meta-nav\">&rarr;<\/span><\/a><\/p>\n","protected":false},"author":1,"featured_media":0,"parent":29,"menu_order":139,"comment_status":"closed","ping_status":"closed","template":"","meta":{"footnotes":""},"class_list":["post-1653","page","type-page","status-publish","hentry"],"_links":{"self":[{"href":"https:\/\/magdaumer.pl\/home\/wp-json\/wp\/v2\/pages\/1653","targetHints":{"allow":["GET"]}}],"collection":[{"href":"https:\/\/magdaumer.pl\/home\/wp-json\/wp\/v2\/pages"}],"about":[{"href":"https:\/\/magdaumer.pl\/home\/wp-json\/wp\/v2\/types\/page"}],"author":[{"embeddable":true,"href":"https:\/\/magdaumer.pl\/home\/wp-json\/wp\/v2\/users\/1"}],"replies":[{"embeddable":true,"href":"https:\/\/magdaumer.pl\/home\/wp-json\/wp\/v2\/comments?post=1653"}],"version-history":[{"count":3,"href":"https:\/\/magdaumer.pl\/home\/wp-json\/wp\/v2\/pages\/1653\/revisions"}],"predecessor-version":[{"id":1656,"href":"https:\/\/magdaumer.pl\/home\/wp-json\/wp\/v2\/pages\/1653\/revisions\/1656"}],"up":[{"embeddable":true,"href":"https:\/\/magdaumer.pl\/home\/wp-json\/wp\/v2\/pages\/29"}],"wp:attachment":[{"href":"https:\/\/magdaumer.pl\/home\/wp-json\/wp\/v2\/media?parent=1653"}],"curies":[{"name":"wp","href":"https:\/\/api.w.org\/{rel}","templated":true}]}}