{"id":1610,"date":"2016-01-17T23:05:05","date_gmt":"2016-01-17T23:05:05","guid":{"rendered":"http:\/\/magdaumer.pl\/home\/?page_id=1610"},"modified":"2016-01-17T23:06:27","modified_gmt":"2016-01-17T23:06:27","slug":"smierc-ptaka","status":"publish","type":"page","link":"https:\/\/magdaumer.pl\/home\/spiewnik\/smierc-ptaka\/","title":{"rendered":"\u015amier\u0107 ptaka"},"content":{"rendered":"<p><span style=\"font-family: verdana, geneva, sans-serif;\"><b><span style=\"color: #000080; font-size: 14pt;\">\u015amier\u0107 ptaka<\/span><br \/>\n<span style=\"color: #6699ff; font-size: small;\">(s\u0142. J. Przybora, muz. J. Wasowski)<\/span><span style=\"color: #3399ff; font-size: small;\"><br \/>\n<\/span><br \/>\n<\/b><span style=\"color: #333333;\"><br \/>\n\u015amier\u0107 ptaka to jest<br \/>\nma\u0142a \u015bmier\u0107<br \/>\n\u015bmier\u0107 ptaka to jest<br \/>\n\u015bmierci cz\u0119\u015b\u0107<br \/>\n\u015bmier\u0107 ptaka to jest<br \/>\ndla cz\u0142owieka<br \/>\nma\u0142a \u015bmier\u0107<br \/>\n\u015bmierci \u0107wier\u0107<br \/>\ndziesi\u0119\u0107 deka<\/span><\/span><\/p>\n<p><span style=\"font-family: verdana, geneva, sans-serif; color: #333333;\">\u015amier\u0107 ptaka to jest<\/span><br \/>\n<span style=\"font-family: verdana, geneva, sans-serif; color: #333333;\"> koci skok<\/span><br \/>\n<span style=\"font-family: verdana, geneva, sans-serif; color: #333333;\"> \u015bmier\u0107 ptaka to jest<\/span><br \/>\n<span style=\"font-family: verdana, geneva, sans-serif; color: #333333;\"> strza\u0142 i mrok<\/span><br \/>\n<span style=\"font-family: verdana, geneva, sans-serif; color: #333333;\"> \u015bmier\u0107 ptaka to jest<\/span><br \/>\n<span style=\"font-family: verdana, geneva, sans-serif; color: #333333;\"> \u017cal niewielki<\/span><br \/>\n<span style=\"font-family: verdana, geneva, sans-serif; color: #333333;\"> kres bez \u0142ez<\/span><br \/>\n<span style=\"font-family: verdana, geneva, sans-serif; color: #333333;\"> oczy jak dwie<\/span><br \/>\n<span style=\"font-family: verdana, geneva, sans-serif; color: #333333;\"> snu kropelki<\/span><br \/>\n<span style=\"font-family: verdana, geneva, sans-serif; color: #333333;\"> Dla ptaka to lot<\/span><br \/>\n<span style=\"font-family: verdana, geneva, sans-serif; color: #333333;\"> w j\u0105dro chmur<\/span><br \/>\n<span style=\"font-family: verdana, geneva, sans-serif; color: #333333;\"> dla ptaka to lot<\/span><br \/>\n<span style=\"font-family: verdana, geneva, sans-serif; color: #333333;\"> martwych pi\u00f3r<\/span><br \/>\n<span style=\"font-family: verdana, geneva, sans-serif; color: #333333;\"> dla ptaka to lot<\/span><br \/>\n<span style=\"font-family: verdana, geneva, sans-serif; color: #333333;\"> w kt\u00f3rym nie ma<\/span><br \/>\n<span style=\"font-family: verdana, geneva, sans-serif; color: #333333;\"> ani drzew<\/span><br \/>\n<span style=\"font-family: verdana, geneva, sans-serif; color: #333333;\"> ani rzek<\/span><br \/>\n<span style=\"font-family: verdana, geneva, sans-serif; color: #333333;\"> ani nieba<\/span><br \/>\n<span style=\"font-family: verdana, geneva, sans-serif; color: #333333;\"> nie ma nic<\/span><\/p>\n<p><span style=\"font-family: verdana, geneva, sans-serif; color: #333333;\">\u015amier\u0107 ptaka to jest<\/span><br \/>\n<span style=\"font-family: verdana, geneva, sans-serif; color: #333333;\"> kropla krwi<\/span><br \/>\n<span style=\"font-family: verdana, geneva, sans-serif; color: #333333;\"> bardzo podobna do twej<\/span><br \/>\n<span style=\"font-family: verdana, geneva, sans-serif; color: #333333;\"> kropli krwi<\/span><br \/>\n<span style=\"font-family: verdana, geneva, sans-serif; color: #333333;\"> bardzo podobna do twej<\/span><br \/>\n<span style=\"font-family: verdana, geneva, sans-serif; color: #333333;\"> otch\u0142a\u0144 taka<\/span><br \/>\n<span style=\"font-family: verdana, geneva, sans-serif; color: #333333;\"> ten sam pr\u00f3g<\/span><br \/>\n<span style=\"font-family: verdana, geneva, sans-serif; color: #333333;\"> bramy trw\u00f3g<\/span><br \/>\n<span style=\"font-family: verdana, geneva, sans-serif; color: #333333;\"> ten sam pr\u00f3g<\/span><br \/>\n<span style=\"font-family: verdana, geneva, sans-serif; color: #333333;\"> bramy trw\u00f3g<\/span><br \/>\n<span style=\"font-family: verdana, geneva, sans-serif; color: #333333;\"> wi\u0119c nie lekcewa\u017c<\/span><br \/>\n<span style=\"font-family: verdana, geneva, sans-serif; color: #333333;\"> \u015bmierci ptaka<\/span><br \/>\n<span style=\"font-family: verdana, geneva, sans-serif; color: #333333;\"> nie lekcewa\u017c<\/span><\/p>\n","protected":false},"excerpt":{"rendered":"<p>\u015amier\u0107 ptaka (s\u0142. J. Przybora, muz. J. Wasowski) \u015amier\u0107 ptaka to jest ma\u0142a \u015bmier\u0107 \u015bmier\u0107 ptaka to jest \u015bmierci cz\u0119\u015b\u0107 \u015bmier\u0107 ptaka to jest dla cz\u0142owieka ma\u0142a \u015bmier\u0107 \u015bmierci \u0107wier\u0107 dziesi\u0119\u0107 deka \u015amier\u0107 ptaka to jest koci skok \u015bmier\u0107 ptaka to jest strza\u0142 i mrok \u015bmier\u0107 ptaka to jest \u017cal niewielki kres bez \u0142ez oczy &hellip; <a href=\"https:\/\/magdaumer.pl\/home\/spiewnik\/smierc-ptaka\/\" class=\"more-link\">Czytaj dalej <span class=\"screen-reader-text\">\u015amier\u0107 ptaka<\/span> <span class=\"meta-nav\">&rarr;<\/span><\/a><\/p>\n","protected":false},"author":1,"featured_media":0,"parent":29,"menu_order":129,"comment_status":"closed","ping_status":"closed","template":"","meta":{"footnotes":""},"class_list":["post-1610","page","type-page","status-publish","hentry"],"_links":{"self":[{"href":"https:\/\/magdaumer.pl\/home\/wp-json\/wp\/v2\/pages\/1610","targetHints":{"allow":["GET"]}}],"collection":[{"href":"https:\/\/magdaumer.pl\/home\/wp-json\/wp\/v2\/pages"}],"about":[{"href":"https:\/\/magdaumer.pl\/home\/wp-json\/wp\/v2\/types\/page"}],"author":[{"embeddable":true,"href":"https:\/\/magdaumer.pl\/home\/wp-json\/wp\/v2\/users\/1"}],"replies":[{"embeddable":true,"href":"https:\/\/magdaumer.pl\/home\/wp-json\/wp\/v2\/comments?post=1610"}],"version-history":[{"count":3,"href":"https:\/\/magdaumer.pl\/home\/wp-json\/wp\/v2\/pages\/1610\/revisions"}],"predecessor-version":[{"id":1612,"href":"https:\/\/magdaumer.pl\/home\/wp-json\/wp\/v2\/pages\/1610\/revisions\/1612"}],"up":[{"embeddable":true,"href":"https:\/\/magdaumer.pl\/home\/wp-json\/wp\/v2\/pages\/29"}],"wp:attachment":[{"href":"https:\/\/magdaumer.pl\/home\/wp-json\/wp\/v2\/media?parent=1610"}],"curies":[{"name":"wp","href":"https:\/\/api.w.org\/{rel}","templated":true}]}}

Śmierć ptaka

<p><span style="font-family: verdana, geneva, sans-serif;"><b><span style="color: #000080; font-size: 14pt;">Śmierć ptaka</span><br />
<span style="color: #6699ff; font-size: small;">(sł. J. Przybora, muz. J. Wasowski)</span><span style="color: #3399ff; font-size: small;"><br />
</span><br />
</b><span style="color: #333333;"><br />
Śmierć ptaka to jest<br />
mała śmierć<br />
śmierć ptaka to jest<br />
śmierci część<br />
śmierć ptaka to jest<br />
dla człowieka<br />
mała śmierć<br />
śmierci ćwierć<br />
dziesięć deka</span></span></p>
<p><span style="font-family: verdana, geneva, sans-serif; color: #333333;">Śmierć ptaka to jest</span><br />
<span style="font-family: verdana, geneva, sans-serif; color: #333333;"> koci skok</span><br />
<span style="font-family: verdana, geneva, sans-serif; color: #333333;"> śmierć ptaka to jest</span><br />
<span style="font-family: verdana, geneva, sans-serif; color: #333333;"> strzał i mrok</span><br />
<span style="font-family: verdana, geneva, sans-serif; color: #333333;"> śmierć ptaka to jest</span><br />
<span style="font-family: verdana, geneva, sans-serif; color: #333333;"> żal niewielki</span><br />
<span style="font-family: verdana, geneva, sans-serif; color: #333333;"> kres bez łez</span><br />
<span style="font-family: verdana, geneva, sans-serif; color: #333333;"> oczy jak dwie</span><br />
<span style="font-family: verdana, geneva, sans-serif; color: #333333;"> snu kropelki</span><br />
<span style="font-family: verdana, geneva, sans-serif; color: #333333;"> Dla ptaka to lot</span><br />
<span style="font-family: verdana, geneva, sans-serif; color: #333333;"> w jądro chmur</span><br />
<span style="font-family: verdana, geneva, sans-serif; color: #333333;"> dla ptaka to lot</span><br />
<span style="font-family: verdana, geneva, sans-serif; color: #333333;"> martwych piór</span><br />
<span style="font-family: verdana, geneva, sans-serif; color: #333333;"> dla ptaka to lot</span><br />
<span style="font-family: verdana, geneva, sans-serif; color: #333333;"> w którym nie ma</span><br />
<span style="font-family: verdana, geneva, sans-serif; color: #333333;"> ani drzew</span><br />
<span style="font-family: verdana, geneva, sans-serif; color: #333333;"> ani rzek</span><br />
<span style="font-family: verdana, geneva, sans-serif; color: #333333;"> ani nieba</span><br />
<span style="font-family: verdana, geneva, sans-serif; color: #333333;"> nie ma nic</span></p>
<p><span style="font-family: verdana, geneva, sans-serif; color: #333333;">Śmierć ptaka to jest</span><br />
<span style="font-family: verdana, geneva, sans-serif; color: #333333;"> kropla krwi</span><br />
<span style="font-family: verdana, geneva, sans-serif; color: #333333;"> bardzo podobna do twej</span><br />
<span style="font-family: verdana, geneva, sans-serif; color: #333333;"> kropli krwi</span><br />
<span style="font-family: verdana, geneva, sans-serif; color: #333333;"> bardzo podobna do twej</span><br />
<span style="font-family: verdana, geneva, sans-serif; color: #333333;"> otchłań taka</span><br />
<span style="font-family: verdana, geneva, sans-serif; color: #333333;"> ten sam próg</span><br />
<span style="font-family: verdana, geneva, sans-serif; color: #333333;"> bramy trwóg</span><br />
<span style="font-family: verdana, geneva, sans-serif; color: #333333;"> ten sam próg</span><br />
<span style="font-family: verdana, geneva, sans-serif; color: #333333;"> bramy trwóg</span><br />
<span style="font-family: verdana, geneva, sans-serif; color: #333333;"> więc nie lekceważ</span><br />
<span style="font-family: verdana, geneva, sans-serif; color: #333333;"> śmierci ptaka</span><br />
<span style="font-family: verdana, geneva, sans-serif; color: #333333;"> nie lekceważ</span></p>

<p>Śmierć ptaka (sł. J. Przybora, muz. J. Wasowski) Śmierć ptaka to jest mała śmierć śmierć ptaka to jest śmierci część śmierć ptaka to jest dla człowieka mała śmierć śmierci ćwierć dziesięć deka Śmierć ptaka to jest koci skok śmierć ptaka to jest strzał i mrok śmierć ptaka to jest żal niewielki kres bez łez oczy &hellip; <a href="https://magdaumer.pl/home/spiewnik/smierc-ptaka/" class="more-link">Czytaj dalej <span class="screen-reader-text">Śmierć ptaka</span> <span class="meta-nav">&rarr;</span></a></p>
