{"id":1602,"date":"2016-01-17T22:50:10","date_gmt":"2016-01-17T22:50:10","guid":{"rendered":"http:\/\/magdaumer.pl\/home\/?page_id=1602"},"modified":"2016-01-17T22:52:30","modified_gmt":"2016-01-17T22:52:30","slug":"szpetni-czterdziestoletni","status":"publish","type":"page","link":"https:\/\/magdaumer.pl\/home\/spiewnik\/szpetni-czterdziestoletni\/","title":{"rendered":"Szpetni czterdziestoletni"},"content":{"rendered":"<p><span style=\"font-family: verdana, geneva, sans-serif;\"><b><span style=\"color: #000080; font-size: 14pt;\">Szpetni czterdziestoletni<\/span><br \/>\n<span style=\"color: #6699ff; font-size: small;\">(s\u0142. A. Osiecka, muz. S. Krajewski)<\/span><span style=\"color: #3399ff; font-size: small;\"><br \/>\n<\/span><br \/>\n<\/b><span style=\"color: #333333;\"><br \/>\nW taki wiecz\u00f3r ani zimny, ani letni<br \/>\nPo ulicach, po zau\u0142kach i po placach<br \/>\nSpaceruj\u0105 sobie szpetni<br \/>\nSpaceruj\u0105 sobie szpetni, czterdziestoletni po swoich pracach<br \/>\nKa\u017cdy dawno rozwiedziony, idzie mocno zamy\u015blony<br \/>\nNiczym wdowiec po ideach i po babach<br \/>\nCo pomy\u015bli, to wymy\u015bli<br \/>\nPotem jeszcze mu si\u0119 przy\u015bni<br \/>\nBo to taka jest, widzicie, smutna sprawa<\/span><\/span><\/p>\n<p><span style=\"font-family: verdana, geneva, sans-serif; color: #333333;\">Odczuwamy troch\u0119 zgagi po tym \u017cyciu<\/span><br \/>\n<span style=\"font-family: verdana, geneva, sans-serif; color: #333333;\"> Po tym \u017cyciu, po przepiciu itp.<\/span><br \/>\n<span style=\"font-family: verdana, geneva, sans-serif; color: #333333;\"> Odczuwamy troch\u0119 kaca, \u017ce co by\u0142o to nie wraca<\/span><br \/>\n<span style=\"font-family: verdana, geneva, sans-serif; color: #333333;\"> Jak ten kocha\u015b, kt\u00f3ry zgin\u0105\u0142 w sinej mgle<\/span><\/p>\n<p><span style=\"font-family: verdana, geneva, sans-serif; color: #333333;\">Odczuwamy troch\u0119 \u017calu, \u017ce tak wcze\u015bnie jest po balu<\/span><br \/>\n<span style=\"font-family: verdana, geneva, sans-serif; color: #333333;\"> Chocia\u017c noga si\u0119 do ta\u0144ca jeszcze rwie<\/span><br \/>\n<span style=\"font-family: verdana, geneva, sans-serif; color: #333333;\"> Chce si\u0119 ta\u0144czy\u0107, chce si\u0119 walczy\u0107<\/span><br \/>\n<span style=\"font-family: verdana, geneva, sans-serif; color: #333333;\"> A tu nagle: Panie Starszy<\/span><br \/>\n<span style=\"font-family: verdana, geneva, sans-serif; color: #333333;\"> Zamykamy, zamykamy<\/span><br \/>\n<span style=\"font-family: verdana, geneva, sans-serif; color: #333333;\"> Tak czy nie?<\/span><\/p>\n<p><span style=\"font-family: verdana, geneva, sans-serif; color: #333333;\">Powtarzamy ba\u0142amutnie, \u017ce bywa\u0142o jeszcze smutniej<\/span><br \/>\n<span style=\"font-family: verdana, geneva, sans-serif; color: #333333;\"> wychylamy pi\u0119\u0107dziesi\u0105tk\u0119, albo dwie<\/span><br \/>\n<span style=\"font-family: verdana, geneva, sans-serif; color: #333333;\"> Zazdro\u015bcimy m\u0142odszym siostrom<\/span><br \/>\n<span style=\"font-family: verdana, geneva, sans-serif; color: #333333;\"> Cytujemy co\u015b z po prostu<\/span><br \/>\n<span style=\"font-family: verdana, geneva, sans-serif; color: #333333;\"> Chcemy prawdy, tylko prawdy itp.<\/span><br \/>\n<span style=\"font-family: verdana, geneva, sans-serif; color: #333333;\"> Czasem kogo\u015b kto\u015b spotyka, siwa chandra nagle znika<\/span><br \/>\n<span style=\"font-family: verdana, geneva, sans-serif; color: #333333;\"> Kto\u015b ubiera si\u0119 w kolczyki z naszych \u0142ez<\/span><br \/>\n<span style=\"font-family: verdana, geneva, sans-serif; color: #333333;\"> Chwil\u0119 jest si\u0119 w si\u00f3dmym niebie<\/span><br \/>\n<span style=\"font-family: verdana, geneva, sans-serif; color: #333333;\"> Potem wraca si\u0119 do siebie<\/span><br \/>\n<span style=\"font-family: verdana, geneva, sans-serif; color: #333333;\"> Tylko powiedz, tylko powiedz gdzie to jest<\/span><br \/>\n<span style=\"font-family: verdana, geneva, sans-serif; color: #333333;\"> Tylko powiedz, tylko powiedz gdzie to jest\u2026<\/span><\/p>\n<p>&nbsp;<\/p>\n<audio class=\"wp-audio-shortcode\" id=\"audio-1602-1\" preload=\"none\" style=\"width: 100%;\" controls=\"controls\"><source type=\"audio\/mpeg\" src=\"http:\/\/magdaumer.pl\/home\/wp-content\/uploads\/2014\/12\/szpetniczterdziestoletni.mp3?_=1\" \/><a href=\"http:\/\/magdaumer.pl\/home\/wp-content\/uploads\/2014\/12\/szpetniczterdziestoletni.mp3\">http:\/\/magdaumer.pl\/home\/wp-content\/uploads\/2014\/12\/szpetniczterdziestoletni.mp3<\/a><\/audio>\n","protected":false},"excerpt":{"rendered":"<p>Szpetni czterdziestoletni (s\u0142. A. Osiecka, muz. S. Krajewski) W taki wiecz\u00f3r ani zimny, ani letni Po ulicach, po zau\u0142kach i po placach Spaceruj\u0105 sobie szpetni Spaceruj\u0105 sobie szpetni, czterdziestoletni po swoich pracach Ka\u017cdy dawno rozwiedziony, idzie mocno zamy\u015blony Niczym wdowiec po ideach i po babach Co pomy\u015bli, to wymy\u015bli Potem jeszcze mu si\u0119 przy\u015bni Bo &hellip; <a href=\"https:\/\/magdaumer.pl\/home\/spiewnik\/szpetni-czterdziestoletni\/\" class=\"more-link\">Czytaj dalej <span class=\"screen-reader-text\">Szpetni czterdziestoletni<\/span> <span class=\"meta-nav\">&rarr;<\/span><\/a><\/p>\n","protected":false},"author":1,"featured_media":0,"parent":29,"menu_order":127,"comment_status":"closed","ping_status":"closed","template":"","meta":{"footnotes":""},"class_list":["post-1602","page","type-page","status-publish","hentry"],"_links":{"self":[{"href":"https:\/\/magdaumer.pl\/home\/wp-json\/wp\/v2\/pages\/1602","targetHints":{"allow":["GET"]}}],"collection":[{"href":"https:\/\/magdaumer.pl\/home\/wp-json\/wp\/v2\/pages"}],"about":[{"href":"https:\/\/magdaumer.pl\/home\/wp-json\/wp\/v2\/types\/page"}],"author":[{"embeddable":true,"href":"https:\/\/magdaumer.pl\/home\/wp-json\/wp\/v2\/users\/1"}],"replies":[{"embeddable":true,"href":"https:\/\/magdaumer.pl\/home\/wp-json\/wp\/v2\/comments?post=1602"}],"version-history":[{"count":3,"href":"https:\/\/magdaumer.pl\/home\/wp-json\/wp\/v2\/pages\/1602\/revisions"}],"predecessor-version":[{"id":1605,"href":"https:\/\/magdaumer.pl\/home\/wp-json\/wp\/v2\/pages\/1602\/revisions\/1605"}],"up":[{"embeddable":true,"href":"https:\/\/magdaumer.pl\/home\/wp-json\/wp\/v2\/pages\/29"}],"wp:attachment":[{"href":"https:\/\/magdaumer.pl\/home\/wp-json\/wp\/v2\/media?parent=1602"}],"curies":[{"name":"wp","href":"https:\/\/api.w.org\/{rel}","templated":true}]}}