{"id":1597,"date":"2016-01-17T22:43:47","date_gmt":"2016-01-17T22:43:47","guid":{"rendered":"http:\/\/magdaumer.pl\/home\/?page_id=1597"},"modified":"2016-03-01T22:26:21","modified_gmt":"2016-03-01T22:26:21","slug":"szli-tedy-ludzie","status":"publish","type":"page","link":"https:\/\/magdaumer.pl\/home\/spiewnik\/szli-tedy-ludzie\/","title":{"rendered":"Szli t\u0119dy ludzie"},"content":{"rendered":"<p><span style=\"font-family: verdana, geneva, sans-serif;\"><b><span style=\"color: #000080; font-size: 14pt;\">Szli t\u0119dy ludzie<\/span><br \/> <span style=\"color: #6699ff; font-size: small;\">(s\u0142. B. Le\u015bmian, muz. S. Syrewicz)<\/span><span style=\"color: #3399ff; font-size: small;\"><br \/> <\/span><\/b><\/span><\/p>\n<p><span style=\"font-family: verdana, geneva, sans-serif;\"><br \/>Szli t\u0119dy ludzie biedni, pro\u015bci<\/span><br \/><span style=\"color: #333333; font-family: verdana, geneva, sans-serif; line-height: 1.5;\">Bez przeznaczenia, bez przysz\u0142o\u015bci<br \/><\/span><span style=\"color: #333333; font-family: verdana, geneva, sans-serif; line-height: 1.5;\">Widzia\u0142am ich, s\u0142ysza\u0142am ich<br \/><\/span><span style=\"color: #333333; font-family: verdana, geneva, sans-serif; line-height: 1.5;\">Szli niepotrzebni, nieprzytomni<br \/><\/span><span style=\"color: #333333; font-family: verdana, geneva, sans-serif; line-height: 1.5;\">Kto ich zobaczy &#8211; ten zapomni<br \/><\/span><span style=\"color: #333333; font-family: verdana, geneva, sans-serif; line-height: 1.5;\">Widzia\u0142am ich, s\u0142ysza\u0142am ich<\/span><\/p>\n<p><span style=\"font-family: verdana, geneva, sans-serif; color: #333333;\">Szli ubogiego brzegiem cienia<\/span><br \/> <span style=\"font-family: verdana, geneva, sans-serif; color: #333333;\"> I nikt nie stwierdzi\u0142 ich istnienia<\/span><br \/> <span style=\"font-family: verdana, geneva, sans-serif; color: #333333;\"> Widzia\u0142am ich, s\u0142ysza\u0142am ich<\/span><\/p>\n<p><span style=\"font-family: verdana, geneva, sans-serif; color: #333333;\">\u015apiewali skarg\u0119 byle jak\u0105<\/span><br \/> <span style=\"font-family: verdana, geneva, sans-serif; color: #333333;\"> I umierali jako tako<\/span><br \/> <span style=\"font-family: verdana, geneva, sans-serif; color: #333333;\"> Widzia\u0142am ich, s\u0142ysza\u0142am ich<\/span><\/p>\n<p><span style=\"font-family: verdana, geneva, sans-serif; color: #333333;\">Ju\u017c ich nie widz\u0119 i nie s\u0142ysz\u0119<\/span><br \/> <span style=\"font-family: verdana, geneva, sans-serif; color: #333333;\"> Lubi\u0119 trwaj\u0105c\u0105 po nich cisz\u0119<\/span><br \/> <span style=\"font-family: verdana, geneva, sans-serif; color: #333333;\"> Widzia\u0142am j\u0105, s\u0142ysza\u0142am j\u0105<\/span><\/p>\n<p>&nbsp;<\/p>\n<audio class=\"wp-audio-shortcode\" id=\"audio-1597-1\" preload=\"none\" style=\"width: 100%;\" controls=\"controls\"><source type=\"audio\/mpeg\" src=\"http:\/\/magdaumer.pl\/home\/wp-content\/uploads\/2014\/12\/szlitedyludzie.mp3?_=1\" \/><a href=\"http:\/\/magdaumer.pl\/home\/wp-content\/uploads\/2014\/12\/szlitedyludzie.mp3\">http:\/\/magdaumer.pl\/home\/wp-content\/uploads\/2014\/12\/szlitedyludzie.mp3<\/a><\/audio>\n","protected":false},"excerpt":{"rendered":"<p>Szli t\u0119dy ludzie (s\u0142. B. Le\u015bmian, muz. S. Syrewicz) Szli t\u0119dy ludzie biedni, pro\u015bciBez przeznaczenia, bez przysz\u0142o\u015bciWidzia\u0142am ich, s\u0142ysza\u0142am ichSzli niepotrzebni, nieprzytomniKto ich zobaczy &#8211; ten zapomniWidzia\u0142am ich, s\u0142ysza\u0142am ich Szli ubogiego brzegiem cienia I nikt nie stwierdzi\u0142 ich istnienia Widzia\u0142am ich, s\u0142ysza\u0142am ich \u015apiewali skarg\u0119 byle jak\u0105 I umierali jako tako Widzia\u0142am ich, s\u0142ysza\u0142am &hellip; <a href=\"https:\/\/magdaumer.pl\/home\/spiewnik\/szli-tedy-ludzie\/\" class=\"more-link\">Czytaj dalej <span class=\"screen-reader-text\">Szli t\u0119dy ludzie<\/span> <span class=\"meta-nav\">&rarr;<\/span><\/a><\/p>\n","protected":false},"author":1,"featured_media":0,"parent":29,"menu_order":126,"comment_status":"closed","ping_status":"closed","template":"","meta":{"footnotes":""},"class_list":["post-1597","page","type-page","status-publish","hentry"],"_links":{"self":[{"href":"https:\/\/magdaumer.pl\/home\/wp-json\/wp\/v2\/pages\/1597","targetHints":{"allow":["GET"]}}],"collection":[{"href":"https:\/\/magdaumer.pl\/home\/wp-json\/wp\/v2\/pages"}],"about":[{"href":"https:\/\/magdaumer.pl\/home\/wp-json\/wp\/v2\/types\/page"}],"author":[{"embeddable":true,"href":"https:\/\/magdaumer.pl\/home\/wp-json\/wp\/v2\/users\/1"}],"replies":[{"embeddable":true,"href":"https:\/\/magdaumer.pl\/home\/wp-json\/wp\/v2\/comments?post=1597"}],"version-history":[{"count":4,"href":"https:\/\/magdaumer.pl\/home\/wp-json\/wp\/v2\/pages\/1597\/revisions"}],"predecessor-version":[{"id":2196,"href":"https:\/\/magdaumer.pl\/home\/wp-json\/wp\/v2\/pages\/1597\/revisions\/2196"}],"up":[{"embeddable":true,"href":"https:\/\/magdaumer.pl\/home\/wp-json\/wp\/v2\/pages\/29"}],"wp:attachment":[{"href":"https:\/\/magdaumer.pl\/home\/wp-json\/wp\/v2\/media?parent=1597"}],"curies":[{"name":"wp","href":"https:\/\/api.w.org\/{rel}","templated":true}]}}