{"id":1573,"date":"2016-01-17T22:17:07","date_gmt":"2016-01-17T22:17:07","guid":{"rendered":"http:\/\/magdaumer.pl\/home\/?page_id=1573"},"modified":"2016-01-18T00:37:28","modified_gmt":"2016-01-18T00:37:28","slug":"stacyjka-zdroj","status":"publish","type":"page","link":"https:\/\/magdaumer.pl\/home\/spiewnik\/stacyjka-zdroj\/","title":{"rendered":"Stacyjka Zdr\u00f3j"},"content":{"rendered":"<p><span style=\"font-family: verdana, geneva, sans-serif;\"><b><span style=\"color: #000080; font-size: 14pt;\">Stacyjka Zdr\u00f3j<\/span><br \/>\n<span style=\"color: #6699ff; font-size: small;\">(s\u0142. J. Przybora, muz. J. Wasowski)<\/span><span style=\"color: #3399ff; font-size: small;\"><br \/>\n<\/span><br \/>\n<span style=\"color: #666666;\"><br \/>\n<\/span><\/b><span style=\"color: #333333;\">Stacyjka Zdr\u00f3j, miasteczko przy niej<br \/>\na nad miasteczkiem widz\u0119 tym<br \/>\njak niziute\u0144ko niebo p\u0142ynie<br \/>\nna kt\u00f3rym imi\u0119 twe pisze dym<br \/>\nJak niziute\u0144ko niebo p\u0142ynie<br \/>\nna kt\u00f3rym imi\u0119 twe pisze dym<\/span><\/span><\/p>\n<p><span style=\"font-family: verdana, geneva, sans-serif; color: #333333;\">Na rynku zawsze ludniej<\/span><br \/>\n<span style=\"font-family: verdana, geneva, sans-serif; color: #333333;\"> gdy targ przy starej studni<\/span><br \/>\n<span style=\"font-family: verdana, geneva, sans-serif; color: #333333;\"> U wr\u00f3t plebanii drzemie dziad<\/span><br \/>\n<span style=\"font-family: verdana, geneva, sans-serif; color: #333333;\"> i kasztanami sypie wiatr<\/span><\/p>\n<p><span style=\"font-family: verdana, geneva, sans-serif; color: #333333;\">Wci\u0105\u017c wracam na stacyjk\u0119 bia\u0142\u0105<\/span><br \/>\n<span style=\"font-family: verdana, geneva, sans-serif; color: #333333;\"> poci\u0105giem, kt\u00f3ry lato wi\u00f3z\u0142<\/span><br \/>\n<span style=\"font-family: verdana, geneva, sans-serif; color: #333333;\"> Weso\u0142ych brz\u00f3z go sze\u015b\u0107 wita\u0142o<\/span><br \/>\n<span style=\"font-family: verdana, geneva, sans-serif; color: #333333;\"> sze\u015b\u0107 go \u017cegna\u0142o zmartwionych brz\u00f3z<\/span><br \/>\n<span style=\"font-family: verdana, geneva, sans-serif; color: #333333;\"> Weso\u0142ych brz\u00f3z go sze\u015b\u0107 wita\u0142o<\/span><br \/>\n<span style=\"font-family: verdana, geneva, sans-serif; color: #333333;\"> sze\u015b\u0107 go \u017cegna\u0142o zmartwionych brz\u00f3z<\/span><\/p>\n<p><span style=\"font-family: verdana, geneva, sans-serif; color: #333333;\">Ze stacji droga kr\u00f3tka<\/span><br \/>\n<span style=\"font-family: verdana, geneva, sans-serif; color: #333333;\"> zielona stara furtka<\/span><br \/>\n<span style=\"font-family: verdana, geneva, sans-serif; color: #333333;\"> zaskrzypi cicho : \u201eJak si\u0119 masz &#8211;<\/span><br \/>\n<span style=\"font-family: verdana, geneva, sans-serif; color: #333333;\"> podobn\u0105 kiedy\u015b zna\u0142am twarz\u201d<\/span><\/p>\n<p><span style=\"font-family: verdana, geneva, sans-serif; color: #333333;\">A potem sie\u0144 \u2013 kto\u015b drzwi odmyka<\/span><br \/>\n<span style=\"font-family: verdana, geneva, sans-serif; color: #333333;\"> g\u0142osy wzruszone, tw\u00f3j i m\u00f3j<\/span><br \/>\n<span style=\"font-family: verdana, geneva, sans-serif; color: #333333;\"> A potem cie\u0144 i wszystko znika<\/span><br \/>\n<span style=\"font-family: verdana, geneva, sans-serif; color: #333333;\"> i ju\u017c umyka Stacyjka Zdr\u00f3j<\/span><br \/>\n<span style=\"font-family: verdana, geneva, sans-serif; color: #333333;\"> A potem cie\u0144 i wszystko znika<\/span><br \/>\n<span style=\"font-family: verdana, geneva, sans-serif; color: #333333;\"> i ju\u017c umyka Stacyjka Zdr\u00f3j<\/span><\/p>\n<p>&nbsp;<\/p>\n<audio class=\"wp-audio-shortcode\" id=\"audio-1573-1\" preload=\"none\" style=\"width: 100%;\" controls=\"controls\"><source type=\"audio\/mpeg\" src=\"http:\/\/magdaumer.pl\/home\/wp-content\/uploads\/2014\/12\/stacyjkazdroj.mp3?_=1\" \/><a href=\"http:\/\/magdaumer.pl\/home\/wp-content\/uploads\/2014\/12\/stacyjkazdroj.mp3\">http:\/\/magdaumer.pl\/home\/wp-content\/uploads\/2014\/12\/stacyjkazdroj.mp3<\/a><\/audio>\n","protected":false},"excerpt":{"rendered":"<p>Stacyjka Zdr\u00f3j (s\u0142. J. Przybora, muz. J. Wasowski) Stacyjka Zdr\u00f3j, miasteczko przy niej a nad miasteczkiem widz\u0119 tym jak niziute\u0144ko niebo p\u0142ynie na kt\u00f3rym imi\u0119 twe pisze dym Jak niziute\u0144ko niebo p\u0142ynie na kt\u00f3rym imi\u0119 twe pisze dym Na rynku zawsze ludniej gdy targ przy starej studni U wr\u00f3t plebanii drzemie dziad i kasztanami sypie &hellip; <a href=\"https:\/\/magdaumer.pl\/home\/spiewnik\/stacyjka-zdroj\/\" class=\"more-link\">Czytaj dalej <span class=\"screen-reader-text\">Stacyjka Zdr\u00f3j<\/span> <span class=\"meta-nav\">&rarr;<\/span><\/a><\/p>\n","protected":false},"author":1,"featured_media":0,"parent":29,"menu_order":120,"comment_status":"closed","ping_status":"closed","template":"","meta":{"footnotes":""},"class_list":["post-1573","page","type-page","status-publish","hentry"],"_links":{"self":[{"href":"https:\/\/magdaumer.pl\/home\/wp-json\/wp\/v2\/pages\/1573","targetHints":{"allow":["GET"]}}],"collection":[{"href":"https:\/\/magdaumer.pl\/home\/wp-json\/wp\/v2\/pages"}],"about":[{"href":"https:\/\/magdaumer.pl\/home\/wp-json\/wp\/v2\/types\/page"}],"author":[{"embeddable":true,"href":"https:\/\/magdaumer.pl\/home\/wp-json\/wp\/v2\/users\/1"}],"replies":[{"embeddable":true,"href":"https:\/\/magdaumer.pl\/home\/wp-json\/wp\/v2\/comments?post=1573"}],"version-history":[{"count":4,"href":"https:\/\/magdaumer.pl\/home\/wp-json\/wp\/v2\/pages\/1573\/revisions"}],"predecessor-version":[{"id":1575,"href":"https:\/\/magdaumer.pl\/home\/wp-json\/wp\/v2\/pages\/1573\/revisions\/1575"}],"up":[{"embeddable":true,"href":"https:\/\/magdaumer.pl\/home\/wp-json\/wp\/v2\/pages\/29"}],"wp:attachment":[{"href":"https:\/\/magdaumer.pl\/home\/wp-json\/wp\/v2\/media?parent=1573"}],"curies":[{"name":"wp","href":"https:\/\/api.w.org\/{rel}","templated":true}]}}