{"id":1531,"date":"2016-01-17T21:30:11","date_gmt":"2016-01-17T21:30:11","guid":{"rendered":"http:\/\/magdaumer.pl\/home\/?page_id=1531"},"modified":"2016-03-02T20:30:49","modified_gmt":"2016-03-02T20:30:49","slug":"1531-2","status":"publish","type":"page","link":"https:\/\/magdaumer.pl\/home\/spiewnik\/1531-2\/","title":{"rendered":"Ptaki smutku"},"content":{"rendered":"<p><b><span style=\"font-family: Arial;\"><span style=\"font-family: verdana, geneva, sans-serif; font-size: 14pt;\"><span style=\"color: #000080;\">P<\/span><span style=\"color: #000080;\">taki smutku<\/span><\/span><br \/> <span style=\"font-family: verdana, geneva, sans-serif;\"><span style=\"color: #6699ff; font-size: small;\">(s\u0142. M. Czapi\u0144ska, muz. J. Strobel)<\/span><span style=\"color: #3399ff; font-size: small;\"><br \/> <\/span><\/span><\/span><\/b><\/p>\n<p><span style=\"font-family: verdana, geneva, sans-serif;\"><br \/>Ta chmura, co zas\u0142ania s\u0142o\u0144ce<\/span><br \/><span style=\"font-family: verdana, geneva, sans-serif; color: #333333; line-height: 1.5;\">Kt\u00f3rego\u015b dnia odp\u0142ynie<br \/><\/span><span style=\"font-family: verdana, geneva, sans-serif; color: #333333; line-height: 1.5;\">Listopad cho\u0107by trwa\u0142 bez ko\u0144ca<br \/><\/span><span style=\"font-family: verdana, geneva, sans-serif; color: #333333; line-height: 1.5;\">Te\u017c w ko\u0144cu kiedy\u015b minie<br \/><\/span><span style=\"font-family: verdana, geneva, sans-serif; color: #333333; line-height: 1.5;\">Kr\u0119ci si\u0119 wielkie ko\u0142o \u017cycia<br \/><\/span><span style=\"font-family: verdana, geneva, sans-serif; color: #333333; line-height: 1.5;\">Zmieniaj\u0105 pory roku<br \/><\/span><span style=\"font-family: verdana, geneva, sans-serif; color: #333333; line-height: 1.5;\">Po zimie zawsze wraca wiosna<br \/><\/span><span style=\"font-family: verdana, geneva, sans-serif; color: #333333; line-height: 1.5;\">A po rozpaczy &#8211; spok\u00f3j<\/span><\/p>\n<p><span style=\"font-family: verdana, geneva, sans-serif; color: #333333;\">Ptaki Smutku<\/span><br \/><span style=\"font-family: verdana, geneva, sans-serif; color: #333333;\"> Wci\u0105\u017c kr\u0105\u017c\u0105 nad g\u0142ow\u0105<\/span><br \/><span style=\"font-family: verdana, geneva, sans-serif; color: #333333;\"> Ptak\u00f3w Zmartwie\u0144<\/span><br \/><span style=\"font-family: verdana, geneva, sans-serif; color: #333333;\"> Zn\u00f3w pe\u0142ne niebiosa<\/span><br \/><span style=\"font-family: verdana, geneva, sans-serif; color: #333333;\"> Nie odp\u0119dzisz ich<\/span><br \/><span style=\"font-family: verdana, geneva, sans-serif; color: #333333;\"> Ale nie pozw\u00f3l<\/span><br \/><span style=\"font-family: verdana, geneva, sans-serif; color: #333333;\"> \u017beby gniazdo uwi\u0142y<\/span><br \/><span style=\"font-family: verdana, geneva, sans-serif; color: #333333;\"> W twoich w\u0142osach<\/span><br \/><span style=\"font-family: verdana, geneva, sans-serif; color: #333333;\"> Ptaki Smutku<\/span><\/p>\n<p><span style=\"font-family: verdana, geneva, sans-serif; color: #333333;\">Ta otch\u0142a\u0144, kt\u00f3ra si\u0119 zaczyna<\/span><br \/><span style=\"font-family: verdana, geneva, sans-serif; color: #333333;\"> Za progiem twego domu<\/span><br \/><span style=\"font-family: verdana, geneva, sans-serif; color: #333333;\"> Kt\u00f3rego\u015b dnia zakwitnie \u0142\u0105k\u0105<\/span><br \/><span style=\"font-family: verdana, geneva, sans-serif; color: #333333;\"> Co bardziej mo\u017ce pom\u00f3c?<\/span><br \/><span style=\"font-family: verdana, geneva, sans-serif; color: #333333;\"> Kr\u0119ci si\u0119 wielkie ko\u0142o \u017cycia<\/span><br \/><span style=\"font-family: verdana, geneva, sans-serif; color: #333333;\"> Jak Ziemia wok\u00f3\u0142 S\u0142o\u0144ca<\/span><br \/><span style=\"font-family: verdana, geneva, sans-serif; color: #333333;\"> Pami\u0119taj, wszystko w \u017cyciu mija<\/span><br \/><span style=\"font-family: verdana, geneva, sans-serif; color: #333333;\"> I jest&#8230; pocz\u0105tkiem ko\u0144ca<\/span><\/p>\n<p><span style=\"font-family: verdana, geneva, sans-serif; color: #333333;\">Ptaki Smutku<\/span><br \/><span style=\"font-family: verdana, geneva, sans-serif; color: #333333;\"> Wci\u0105\u017c kr\u0105\u017c\u0105 nad g\u0142ow\u0105<\/span><br \/><span style=\"font-family: verdana, geneva, sans-serif; color: #333333;\"> Ptak\u00f3w Zmartwie\u0144<\/span><br \/><span style=\"font-family: verdana, geneva, sans-serif; color: #333333;\"> Zn\u00f3w pe\u0142ne niebiosa<\/span><br \/><span style=\"font-family: verdana, geneva, sans-serif; color: #333333;\"> Nie odp\u0119dzisz ich<\/span><br \/><span style=\"font-family: verdana, geneva, sans-serif; color: #333333;\"> Ale nie pozw\u00f3l<\/span><br \/><span style=\"font-family: verdana, geneva, sans-serif; color: #333333;\"> \u017beby gniazdo uwi\u0142y<\/span><br \/><span style=\"font-family: verdana, geneva, sans-serif; color: #333333;\"> W twoich w\u0142osach<\/span><br \/><span style=\"font-family: verdana, geneva, sans-serif; color: #333333;\"> Ptaki Smutku<\/span><\/p>\n<p><span style=\"font-family: verdana, geneva, sans-serif; color: #333333;\">Ta chmura, co zas\u0142ania s\u0142o\u0144ce<\/span><br \/><span style=\"font-family: verdana, geneva, sans-serif; color: #333333;\"> Kt\u00f3rego\u015b dnia odp\u0142ynie<\/span><br \/><span style=\"font-family: verdana, geneva, sans-serif; color: #333333;\"> Listopad cho\u0107by trwa\u0142 bez ko\u0144ca<\/span><br \/><span style=\"font-family: verdana, geneva, sans-serif; color: #333333;\"> Te\u017c w ko\u0144cu kiedy\u015b minie<\/span><br \/><span style=\"font-family: verdana, geneva, sans-serif; color: #333333;\"> Kr\u0119ci si\u0119 wielkie ko\u0142o \u017cycia<\/span><br \/><span style=\"font-family: verdana, geneva, sans-serif; color: #333333;\"> Jak Ziemia wok\u00f3\u0142 S\u0142o\u0144ca<\/span><br \/><span style=\"font-family: verdana, geneva, sans-serif; color: #333333;\"> Pami\u0119taj, wszystko w \u017cyciu mija<\/span><br \/><span style=\"font-family: verdana, geneva, sans-serif; color: #333333;\"> I jest pocz\u0105tkiem ko\u0144ca<\/span><\/p>\n<p>&nbsp;<\/p>\n<audio class=\"wp-audio-shortcode\" id=\"audio-1531-1\" preload=\"none\" style=\"width: 100%;\" controls=\"controls\"><source type=\"audio\/mpeg\" src=\"http:\/\/magdaumer.pl\/home\/wp-content\/uploads\/2014\/12\/ptakismutku.mp3?_=1\" \/><a href=\"http:\/\/magdaumer.pl\/home\/wp-content\/uploads\/2014\/12\/ptakismutku.mp3\">http:\/\/magdaumer.pl\/home\/wp-content\/uploads\/2014\/12\/ptakismutku.mp3<\/a><\/audio>\n","protected":false},"excerpt":{"rendered":"<p>Ptaki smutku (s\u0142. M. Czapi\u0144ska, muz. J. Strobel) Ta chmura, co zas\u0142ania s\u0142o\u0144ceKt\u00f3rego\u015b dnia odp\u0142ynieListopad cho\u0107by trwa\u0142 bez ko\u0144caTe\u017c w ko\u0144cu kiedy\u015b minieKr\u0119ci si\u0119 wielkie ko\u0142o \u017cyciaZmieniaj\u0105 pory rokuPo zimie zawsze wraca wiosnaA po rozpaczy &#8211; spok\u00f3j Ptaki Smutku Wci\u0105\u017c kr\u0105\u017c\u0105 nad g\u0142ow\u0105 Ptak\u00f3w Zmartwie\u0144 Zn\u00f3w pe\u0142ne niebiosa Nie odp\u0119dzisz ich Ale nie pozw\u00f3l \u017beby &hellip; <a href=\"https:\/\/magdaumer.pl\/home\/spiewnik\/1531-2\/\" class=\"more-link\">Czytaj dalej <span class=\"screen-reader-text\">Ptaki smutku<\/span> <span class=\"meta-nav\">&rarr;<\/span><\/a><\/p>\n","protected":false},"author":1,"featured_media":0,"parent":29,"menu_order":109,"comment_status":"closed","ping_status":"closed","template":"","meta":{"footnotes":""},"class_list":["post-1531","page","type-page","status-publish","hentry"],"_links":{"self":[{"href":"https:\/\/magdaumer.pl\/home\/wp-json\/wp\/v2\/pages\/1531","targetHints":{"allow":["GET"]}}],"collection":[{"href":"https:\/\/magdaumer.pl\/home\/wp-json\/wp\/v2\/pages"}],"about":[{"href":"https:\/\/magdaumer.pl\/home\/wp-json\/wp\/v2\/types\/page"}],"author":[{"embeddable":true,"href":"https:\/\/magdaumer.pl\/home\/wp-json\/wp\/v2\/users\/1"}],"replies":[{"embeddable":true,"href":"https:\/\/magdaumer.pl\/home\/wp-json\/wp\/v2\/comments?post=1531"}],"version-history":[{"count":5,"href":"https:\/\/magdaumer.pl\/home\/wp-json\/wp\/v2\/pages\/1531\/revisions"}],"predecessor-version":[{"id":2366,"href":"https:\/\/magdaumer.pl\/home\/wp-json\/wp\/v2\/pages\/1531\/revisions\/2366"}],"up":[{"embeddable":true,"href":"https:\/\/magdaumer.pl\/home\/wp-json\/wp\/v2\/pages\/29"}],"wp:attachment":[{"href":"https:\/\/magdaumer.pl\/home\/wp-json\/wp\/v2\/media?parent=1531"}],"curies":[{"name":"wp","href":"https:\/\/api.w.org\/{rel}","templated":true}]}}