{"id":2747,"date":"2019-02-10T22:57:12","date_gmt":"2019-02-10T22:57:12","guid":{"rendered":"http:\/\/magdaumer.pl\/home\/?page_id=2747"},"modified":"2019-02-10T22:59:04","modified_gmt":"2019-02-10T22:59:04","slug":"o-snie","status":"publish","type":"page","link":"http:\/\/magdaumer.pl\/home\/spiewnik\/o-snie\/","title":{"rendered":"O, \u015bnie"},"content":{"rendered":"<p style=\"line-height: 150%;\"><b><span style=\"font-size: 14.0pt; line-height: 150%; font-family: 'Verdana','sans-serif'; color: navy;\">O, \u015bnie<\/span><\/b><b><span style=\"font-family: 'Verdana','sans-serif';\"><br \/>\n<span style=\"font-size: 10pt;\"><span style=\"color: #6699ff;\">(s\u0142. J. Przybora, muz. J. Wasowski)<\/span><span style=\"color: #3399ff;\"><br \/>\n<\/span><\/span><br \/>\n<span style=\"color: #666666;\"><br \/>\n<\/span><\/span><\/b><span style=\"font-family: 'Verdana','sans-serif'; color: #333333;\">O, \u015bnie! G\u0142\u0119boki dobry \u015bnie!<br \/>\nB\u0142ogos\u0142awie\u0144stwo ludzi<br \/>\nNagrodo nocy za to, \u017ce<br \/>\nDzie\u0144 nazbyt ich utrudzi\u0142.<\/span><\/p>\n<p style=\"line-height: 150%;\"><span style=\"font-family: 'Verdana','sans-serif'; color: #333333;\">O, \u015bnie, co noc spowijasz w snach,<br \/>\nKt\u00f3re za dnia nie gasn\u0105,<br \/>\nCzy zapomnia\u0142e\u015b, \u015bnie, \u017ce ja\u2026<br \/>\nCzy zapomnia\u0142e\u015b, \u015bnie, \u017ce ja\u2026<br \/>\n\u017be ja nie mog\u0119 zasn\u0105\u0107?<\/span><\/p>\n<p style=\"line-height: 150%;\"><span style=\"font-family: 'Verdana','sans-serif'; color: #333333;\">O, \u015bnie, ty przewo\u017aniku dusz<br \/>\nPrzez zapomnienia rzeki,<br \/>\nNa brzeg, gdzie b\u00f3l wczorajszy ju\u017c<br \/>\nJest lekki i daleki\u2026<br \/>\nO, \u015bnie, o dobry, ciep\u0142y \u015bnie<br \/>\nDziewczynek z zapa\u0142kami!<br \/>\nAch, przyjd\u017a ju\u017c, \u015bnie, i utul mnie,<br \/>\nAch, przyjd\u017a ju\u017c, \u015bnie, i utul mnie<br \/>\nI zapomina\u0107 daj mi!<\/span><\/p>\n<p style=\"line-height: 150%;\"><span style=\"font-family: 'Verdana','sans-serif'; color: #333333;\">O, \u015bnie, wybawicielu z n\u0119dz<br \/>\nBiedak\u00f3w lunatycznych!<br \/>\nCo wiedziesz ich od boku j\u0119dz<br \/>\nKu lunatyczkom \u015blicznym\u2026<br \/>\nO, \u015bnie, co masz w zanadrzu twarz<br \/>\nTwarz \u015bwiata masz wymienn\u0105<br \/>\nAch, przyjd\u017a ju\u017c, \u015bnie, i utul mnie,<br \/>\nO, przyjd\u017a ju\u017c, \u015bnie, i utul mnie<br \/>\nI u\u015bpij mnie bezsenn\u0105!<br \/>\nO, \u015bnie!<\/span><\/p>\n","protected":false},"excerpt":{"rendered":"<p>O, \u015bnie (s\u0142. J. Przybora, muz. J. Wasowski) O, \u015bnie! G\u0142\u0119boki dobry \u015bnie! B\u0142ogos\u0142awie\u0144stwo ludzi Nagrodo nocy za to, \u017ce Dzie\u0144 nazbyt ich utrudzi\u0142. O, \u015bnie, co noc spowijasz w snach, Kt\u00f3re za dnia nie gasn\u0105, Czy zapomnia\u0142e\u015b, \u015bnie, \u017ce ja\u2026 Czy zapomnia\u0142e\u015b, \u015bnie, \u017ce ja\u2026 \u017be ja nie mog\u0119 zasn\u0105\u0107? O, \u015bnie, ty przewo\u017aniku &hellip; <a href=\"http:\/\/magdaumer.pl\/home\/spiewnik\/o-snie\/\" class=\"more-link\">Czytaj dalej <span class=\"screen-reader-text\">O, \u015bnie<\/span> <span class=\"meta-nav\">&rarr;<\/span><\/a><\/p>\n","protected":false},"author":1,"featured_media":0,"parent":29,"menu_order":0,"comment_status":"closed","ping_status":"closed","template":"","meta":{"footnotes":""},"class_list":["post-2747","page","type-page","status-publish","hentry"],"_links":{"self":[{"href":"http:\/\/magdaumer.pl\/home\/wp-json\/wp\/v2\/pages\/2747","targetHints":{"allow":["GET"]}}],"collection":[{"href":"http:\/\/magdaumer.pl\/home\/wp-json\/wp\/v2\/pages"}],"about":[{"href":"http:\/\/magdaumer.pl\/home\/wp-json\/wp\/v2\/types\/page"}],"author":[{"embeddable":true,"href":"http:\/\/magdaumer.pl\/home\/wp-json\/wp\/v2\/users\/1"}],"replies":[{"embeddable":true,"href":"http:\/\/magdaumer.pl\/home\/wp-json\/wp\/v2\/comments?post=2747"}],"version-history":[{"count":1,"href":"http:\/\/magdaumer.pl\/home\/wp-json\/wp\/v2\/pages\/2747\/revisions"}],"predecessor-version":[{"id":2748,"href":"http:\/\/magdaumer.pl\/home\/wp-json\/wp\/v2\/pages\/2747\/revisions\/2748"}],"up":[{"embeddable":true,"href":"http:\/\/magdaumer.pl\/home\/wp-json\/wp\/v2\/pages\/29"}],"wp:attachment":[{"href":"http:\/\/magdaumer.pl\/home\/wp-json\/wp\/v2\/media?parent=2747"}],"curies":[{"name":"wp","href":"https:\/\/api.w.org\/{rel}","templated":true}]}}