{"id":2030,"date":"2016-02-29T00:14:12","date_gmt":"2016-02-29T00:14:12","guid":{"rendered":"http:\/\/magdaumer.pl\/home\/?page_id=2030"},"modified":"2016-02-29T00:14:12","modified_gmt":"2016-02-29T00:14:12","slug":"moje-pieskie-zycie-cz-ii","status":"publish","type":"page","link":"http:\/\/magdaumer.pl\/home\/prasa\/moje-pieskie-zycie-cz-ii\/","title":{"rendered":"Moje pieskie \u017cycie cz. II"},"content":{"rendered":"<p style=\"text-align: center;\"><span style=\"color: #008000;\"><strong>Moje\u00a0pieskie \u017cycie cz.\u00a0II<\/strong><\/span><br \/><i>\u0179r\u00f3d\u0142o: Dog &amp; Sport, 2009<\/i><\/p>\n<p style=\"text-align: justify;\">M\u00f3wi si\u0119 cz\u0119sto, \u017ce\u00a0pies to\u00a0najwierniejszy przyjaciel cz\u0142owieka. I\u00a0chyba tak jest w\u00a0istocie.<\/p>\n<p style=\"text-align: justify;\">A\u00a0jak si\u0119 cz\u0142owiek odwdzi\u0119cza za\u00a0t\u0119 wierno\u015b\u0107?<\/p>\n<p style=\"text-align: justify;\">Kto, je\u015bli nie homo teoretycznie sapiens , wymy\u015bli\u0142 takie niedopuszczalne powiedzenia jak:<\/p>\n<p style=\"text-align: justify;\">1-\u201enie dla psa kie\u0142basa\u201d,<br \/>2-\u201epies z\u00a0kulaw\u0105 nog\u0105\u201d<br \/>3 -\u201epogoda pod\u00a0psem\u201d ?!<\/p>\n<p style=\"text-align: justify;\">A\u00a0co ten sapiens teoretycznie homo, chce mniej wi\u0119cej przez to\u00a0powiedzie\u0107?<\/p>\n<p style=\"text-align: justify;\">Ot\u00f3\u017c niestety mniej wi\u0119cej to:<\/p>\n<p style=\"text-align: justify;\">1a- nie dla kogo\u015b gorszego, co\u015b lepszego.<br \/>1b- nikt wa\u017cny , albo prawie nikt; m\u0142odzie\u017c by\u00a0dzi\u015b powiedzia\u0142a: nobody<br \/>1c-okropna, beznadziejna pogoda.<\/p>\n<p style=\"text-align: justify;\">I, z\u00a0jednej strony, to\u00a0szcz\u0119\u015bcie \u017ce\u00a0psy nie rozumiej\u0105 ludzkiego j\u0119zyka, bo nie jest im przykro i\u00a0wstyd za\u00a0ludzi, a\u00a0z\u00a0drugiej troch\u0119 \u017cal, \u017ce\u00a0nie mog\u0105 sobie poczyta\u0107 \u201eFerdynanda Wspania\u0142ego\u201d, czy wierszy Jana Brzechwy. Chcia\u0142abym zobaczy\u0107 czytaj\u0105c\u0105 \u0141y\u017cw\u0119 po\u00a0poobiedniej drzemce. Albo Markotnego studiuj\u0105cego jak\u0105\u015b psi\u0105 pras\u0119 z\u00a0\u0142adnymi zdj\u0119ciami apetycznych suk\u2026<\/p>\n<p style=\"text-align: justify;\">Ale\u00a0przecie\u017c jeszcze wszystko si\u0119 mo\u017ce zdarzy\u0107. \u015awiat szaleje, nauka przekracza co chwil\u0119 nieprzekraczalne granice i\u00a0mo\u017cemy jeszcze doczeka\u0107 epoki czytaj\u0105cych ps\u00f3w!<\/p>\n<p style=\"text-align: justify;\">P\u00f3ki co umiemy si\u0119 porozumiewa\u0107, bez znajomo\u015bci j\u0119zyka psiego i\u00a0cz\u0142owieczego. Rado\u015b\u0107 , smutek, z\u0142o\u015b\u0107, niecierpliwo\u015b\u0107 , wdzi\u0119czno\u015b\u0107, \u017cal- to\u00a0wszystko potrafimy wyrazi\u0107 oczami, dotykiem, barw\u0105 g\u0142osu. Te najwa\u017cniejsze rzeczy dziej\u0105 si\u0119, tak naprawd\u0119 poza j\u0119zykiem. Wiemy o\u00a0sobie nawzajem bardzo du\u017co, nie zamieniwszy przys\u0142owiowego s\u0142owa. \u0141\u0105czy nas niezwyk\u0142a empatia, czyli zdolno\u015b\u0107 wsp\u00f3\u0142odczuwania.<br \/>Tak sobie dzisiaj pomy\u015bla\u0142am, \u017ce\u00a0to co\u015b najwa\u017cniejszego, co pies powinien dawa\u0107 cz\u0142owiekowi, a\u00a0cz\u0142owiek psu- to\u00a0poczucie bezpiecze\u0144stwa. Kiedy idziemy sobie razem na\u00a0spacer, noga w\u00a0\u0142ap\u0119, mamy uczucie, \u017ce\u00a0\u015bwiat naoko\u0142o jest przyja\u017aniejszy, mniej gro\u017any. \u017be nie jeste\u015bmy samotni. \u017be mamy sk\u0105d wychodzi\u0107 i\u00a0dok\u0105d wraca\u0107. \u017be nale\u017cymy do\u00a0siebie i\u00a0dobrze nam z\u00a0tym nale\u017ceniem!<br \/>Psy, kt\u00f3re do\u00a0nikogo nie nale\u017c\u0105, nie maj\u0105 domu i\u00a0pana, nie maj\u0105 poczucia bezpiecze\u0144stwa. Maj\u0105 w\u00a0oczach l\u0119k nie do\u00a0opisania. Chyba \u017ce\u00a0s\u0105 to\u00a0psy, kt\u00f3re \u017cyj\u0105 w\u00a0po\u0142udniowych Indiach -na przyk\u0142ad w\u00a0stanie Tamil Nadu.<br \/>Tam one nale\u017c\u0105 do\u00a0ca\u0142ego \u015bwiata i\u00a0ca\u0142y \u015bwiat nale\u017cy do\u00a0nich. Domem mo\u017ce by\u0107 ka\u017cdy k\u0105t; wsz\u0119dzie jest ciep\u0142o. Ludzie daj\u0105 im do\u00a0jedzenia byle co i\u00a0to im musi wystarczy\u0107 .<\/p>\n<p style=\"text-align: justify;\">Tam ludzie tak\u017ce jedz\u0105 byle co\u2026 Dziel\u0105 si\u0119 tym byle czym, wsp\u00f3ln\u0105 bied\u0105.<br \/>I\u00a0one, nie znaj\u0105ce agresji, ufne psy z\u00a0Tamil Nadu, nie pogniewa\u0142yby si\u0119 o\u00a0wymienione przeze mnie na\u00a0pocz\u0105tku trzy niedopuszczalne powiedzenia:<\/p>\n<p style=\"text-align: justify;\">1.\u201dNie dla psa kie\u0142basa\u201d- bo tam nikt nie je mi\u0119sa. Ani psy, ani ludzie.<br \/>2..\u201dPies z\u00a0kulaw\u0105 nog\u0105\u201d- bo tam jest bardzo du\u017co kulawych. I\u00a0ludzi i\u00a0ps\u00f3w. I\u00a0nikomu nie przysz\u0142oby do\u00a0g\u0142owy, \u017ce\u00a0to prawie nikt.<br \/>3.\u201dPogoda pod\u00a0psem\u201d- bo tam jest prawie zawsze pi\u0119kna pogoda! Kt\u00f3rej\u00a0i\u00a0Pa\u0144stwu, i\u00a0naszym psom \u017cycz\u0119. A\u00a0tak\u017ce nie naszym.<\/p>\n<p style=\"text-align: justify;\">Mo\u017ce zw\u0142aszcza nie naszym. Tym, kt\u00f3rym\u00a0nikt pogody zast\u0105pi\u0107 nie mo\u017ce.<\/p>\n<p style=\"text-align: right;\" align=\"right\">Magda Umer<br \/>P\u0119cice Ma\u0142e, 12 marca 2009<\/p>\n<p align=\"right\"><b><a href=\"http:\/\/magdaumer.pl\/home\/prasa\/#top\">Do\u00a0spisu artyku\u0142\u00f3w<\/a><\/b><\/p>\n","protected":false},"excerpt":{"rendered":"<p>Moje\u00a0pieskie \u017cycie cz.\u00a0II\u0179r\u00f3d\u0142o: Dog &amp; Sport, 2009 M\u00f3wi si\u0119 cz\u0119sto, \u017ce\u00a0pies to\u00a0najwierniejszy przyjaciel cz\u0142owieka. I\u00a0chyba tak jest w\u00a0istocie. A\u00a0jak si\u0119 cz\u0142owiek odwdzi\u0119cza za\u00a0t\u0119 wierno\u015b\u0107? Kto, je\u015bli nie homo teoretycznie sapiens , wymy\u015bli\u0142 takie niedopuszczalne powiedzenia jak: 1-\u201enie dla psa kie\u0142basa\u201d,2-\u201epies z\u00a0kulaw\u0105 nog\u0105\u201d3 -\u201epogoda pod\u00a0psem\u201d ?! A\u00a0co ten sapiens teoretycznie homo, chce mniej wi\u0119cej przez to\u00a0powiedzie\u0107? &hellip; <a href=\"http:\/\/magdaumer.pl\/home\/prasa\/moje-pieskie-zycie-cz-ii\/\" class=\"more-link\">Czytaj dalej <span class=\"screen-reader-text\">Moje pieskie \u017cycie cz. II<\/span> <span class=\"meta-nav\">&rarr;<\/span><\/a><\/p>\n","protected":false},"author":1,"featured_media":0,"parent":27,"menu_order":0,"comment_status":"closed","ping_status":"closed","template":"","meta":{"footnotes":""},"class_list":["post-2030","page","type-page","status-publish","hentry"],"_links":{"self":[{"href":"http:\/\/magdaumer.pl\/home\/wp-json\/wp\/v2\/pages\/2030","targetHints":{"allow":["GET"]}}],"collection":[{"href":"http:\/\/magdaumer.pl\/home\/wp-json\/wp\/v2\/pages"}],"about":[{"href":"http:\/\/magdaumer.pl\/home\/wp-json\/wp\/v2\/types\/page"}],"author":[{"embeddable":true,"href":"http:\/\/magdaumer.pl\/home\/wp-json\/wp\/v2\/users\/1"}],"replies":[{"embeddable":true,"href":"http:\/\/magdaumer.pl\/home\/wp-json\/wp\/v2\/comments?post=2030"}],"version-history":[{"count":1,"href":"http:\/\/magdaumer.pl\/home\/wp-json\/wp\/v2\/pages\/2030\/revisions"}],"predecessor-version":[{"id":2031,"href":"http:\/\/magdaumer.pl\/home\/wp-json\/wp\/v2\/pages\/2030\/revisions\/2031"}],"up":[{"embeddable":true,"href":"http:\/\/magdaumer.pl\/home\/wp-json\/wp\/v2\/pages\/27"}],"wp:attachment":[{"href":"http:\/\/magdaumer.pl\/home\/wp-json\/wp\/v2\/media?parent=2030"}],"curies":[{"name":"wp","href":"https:\/\/api.w.org\/{rel}","templated":true}]}}