{"id":1771,"date":"2016-02-25T21:46:23","date_gmt":"2016-02-25T21:46:23","guid":{"rendered":"http:\/\/magdaumer.pl\/home\/?page_id=1771"},"modified":"2016-03-01T22:56:55","modified_gmt":"2016-03-01T22:56:55","slug":"zimy-zal","status":"publish","type":"page","link":"http:\/\/magdaumer.pl\/home\/spiewnik\/zimy-zal\/","title":{"rendered":"Zimy \u017cal"},"content":{"rendered":"<p><span style=\"font-family: verdana, geneva, sans-serif;\"><b><span style=\"color: #000080; font-size: 14pt;\">Zimy \u017cal<\/span><br \/><span style=\"color: #6699ff; font-size: small;\">(s\u0142. J. Przybora, muz. J. Wasowski)<\/span><span style=\"color: #3399ff; font-size: small;\"><br \/><\/span><br \/><span style=\"color: #333333;\"><br \/><\/span><\/b><span style=\"color: #333333;\">Wiosna, wiosna ju\u017c w powietrzu<br \/>Cz\u0142owiek ptak i kwiat j\u0105 przeczu\u0142 <br \/>Ile do niej jeszcze d\u00f3b<br \/>Licz\u0105 usta, p\u0105k i dzi\u00f3b<br \/>A ja wcale nie w zapale <br \/>I z zachwytem si\u0119 nie pal\u0119<br \/>Bo im starsza jestem czym<br \/>Tym bardziej szkoda zim<\/span><\/span><\/p>\n<p><span style=\"font-family: verdana, geneva, sans-serif; color: #333333;\">Zima trudna, zima brudna, zima nudna, \u017caden bal <\/span><br \/><span style=\"font-family: verdana, geneva, sans-serif; color: #333333;\">Zima zi\u0119bi, zima gn\u0119bi, ale zimy, zimy \u017cal <\/span><br \/><span style=\"font-family: verdana, geneva, sans-serif; color: #333333;\">Zima mrozi, zima grozi, nie dowozi, w zaspach tkwi <\/span><br \/><span style=\"font-family: verdana, geneva, sans-serif; color: #333333;\">Ale mimo zmartwie\u0144 z zim\u0105, \u017cal tej zimy, zimy mi<\/span><\/p>\n<p><span style=\"font-family: verdana, geneva, sans-serif; color: #333333;\">Ma\u0142o co mnie bawi w zimie<\/span><br \/><span style=\"font-family: verdana, geneva, sans-serif; color: #333333;\">Ani zamie\u0107, ani wymie\u0107 <\/span><br \/><span style=\"font-family: verdana, geneva, sans-serif; color: #333333;\">A w zakresie \u0142y\u017cew, nart<\/span><br \/><span style=\"font-family: verdana, geneva, sans-serif; color: #333333;\">Mi nie dopisuje hart <\/span><br \/><span style=\"font-family: verdana, geneva, sans-serif; color: #333333;\">Kiedy mr\u00f3z na rt\u0119\u0107 napiera<\/span><br \/><span style=\"font-family: verdana, geneva, sans-serif; color: #333333;\">I wypiera ni\u017cej zera <\/span><br \/><span style=\"font-family: verdana, geneva, sans-serif; color: #333333;\">Ju\u017c cholera trz\u0119sie mnie<\/span><br \/><span style=\"font-family: verdana, geneva, sans-serif; color: #333333;\">A przecie\u017c my\u015bl\u0119 \u017ce:<\/span><\/p>\n<p><span style=\"font-family: verdana, geneva, sans-serif; color: #333333;\">Zima trudna, zima brudna, zima nudna, \u017caden bal <\/span><br \/><span style=\"font-family: verdana, geneva, sans-serif; color: #333333;\">Zima zi\u0119bi, zima gn\u0119bi, ale zimy, zimy \u017cal<\/span><\/p>\n<p><span style=\"font-family: verdana, geneva, sans-serif; color: #333333;\">Sk\u0105d po zimie moje \u017cale, <\/span><br \/><span style=\"font-family: verdana, geneva, sans-serif; color: #333333;\">Nie szalej\u0119 w karnawale <\/span><br \/><span style=\"font-family: verdana, geneva, sans-serif; color: #333333;\">Czemu \u017cegnam w moll nie w dur <\/span><br \/><span style=\"font-family: verdana, geneva, sans-serif; color: #333333;\">Nienajlepsz\u0105 z roku p\u00f3r <\/span><br \/><span style=\"font-family: verdana, geneva, sans-serif; color: #333333;\">Mo\u017ce to mnie w\u0142a\u015bnie smuci <\/span><br \/><span style=\"font-family: verdana, geneva, sans-serif; color: #333333;\">\u017be ta sama ju\u017c nie wr\u00f3ci <\/span><br \/><span style=\"font-family: verdana, geneva, sans-serif; color: #333333;\">\u017be z szelestem zdartych dat <\/span><br \/><span style=\"font-family: verdana, geneva, sans-serif; color: #333333;\">odp\u0142yn\u0105\u0142 \u017cycia szmat<\/span><\/p>\n<p><span style=\"font-family: verdana, geneva, sans-serif; color: #333333;\">\u017bycie trudne, \u017cycie \u017cmudne, \u017cycie nudne, \u017caden bal <\/span><br \/><span style=\"font-family: verdana, geneva, sans-serif; color: #333333;\">\u017bycie zi\u0119bi, \u017cycie gn\u0119bi, ale \u017cycia, \u017cycia \u017cal<\/span><br \/><span style=\"font-family: verdana, geneva, sans-serif; color: #333333;\">\u017bycie mrozi, \u017cycie grozi, nie dowozi, w zaspach tkwi <\/span><br \/><span style=\"font-family: verdana, geneva, sans-serif; color: #333333;\">Lecz cho\u0107 tycia rado\u015b\u0107 z \u017cycia, \u017cal jest \u017cycia, \u017cycia mi <\/span><br \/><span style=\"font-family: verdana, geneva, sans-serif; color: #333333;\">\u017bal jest \u017cycia, \u017cycia mi\u2026<\/span><\/p>\n<p>&nbsp;<\/p>\n<audio class=\"wp-audio-shortcode\" id=\"audio-1771-1\" preload=\"none\" style=\"width: 100%;\" controls=\"controls\"><source type=\"audio\/mpeg\" src=\"http:\/\/magdaumer.pl\/home\/wp-content\/uploads\/2014\/12\/zimyzal.mp3?_=1\" \/><a href=\"http:\/\/magdaumer.pl\/home\/wp-content\/uploads\/2014\/12\/zimyzal.mp3\">http:\/\/magdaumer.pl\/home\/wp-content\/uploads\/2014\/12\/zimyzal.mp3<\/a><\/audio>\n","protected":false},"excerpt":{"rendered":"<p>Zimy \u017cal(s\u0142. J. Przybora, muz. J. Wasowski)Wiosna, wiosna ju\u017c w powietrzuCz\u0142owiek ptak i kwiat j\u0105 przeczu\u0142 Ile do niej jeszcze d\u00f3bLicz\u0105 usta, p\u0105k i dzi\u00f3bA ja wcale nie w zapale I z zachwytem si\u0119 nie pal\u0119Bo im starsza jestem czymTym bardziej szkoda zim Zima trudna, zima brudna, zima nudna, \u017caden bal Zima zi\u0119bi, zima gn\u0119bi, &hellip; <a href=\"http:\/\/magdaumer.pl\/home\/spiewnik\/zimy-zal\/\" class=\"more-link\">Czytaj dalej <span class=\"screen-reader-text\">Zimy \u017cal<\/span> <span class=\"meta-nav\">&rarr;<\/span><\/a><\/p>\n","protected":false},"author":1,"featured_media":0,"parent":29,"menu_order":156,"comment_status":"closed","ping_status":"closed","template":"","meta":{"footnotes":""},"class_list":["post-1771","page","type-page","status-publish","hentry"],"_links":{"self":[{"href":"http:\/\/magdaumer.pl\/home\/wp-json\/wp\/v2\/pages\/1771","targetHints":{"allow":["GET"]}}],"collection":[{"href":"http:\/\/magdaumer.pl\/home\/wp-json\/wp\/v2\/pages"}],"about":[{"href":"http:\/\/magdaumer.pl\/home\/wp-json\/wp\/v2\/types\/page"}],"author":[{"embeddable":true,"href":"http:\/\/magdaumer.pl\/home\/wp-json\/wp\/v2\/users\/1"}],"replies":[{"embeddable":true,"href":"http:\/\/magdaumer.pl\/home\/wp-json\/wp\/v2\/comments?post=1771"}],"version-history":[{"count":3,"href":"http:\/\/magdaumer.pl\/home\/wp-json\/wp\/v2\/pages\/1771\/revisions"}],"predecessor-version":[{"id":2661,"href":"http:\/\/magdaumer.pl\/home\/wp-json\/wp\/v2\/pages\/1771\/revisions\/2661"}],"up":[{"embeddable":true,"href":"http:\/\/magdaumer.pl\/home\/wp-json\/wp\/v2\/pages\/29"}],"wp:attachment":[{"href":"http:\/\/magdaumer.pl\/home\/wp-json\/wp\/v2\/media?parent=1771"}],"curies":[{"name":"wp","href":"https:\/\/api.w.org\/{rel}","templated":true}]}}

Zimy żal

<p><span style="font-family: verdana, geneva, sans-serif;"><b><span style="color: #000080; font-size: 14pt;">Zimy żal</span><br /><span style="color: #6699ff; font-size: small;">(sł. J. Przybora, muz. J. Wasowski)</span><span style="color: #3399ff; font-size: small;"><br /></span><br /><span style="color: #333333;"><br /></span></b><span style="color: #333333;">Wiosna, wiosna już w powietrzu<br />Człowiek ptak i kwiat ją przeczuł <br />Ile do niej jeszcze dób<br />Liczą usta, pąk i dziób<br />A ja wcale nie w zapale <br />I z zachwytem się nie palę<br />Bo im starsza jestem czym<br />Tym bardziej szkoda zim</span></span></p>
<p><span style="font-family: verdana, geneva, sans-serif; color: #333333;">Zima trudna, zima brudna, zima nudna, żaden bal </span><br /><span style="font-family: verdana, geneva, sans-serif; color: #333333;">Zima ziębi, zima gnębi, ale zimy, zimy żal </span><br /><span style="font-family: verdana, geneva, sans-serif; color: #333333;">Zima mrozi, zima grozi, nie dowozi, w zaspach tkwi </span><br /><span style="font-family: verdana, geneva, sans-serif; color: #333333;">Ale mimo zmartwień z zimą, żal tej zimy, zimy mi</span></p>
<p><span style="font-family: verdana, geneva, sans-serif; color: #333333;">Mało co mnie bawi w zimie</span><br /><span style="font-family: verdana, geneva, sans-serif; color: #333333;">Ani zamieć, ani wymieć </span><br /><span style="font-family: verdana, geneva, sans-serif; color: #333333;">A w zakresie łyżew, nart</span><br /><span style="font-family: verdana, geneva, sans-serif; color: #333333;">Mi nie dopisuje hart </span><br /><span style="font-family: verdana, geneva, sans-serif; color: #333333;">Kiedy mróz na rtęć napiera</span><br /><span style="font-family: verdana, geneva, sans-serif; color: #333333;">I wypiera niżej zera </span><br /><span style="font-family: verdana, geneva, sans-serif; color: #333333;">Już cholera trzęsie mnie</span><br /><span style="font-family: verdana, geneva, sans-serif; color: #333333;">A przecież myślę że:</span></p>
<p><span style="font-family: verdana, geneva, sans-serif; color: #333333;">Zima trudna, zima brudna, zima nudna, żaden bal </span><br /><span style="font-family: verdana, geneva, sans-serif; color: #333333;">Zima ziębi, zima gnębi, ale zimy, zimy żal</span></p>
<p><span style="font-family: verdana, geneva, sans-serif; color: #333333;">Skąd po zimie moje żale, </span><br /><span style="font-family: verdana, geneva, sans-serif; color: #333333;">Nie szaleję w karnawale </span><br /><span style="font-family: verdana, geneva, sans-serif; color: #333333;">Czemu żegnam w moll nie w dur </span><br /><span style="font-family: verdana, geneva, sans-serif; color: #333333;">Nienajlepszą z roku pór </span><br /><span style="font-family: verdana, geneva, sans-serif; color: #333333;">Może to mnie właśnie smuci </span><br /><span style="font-family: verdana, geneva, sans-serif; color: #333333;">Że ta sama już nie wróci </span><br /><span style="font-family: verdana, geneva, sans-serif; color: #333333;">Że z szelestem zdartych dat </span><br /><span style="font-family: verdana, geneva, sans-serif; color: #333333;">odpłynął życia szmat</span></p>
<p><span style="font-family: verdana, geneva, sans-serif; color: #333333;">Życie trudne, życie żmudne, życie nudne, żaden bal </span><br /><span style="font-family: verdana, geneva, sans-serif; color: #333333;">Życie ziębi, życie gnębi, ale życia, życia żal</span><br /><span style="font-family: verdana, geneva, sans-serif; color: #333333;">Życie mrozi, życie grozi, nie dowozi, w zaspach tkwi </span><br /><span style="font-family: verdana, geneva, sans-serif; color: #333333;">Lecz choć tycia radość z życia, żal jest życia, życia mi </span><br /><span style="font-family: verdana, geneva, sans-serif; color: #333333;">Żal jest życia, życia mi…</span></p>
<p>&nbsp;</p>
<audio class="wp-audio-shortcode" id="audio-1771-1" preload="none" style="width: 100%;" controls="controls"><source type="audio/mpeg" src="http://magdaumer.pl/home/wp-content/uploads/2014/12/zimyzal.mp3?_=1" /><a href="http://magdaumer.pl/home/wp-content/uploads/2014/12/zimyzal.mp3">http://magdaumer.pl/home/wp-content/uploads/2014/12/zimyzal.mp3</a></audio>

<p>Zimy żal(sł. J. Przybora, muz. J. Wasowski)Wiosna, wiosna już w powietrzuCzłowiek ptak i kwiat ją przeczuł Ile do niej jeszcze dóbLiczą usta, pąk i dzióbA ja wcale nie w zapale I z zachwytem się nie palęBo im starsza jestem czymTym bardziej szkoda zim Zima trudna, zima brudna, zima nudna, żaden bal Zima ziębi, zima gnębi, &hellip; <a href="http://magdaumer.pl/home/spiewnik/zimy-zal/" class="more-link">Czytaj dalej <span class="screen-reader-text">Zimy żal</span> <span class="meta-nav">&rarr;</span></a></p>
