{"id":1552,"date":"2016-01-17T21:55:44","date_gmt":"2016-01-17T21:55:44","guid":{"rendered":"http:\/\/magdaumer.pl\/home\/?page_id=1552"},"modified":"2016-01-17T21:57:28","modified_gmt":"2016-01-17T21:57:28","slug":"senne-ziola","status":"publish","type":"page","link":"http:\/\/magdaumer.pl\/home\/spiewnik\/senne-ziola\/","title":{"rendered":"Senne zio\u0142a"},"content":{"rendered":"<p><span style=\"font-family: verdana, geneva, sans-serif;\"><b><span style=\"color: #000080; font-size: 14pt;\">Senne zio\u0142a<\/span><br \/>\n<span style=\"color: #6699ff; font-size: small;\">(s\u0142. M. Czapi\u0144ska, muz. R. Sygitowicz)<\/span><span style=\"color: #3399ff; font-size: small;\"><br \/>\n<\/span><br \/>\n<\/b><\/span><\/p>\n<p><span style=\"font-family: verdana, geneva, sans-serif; color: #333333;\">A jak mnie \u017cycie znudzi, utrudzi zbyt<\/span><br \/>\n<span style=\"font-family: verdana, geneva, sans-serif; color: #333333;\"> To uciekam jak najdalej od my\u015bli z\u0142ych<\/span><br \/>\n<span style=\"font-family: verdana, geneva, sans-serif; color: #333333;\"> Bo przecie\u017c najlepiej jest, gdy senne zio\u0142a<\/span><br \/>\n<span style=\"font-family: verdana, geneva, sans-serif; color: #333333;\"> Pomog\u0105 znie\u015b\u0107 wszystko doko\u0142a<\/span><br \/>\n<span style=\"font-family: verdana, geneva, sans-serif; color: #333333;\"> Sen z jaw\u0105 si\u0119 przemiesza jawa ze snem<\/span><br \/>\n<span style=\"font-family: verdana, geneva, sans-serif; color: #333333;\"> I zapomn\u0119 po kolei wszystko, co wiem<\/span><br \/>\n<span style=\"font-family: verdana, geneva, sans-serif; color: #333333;\"> A potem \u015bwiatu na z\u0142o\u015b\u0107 i troch\u0119 Tobie<\/span><br \/>\n<span style=\"font-family: verdana, geneva, sans-serif; color: #333333;\"> Wymykam si\u0119, odp\u0142ywam sobie<\/span><\/p>\n<p><span style=\"font-family: verdana, geneva, sans-serif; color: #333333;\">Puchowe anio\u0142y w dal unosz\u0105 mnie<\/span><br \/>\n<span style=\"font-family: verdana, geneva, sans-serif; color: #333333;\"> Do g\u00f3ry zza chmury Pan B\u00f3g idzie<\/span><br \/>\n<span style=\"font-family: verdana, geneva, sans-serif; color: #333333;\"> A kiedy jestem ju\u017c tam u sedna bram<\/span><br \/>\n<span style=\"font-family: verdana, geneva, sans-serif; color: #333333;\"> Ostro\u017cnie otwieram je i w zdumieniu trwam<\/span><\/p>\n<p><span style=\"font-family: verdana, geneva, sans-serif; color: #333333;\">Irysy i cyprysy, oliwny gaj<\/span><br \/>\n<span style=\"font-family: verdana, geneva, sans-serif; color: #333333;\"> Ach, muzyka sfer dooko\u0142a, prawdziwy raj<\/span><br \/>\n<span style=\"font-family: verdana, geneva, sans-serif; color: #333333;\"> Nareszcie b\u0142\u0105dz\u0119 w\u015br\u00f3d gwiazd, brodz\u0119 w\u015br\u00f3d traw<\/span><br \/>\n<span style=\"font-family: verdana, geneva, sans-serif; color: #333333;\"> Bez \u017cadnych trosk, bez wa\u017cnych spraw<\/span><br \/>\n<span style=\"font-family: verdana, geneva, sans-serif; color: #333333;\"> A kiedy ju\u017c mnie zm\u0119czy ten rajski piknik<\/span><br \/>\n<span style=\"font-family: verdana, geneva, sans-serif; color: #333333;\"> Bo cho\u0107 tu sami \u015bwi\u0119ci, nie kocha nikt tak jak Ty<\/span><br \/>\n<span style=\"font-family: verdana, geneva, sans-serif; color: #333333;\"> Przytulam si\u0119 do zimnych chmur<\/span><br \/>\n<span style=\"font-family: verdana, geneva, sans-serif; color: #333333;\"> I t\u0119skni\u0119 tak, opadam w d\u00f3\u0142<\/span><\/p>\n<p><span style=\"font-family: verdana, geneva, sans-serif; color: #333333;\">A kiedy ko\u0144czy si\u0119 noc, zio\u0142a trac\u0105 moc<\/span><br \/>\n<span style=\"font-family: verdana, geneva, sans-serif; color: #333333;\"> Wtulonej w puchow\u0105 mg\u0142\u0119 nie bud\u017a, b\u0142agam mnie<\/span><br \/>\n<span style=\"font-family: verdana, geneva, sans-serif; color: #333333;\"> Jeszcze nie tu, ci\u0105gle nie, a ju\u017c nie tam<\/span><br \/>\n<span style=\"font-family: verdana, geneva, sans-serif; color: #333333;\"> Jaki cudowny jest ten zawieszenia stan<\/span><br \/>\n<span style=\"font-family: verdana, geneva, sans-serif; color: #333333;\"> Jaki cudowny jest ten zawieszenia stan<\/span><br \/>\n<span style=\"font-family: verdana, geneva, sans-serif; color: #333333;\"> Jaki cudowny jest ten zawieszenia stan<\/span><br \/>\n<span style=\"font-family: verdana, geneva, sans-serif; color: #333333;\"> Jaki cudowny jest ten zawieszenia stan<\/span><\/p>\n<p>&nbsp;<\/p>\n<audio class=\"wp-audio-shortcode\" id=\"audio-1552-1\" preload=\"none\" style=\"width: 100%;\" controls=\"controls\"><source type=\"audio\/mpeg\" src=\"http:\/\/magdaumer.pl\/home\/wp-content\/uploads\/2014\/12\/senneziola.mp3?_=1\" \/><a href=\"http:\/\/magdaumer.pl\/home\/wp-content\/uploads\/2014\/12\/senneziola.mp3\">http:\/\/magdaumer.pl\/home\/wp-content\/uploads\/2014\/12\/senneziola.mp3<\/a><\/audio>\n","protected":false},"excerpt":{"rendered":"<p>Senne zio\u0142a (s\u0142. M. Czapi\u0144ska, muz. R. Sygitowicz) A jak mnie \u017cycie znudzi, utrudzi zbyt To uciekam jak najdalej od my\u015bli z\u0142ych Bo przecie\u017c najlepiej jest, gdy senne zio\u0142a Pomog\u0105 znie\u015b\u0107 wszystko doko\u0142a Sen z jaw\u0105 si\u0119 przemiesza jawa ze snem I zapomn\u0119 po kolei wszystko, co wiem A potem \u015bwiatu na z\u0142o\u015b\u0107 i troch\u0119 &hellip; <a href=\"http:\/\/magdaumer.pl\/home\/spiewnik\/senne-ziola\/\" class=\"more-link\">Czytaj dalej <span class=\"screen-reader-text\">Senne zio\u0142a<\/span> <span class=\"meta-nav\">&rarr;<\/span><\/a><\/p>\n","protected":false},"author":1,"featured_media":0,"parent":29,"menu_order":115,"comment_status":"closed","ping_status":"closed","template":"","meta":{"footnotes":""},"class_list":["post-1552","page","type-page","status-publish","hentry"],"_links":{"self":[{"href":"http:\/\/magdaumer.pl\/home\/wp-json\/wp\/v2\/pages\/1552","targetHints":{"allow":["GET"]}}],"collection":[{"href":"http:\/\/magdaumer.pl\/home\/wp-json\/wp\/v2\/pages"}],"about":[{"href":"http:\/\/magdaumer.pl\/home\/wp-json\/wp\/v2\/types\/page"}],"author":[{"embeddable":true,"href":"http:\/\/magdaumer.pl\/home\/wp-json\/wp\/v2\/users\/1"}],"replies":[{"embeddable":true,"href":"http:\/\/magdaumer.pl\/home\/wp-json\/wp\/v2\/comments?post=1552"}],"version-history":[{"count":4,"href":"http:\/\/magdaumer.pl\/home\/wp-json\/wp\/v2\/pages\/1552\/revisions"}],"predecessor-version":[{"id":1556,"href":"http:\/\/magdaumer.pl\/home\/wp-json\/wp\/v2\/pages\/1552\/revisions\/1556"}],"up":[{"embeddable":true,"href":"http:\/\/magdaumer.pl\/home\/wp-json\/wp\/v2\/pages\/29"}],"wp:attachment":[{"href":"http:\/\/magdaumer.pl\/home\/wp-json\/wp\/v2\/media?parent=1552"}],"curies":[{"name":"wp","href":"https:\/\/api.w.org\/{rel}","templated":true}]}}