{"id":1519,"date":"2016-01-10T23:47:29","date_gmt":"2016-01-10T23:47:29","guid":{"rendered":"http:\/\/magdaumer.pl\/home\/?page_id=1519"},"modified":"2016-03-02T20:28:17","modified_gmt":"2016-03-02T20:28:17","slug":"przyjedz-mamo-na-przysiege","status":"publish","type":"page","link":"http:\/\/magdaumer.pl\/home\/spiewnik\/przyjedz-mamo-na-przysiege\/","title":{"rendered":"Przyjed\u017a mamo na przysi\u0119g\u0119"},"content":{"rendered":"<p><span style=\"font-family: verdana, geneva, sans-serif;\"><b><span style=\"color: #000080; font-size: 14pt;\">Przyjed\u017a mamo na przysi\u0119g\u0119<\/span><br \/> <span style=\"color: #6699ff; font-size: small;\">(s\u0142. E. Fiszer, muz. H. Klejne)<\/span><span style=\"color: #3399ff; font-size: small;\"><br \/> <\/span><br \/> <span style=\"color: #666666;\"><br \/><\/span><\/b><\/span><span style=\"color: #333333; font-family: verdana, geneva, sans-serif;\">Przyjed\u017a, mamo, na przysi\u0119g\u0119, zaproszenie wys\u0142a\u0142 szef<br \/> Syn ci wyr\u00f3s\u0142 na pot\u0119g\u0119, przyjed\u017a &#8211; zobacz, twoja krew<br \/> Syn mi wyr\u00f3s\u0142 na pot\u0119g\u0119, ja to widz\u0119 &#8211; moja krew<\/span><\/p>\n<p><span style=\"font-family: verdana, geneva, sans-serif;\">Mundur na mnie, jak ulany, t\u0119skni\u0105 do mnie \u0142adne panny<\/span><br \/> <span style=\"font-family: verdana, geneva, sans-serif;\"> i czekaj\u0105, i wzdychaj\u0105 &#8211; och! i ach!<\/span><br \/> <span style=\"font-family: verdana, geneva, sans-serif;\"> A ja mamie, prosz\u0119 mamy, bij\u0119 w dach<\/span><\/p>\n<p><span style=\"font-family: verdana, geneva, sans-serif;\">Mo\u017ce b\u0119d\u0119 na peronie i przywitam mam\u0119 sam<\/span><br \/> <span style=\"font-family: verdana, geneva, sans-serif;\"> albo spotkasz mnie w rejonie, pewnie warta b\u0119dzie tam<\/span><br \/> <span style=\"font-family: verdana, geneva, sans-serif;\"> Albo spotkam ci\u0119 w rejonie, pewnie warta b\u0119dzie tam<\/span><\/p>\n<p><span style=\"font-family: verdana, geneva, sans-serif;\">Bo u bramy, prosz\u0119 mamy, stoi ch\u0142opak malowany<\/span><br \/> <span style=\"font-family: verdana, geneva, sans-serif;\"> jego spytaj &#8211; bro\u0144 nabita, pyta\u0107 strach&#8230;<\/span><br \/> <span style=\"font-family: verdana, geneva, sans-serif;\"> Lecz on mamie, prosz\u0119 mamy, bije w dach<\/span><\/p>\n<p><span style=\"font-family: verdana, geneva, sans-serif;\">S\u0142u\u017cba ci\u0119 na obiad prosi, kucharz dobrze o tym wie<\/span><br \/> <span style=\"font-family: verdana, geneva, sans-serif;\"> jakich mi\u0142ych przyjmie go\u015bci. Co nam poda &#8211; to si\u0119 zje<\/span><br \/> <span style=\"font-family: verdana, geneva, sans-serif;\"> Jakich mi\u0142ych przyjmie go\u015bci. Co nam poda &#8211; to si\u0119 zje<\/span><\/p>\n<p><span style=\"font-family: verdana, geneva, sans-serif;\">Kucharz daje wci\u0105\u017c to samo, ale trem\u0119 ma przed mam\u0105<\/span><br \/> <span style=\"font-family: verdana, geneva, sans-serif;\"> wi\u0119c po zupie chcia\u0142by upiec nawet schab<\/span><br \/> <span style=\"font-family: verdana, geneva, sans-serif;\"> Kucharz mamie, prosz\u0119 mamy, bije w dach<\/span><\/p>\n<p><span style=\"font-family: verdana, geneva, sans-serif;\">Na przysi\u0119dze &#8211; trudna rada &#8211; b\u0119dzie sztandar, nie ro\u0144 \u0142ez<\/span><br \/> <span style=\"font-family: verdana, geneva, sans-serif;\"> niech ci serce podpowiada, jaki \u017co\u0142nierz syn tw\u00f3j jest<\/span><br \/> <span style=\"font-family: verdana, geneva, sans-serif;\"> Niech mi serce podpowiada, jaki \u017co\u0142nierz syn m\u00f3j jest<\/span><\/p>\n<p><span style=\"font-family: verdana, geneva, sans-serif;\">Potem wezm\u0119 ci\u0119 pod r\u0119k\u0119, poprowadz\u0119, jak panienk\u0119<\/span><br \/> <span style=\"font-family: verdana, geneva, sans-serif;\"> czy wierzy\u0142a\u015b, czy marzy\u0142a\u015b o tym w snach<\/span><br \/> <span style=\"font-family: verdana, geneva, sans-serif;\"> Wojsko mamie, prosz\u0119 mamy, bije w dach<\/span><\/p>\n<p>&nbsp;<\/p>\n<audio class=\"wp-audio-shortcode\" id=\"audio-1519-1\" preload=\"none\" style=\"width: 100%;\" controls=\"controls\"><source type=\"audio\/mpeg\" src=\"http:\/\/magdaumer.pl\/home\/wp-content\/uploads\/2014\/12\/przyjedzmamonaprzysiege.mp3?_=1\" \/><a href=\"http:\/\/magdaumer.pl\/home\/wp-content\/uploads\/2014\/12\/przyjedzmamonaprzysiege.mp3\">http:\/\/magdaumer.pl\/home\/wp-content\/uploads\/2014\/12\/przyjedzmamonaprzysiege.mp3<\/a><\/audio>\n","protected":false},"excerpt":{"rendered":"<p>Przyjed\u017a mamo na przysi\u0119g\u0119 (s\u0142. E. Fiszer, muz. H. Klejne) Przyjed\u017a, mamo, na przysi\u0119g\u0119, zaproszenie wys\u0142a\u0142 szef Syn ci wyr\u00f3s\u0142 na pot\u0119g\u0119, przyjed\u017a &#8211; zobacz, twoja krew Syn mi wyr\u00f3s\u0142 na pot\u0119g\u0119, ja to widz\u0119 &#8211; moja krew Mundur na mnie, jak ulany, t\u0119skni\u0105 do mnie \u0142adne panny i czekaj\u0105, i wzdychaj\u0105 &#8211; och! i &hellip; <a href=\"http:\/\/magdaumer.pl\/home\/spiewnik\/przyjedz-mamo-na-przysiege\/\" class=\"more-link\">Czytaj dalej <span class=\"screen-reader-text\">Przyjed\u017a mamo na przysi\u0119g\u0119<\/span> <span class=\"meta-nav\">&rarr;<\/span><\/a><\/p>\n","protected":false},"author":1,"featured_media":0,"parent":29,"menu_order":105,"comment_status":"closed","ping_status":"closed","template":"","meta":{"footnotes":""},"class_list":["post-1519","page","type-page","status-publish","hentry"],"_links":{"self":[{"href":"http:\/\/magdaumer.pl\/home\/wp-json\/wp\/v2\/pages\/1519","targetHints":{"allow":["GET"]}}],"collection":[{"href":"http:\/\/magdaumer.pl\/home\/wp-json\/wp\/v2\/pages"}],"about":[{"href":"http:\/\/magdaumer.pl\/home\/wp-json\/wp\/v2\/types\/page"}],"author":[{"embeddable":true,"href":"http:\/\/magdaumer.pl\/home\/wp-json\/wp\/v2\/users\/1"}],"replies":[{"embeddable":true,"href":"http:\/\/magdaumer.pl\/home\/wp-json\/wp\/v2\/comments?post=1519"}],"version-history":[{"count":4,"href":"http:\/\/magdaumer.pl\/home\/wp-json\/wp\/v2\/pages\/1519\/revisions"}],"predecessor-version":[{"id":2365,"href":"http:\/\/magdaumer.pl\/home\/wp-json\/wp\/v2\/pages\/1519\/revisions\/2365"}],"up":[{"embeddable":true,"href":"http:\/\/magdaumer.pl\/home\/wp-json\/wp\/v2\/pages\/29"}],"wp:attachment":[{"href":"http:\/\/magdaumer.pl\/home\/wp-json\/wp\/v2\/media?parent=1519"}],"curies":[{"name":"wp","href":"https:\/\/api.w.org\/{rel}","templated":true}]}}