{"id":1431,"date":"2016-01-02T13:55:58","date_gmt":"2016-01-02T13:55:58","guid":{"rendered":"http:\/\/magdaumer.pl\/home\/?page_id=1431"},"modified":"2016-02-29T22:34:51","modified_gmt":"2016-02-29T22:34:51","slug":"o-niebieskim-pachnacym-groszku-2","status":"publish","type":"page","link":"http:\/\/magdaumer.pl\/home\/spiewnik\/o-niebieskim-pachnacym-groszku-2\/","title":{"rendered":"O niebieskim pachn\u0105cym groszku"},"content":{"rendered":"<p><b><span style=\"font-family: Arial;\"><span style=\"color: #000080; font-family: verdana, geneva, sans-serif; font-size: 14pt;\">O niebieskim pachn\u0105cym groszku<\/span><br \/><span style=\"font-family: verdana, geneva, sans-serif;\"><span style=\"color: #6699ff; font-size: small;\">(s\u0142. A. Trzebi\u0144ski, muz. W. Trzci\u0144ski)<\/span><span style=\"color: #3399ff; font-size: small;\"><br \/><\/span><\/span><br \/><span style=\"color: #666666;\"><br \/><\/span><\/span><\/b><span style=\"color: #333333;\"><span style=\"font-family: Arial;\"><span style=\"font-family: verdana, geneva, sans-serif;\">Groszku pachn\u0105cego przynios\u0142e\u015b mi w d\u0142oni<\/span><\/span><span style=\"font-family: Arial;\"><br \/><span style=\"font-family: verdana, geneva, sans-serif;\">Da\u0142e\u015b groszek, d\u0142oni nie chcia\u0142e\u015b ju\u017c da\u0107<\/span><br \/><span style=\"font-family: verdana, geneva, sans-serif;\">Stoi tu na biurku i milczy jak p\u0142omie\u0144<\/span><br \/><span style=\"font-family: verdana, geneva, sans-serif;\">Zmusza do milczenia tak jak ty, tw\u00f3j kwiat<\/span><br \/><span style=\"font-family: verdana, geneva, sans-serif;\">Niebieskie p\u0142omienie o zimnym kolorze<\/span><br \/><span style=\"font-family: verdana, geneva, sans-serif;\">Spalaj\u0105 najpr\u0119dzej, niech spal\u0105 na proch<\/span><br \/><span style=\"font-family: verdana, geneva, sans-serif;\">A ze mn\u0105 my\u015bl gorzk\u0105, \u017cem d\u0142u\u017cna ci mo\u017ce<\/span><br \/><span style=\"font-family: verdana, geneva, sans-serif;\">Cho\u0107 da\u0142e\u015b kwiat groszku a ja ci \u0142ez groch<\/span><\/p>\n<p><span style=\"font-family: verdana, geneva, sans-serif;\">Taka ma\u0142a, a \u0142zy takie ogromne<\/span><br \/><span style=\"font-family: verdana, geneva, sans-serif;\">Takie ci\u0119\u017ckie, \u017ce a\u017c g\u0142owa si\u0119 chyli<\/span><br \/><span style=\"font-family: verdana, geneva, sans-serif;\">Opadaj\u0105 te \u0142zy moje w d\u00f3\u0142 pionem<\/span><br \/><span style=\"font-family: verdana, geneva, sans-serif;\">Tak najpro\u015bciej ku g\u0142\u0119bokim dnom chwili<\/span><br \/><span style=\"font-family: verdana, geneva, sans-serif;\">Taka ma\u0142a a \u0142zy takie ogromne<\/span><br \/><span style=\"font-family: verdana, geneva, sans-serif;\">Taka ma\u0142a a \u0142zy takie ogromne<\/span><br \/><span style=\"font-family: verdana, geneva, sans-serif;\">Taka ma\u0142a a \u0142zy takie ogromne<\/span><br \/><span style=\"font-family: verdana, geneva, sans-serif;\">Taka ma\u0142a a \u0142zy takie ogromne<\/span><br \/><span style=\"font-family: verdana, geneva, sans-serif;\">Stoisz mi w oczach jak \u0142zy<\/span><\/p>\n<p><span style=\"font-family: verdana, geneva, sans-serif;\">Niebieskie p\u0142omienie o zimnym kolorze<\/span><br \/><span style=\"font-family: verdana, geneva, sans-serif;\">Spalaj\u0105 najpr\u0119dzej niech spal\u0105 na proch<\/span><br \/><span style=\"font-family: verdana, geneva, sans-serif;\">A ze mn\u0105 my\u015bl gorzk\u0105, \u017cem d\u0142u\u017cna ci mo\u017ce<\/span><br \/><span style=\"font-family: verdana, geneva, sans-serif;\">Cho\u0107 da\u0142e\u015b kwiat groszku a ja ci \u0142ez groch<\/span><\/span> <b><span style=\"font-family: Arial;\"><br \/><\/span><\/b><\/span><\/p>\n<p>&nbsp;<\/p>\n<audio class=\"wp-audio-shortcode\" id=\"audio-1431-1\" preload=\"none\" style=\"width: 100%;\" controls=\"controls\"><source type=\"audio\/mpeg\" src=\"http:\/\/magdaumer.pl\/home\/wp-content\/uploads\/2014\/12\/oniebieskimpachnacymgroszku.mp3?_=1\" \/><a href=\"http:\/\/magdaumer.pl\/home\/wp-content\/uploads\/2014\/12\/oniebieskimpachnacymgroszku.mp3\">http:\/\/magdaumer.pl\/home\/wp-content\/uploads\/2014\/12\/oniebieskimpachnacymgroszku.mp3<\/a><\/audio>\n","protected":false},"excerpt":{"rendered":"<p>O niebieskim pachn\u0105cym groszku(s\u0142. A. Trzebi\u0144ski, muz. W. Trzci\u0144ski)Groszku pachn\u0105cego przynios\u0142e\u015b mi w d\u0142oniDa\u0142e\u015b groszek, d\u0142oni nie chcia\u0142e\u015b ju\u017c da\u0107Stoi tu na biurku i milczy jak p\u0142omie\u0144Zmusza do milczenia tak jak ty, tw\u00f3j kwiatNiebieskie p\u0142omienie o zimnym kolorzeSpalaj\u0105 najpr\u0119dzej, niech spal\u0105 na prochA ze mn\u0105 my\u015bl gorzk\u0105, \u017cem d\u0142u\u017cna ci mo\u017ceCho\u0107 da\u0142e\u015b kwiat groszku a &hellip; <a href=\"http:\/\/magdaumer.pl\/home\/spiewnik\/o-niebieskim-pachnacym-groszku-2\/\" class=\"more-link\">Czytaj dalej <span class=\"screen-reader-text\">O niebieskim pachn\u0105cym groszku<\/span> <span class=\"meta-nav\">&rarr;<\/span><\/a><\/p>\n","protected":false},"author":1,"featured_media":0,"parent":29,"menu_order":79,"comment_status":"closed","ping_status":"closed","template":"","meta":{"footnotes":""},"class_list":["post-1431","page","type-page","status-publish","hentry"],"_links":{"self":[{"href":"http:\/\/magdaumer.pl\/home\/wp-json\/wp\/v2\/pages\/1431","targetHints":{"allow":["GET"]}}],"collection":[{"href":"http:\/\/magdaumer.pl\/home\/wp-json\/wp\/v2\/pages"}],"about":[{"href":"http:\/\/magdaumer.pl\/home\/wp-json\/wp\/v2\/types\/page"}],"author":[{"embeddable":true,"href":"http:\/\/magdaumer.pl\/home\/wp-json\/wp\/v2\/users\/1"}],"replies":[{"embeddable":true,"href":"http:\/\/magdaumer.pl\/home\/wp-json\/wp\/v2\/comments?post=1431"}],"version-history":[{"count":3,"href":"http:\/\/magdaumer.pl\/home\/wp-json\/wp\/v2\/pages\/1431\/revisions"}],"predecessor-version":[{"id":2091,"href":"http:\/\/magdaumer.pl\/home\/wp-json\/wp\/v2\/pages\/1431\/revisions\/2091"}],"up":[{"embeddable":true,"href":"http:\/\/magdaumer.pl\/home\/wp-json\/wp\/v2\/pages\/29"}],"wp:attachment":[{"href":"http:\/\/magdaumer.pl\/home\/wp-json\/wp\/v2\/media?parent=1431"}],"curies":[{"name":"wp","href":"https:\/\/api.w.org\/{rel}","templated":true}]}}